{"id":1544,"date":"2018-12-21T17:44:47","date_gmt":"2018-12-21T17:44:47","guid":{"rendered":"https:\/\/catolicadeanapolis.edu.br\/biblioteca\/?page_id=1544"},"modified":"2019-11-07T13:08:45","modified_gmt":"2019-11-07T13:08:45","slug":"teologia-2018","status":"publish","type":"page","link":"https:\/\/catolicadeanapolis.edu.br\/biblioteca\/?page_id=1544","title":{"rendered":"Teologia 2018"},"content":{"rendered":"<p><span class=\"fontstyle0\">1-\u00a0<a href=\"https:\/\/catolicadeanapolis.edu.br\/biblioteca\/wp-content\/uploads\/2018\/12\/TCC-Professor-Fl\u00e1vio.pdf\">TR\u00caS MOMENTOS DE MARIA NA HIST\u00d3RIA DA SALVA\u00c7\u00c3O:<br \/>\nANUNCIADA, REVELADA E VENERADA<\/a><\/span>\u00a0 &#8211;\u00a0\u00a0<span class=\"fontstyle0\">LIANE BORGES BONFIM, LYGIA PORTENHA BORGES FERREIRA, MIRIAN JORGE SQUEFF DE SOUZA<\/span>\u00a0 &#8211; ORIENTA\u00c7\u00c3O:\u00a0 <span class=\"fontstyle0\">Prof\u00ba. Fl\u00e1vio Pereira Noleto.<\/span><\/p>\n<p><span class=\"fontstyle0\">2-\u00a0<a href=\"https:\/\/catolicadeanapolis.edu.br\/biblioteca\/wp-content\/uploads\/2018\/12\/TCC-Airton-e-Celi.pdf\">SEREIS COMO DEUSES: UMA AN\u00c1LISE DO ANTROPOCENTRISMO NOS TEMPOS FINAIS BASEADA NA OBRA EL FIN DE LOS TIEMPOS Y SIETEAUTORES MODERNOS, DE ALFREDO S\u00c1ENZ<\/a><\/span>\u00a0 &#8211;\u00a0\u00a0<span class=\"fontstyle0\">AIRTON VIEIRA DE SOUZA, CELI OLIVEIRA MAGALH\u00c3ES FREIRE<\/span>\u00a0&#8211; ORIENTA\u00c7\u00c3O:\u00a0 <span class=\"fontstyle0\">Prof. Dr. Fr. Fl\u00e1vio Nol\u00eato, O.F.M.<\/span><\/p>\n<p><a href=\"https:\/\/catolicadeanapolis.edu.br\/biblioteca\/wp-content\/uploads\/2018\/12\/TCC-CD.pdf\">3- O V\u00cdCIO DA GULA E A VIRTUDE DO BOM COMBATE, A TEMPERAN\u00c7A<\/a> &#8211;\u00a0GABRIELLA GOMES SILVA &#8211; ORIENTA\u00c7\u00c3O:\u00a0<span class=\"fontstyle0\">Prof. Dr. Fr. Fl\u00e1vio Nol\u00eato, O.F.M<\/span><\/p>\n<p><a href=\"https:\/\/catolicadeanapolis.edu.br\/biblioteca\/wp-content\/uploads\/2019\/11\/CELISMAR-AUR\u00c9LIO-DE-OLIVEIRA.pdf\">5- A OBRA DA REDEN\u00c7\u00c3O<\/a>&#8211;\u00a0CELISMAR AUR\u00c9LIO DE OLIVEIRA<\/p>\n<p><a href=\"https:\/\/catolicadeanapolis.edu.br\/biblioteca\/wp-content\/uploads\/2019\/11\/HERTON-ALC\u00c2NTARA-DOS-SANTOS.pdf\">6- A RELA\u00c7\u00c3O ENTRE O JESUS HIST\u00d3RICO E O CRISTO DA F\u00c9 NA CONCEP\u00c7\u00c3O<\/a><br \/>\nDE JOSEPH RATZINGER-\u00a0HERTON ALC\u00c2NTARA DOS SANTOS<\/p>\n","protected":false},"excerpt":{"rendered":"<p>1-\u00a0TR\u00caS MOMENTOS DE MARIA NA HIST\u00d3RIA DA SALVA\u00c7\u00c3O: ANUNCIADA, REVELADA E VENERADA\u00a0 &#8211;\u00a0\u00a0LIANE BORGES BONFIM, LYGIA PORTENHA BORGES FERREIRA, MIRIAN JORGE SQUEFF DE SOUZA\u00a0 &#8211; ORIENTA\u00c7\u00c3O:\u00a0 Prof\u00ba. Fl\u00e1vio Pereira Noleto. 2-\u00a0SEREIS COMO DEUSES: UMA AN\u00c1LISE DO ANTROPOCENTRISMO NOS TEMPOS FINAIS BASEADA NA OBRA EL FIN DE LOS TIEMPOS Y SIETEAUTORES MODERNOS, DE ALFREDO S\u00c1ENZ\u00a0 &#8211;\u00a0\u00a0AIRTON [&hellip;]<\/p>\n","protected":false},"author":4,"featured_media":0,"parent":54,"menu_order":5,"comment_status":"closed","ping_status":"closed","template":"","meta":[],"_links":{"self":[{"href":"https:\/\/catolicadeanapolis.edu.br\/biblioteca\/index.php?rest_route=\/wp\/v2\/pages\/1544"}],"collection":[{"href":"https:\/\/catolicadeanapolis.edu.br\/biblioteca\/index.php?rest_route=\/wp\/v2\/pages"}],"about":[{"href":"https:\/\/catolicadeanapolis.edu.br\/biblioteca\/index.php?rest_route=\/wp\/v2\/types\/page"}],"author":[{"embeddable":true,"href":"https:\/\/catolicadeanapolis.edu.br\/biblioteca\/index.php?rest_route=\/wp\/v2\/users\/4"}],"replies":[{"embeddable":true,"href":"https:\/\/catolicadeanapolis.edu.br\/biblioteca\/index.php?rest_route=%2Fwp%2Fv2%2Fcomments&post=1544"}],"version-history":[{"count":7,"href":"https:\/\/catolicadeanapolis.edu.br\/biblioteca\/index.php?rest_route=\/wp\/v2\/pages\/1544\/revisions"}],"predecessor-version":[{"id":1983,"href":"https:\/\/catolicadeanapolis.edu.br\/biblioteca\/index.php?rest_route=\/wp\/v2\/pages\/1544\/revisions\/1983"}],"up":[{"embeddable":true,"href":"https:\/\/catolicadeanapolis.edu.br\/biblioteca\/index.php?rest_route=\/wp\/v2\/pages\/54"}],"wp:attachment":[{"href":"https:\/\/catolicadeanapolis.edu.br\/biblioteca\/index.php?rest_route=%2Fwp%2Fv2%2Fmedia&parent=1544"}],"curies":[{"name":"wp","href":"https:\/\/api.w.org\/{rel}","templated":true}]}}