{"id":179,"date":"2014-04-28T21:05:52","date_gmt":"2014-04-28T21:05:52","guid":{"rendered":"https:\/\/catolicadeanapolis.edu.br\/biblioteca\/?page_id=179"},"modified":"2019-05-09T12:48:48","modified_gmt":"2019-05-09T12:48:48","slug":"filosofia-2014","status":"publish","type":"page","link":"https:\/\/catolicadeanapolis.edu.br\/biblioteca\/?page_id=179","title":{"rendered":"Filosofia 2014"},"content":{"rendered":"<p>1-\u00a0<a href=\"https:\/\/catolicadeanapolis.edu.br\/biblioteca\/wp-content\/uploads\/2018\/04\/ELIANA-LOUR\u00caDO-DOS-PRAZERES-PIMENTA.pdf\">AN\u00c1LISE FILOS\u00d3FICA DO PROJETO POL\u00cdTICO PEDAG\u00d3GICO DA ESCOLA\u00a0ZECA BATISTA \u00c0 LUZ DA FILOSOFIA PERENE<\/a> &#8211; Eliana Lour\u00eado dos Prazeres Pimenta &#8211; Orientador: Prof. Pe. Jo\u00e3o Batista de\u00a0A. Prado Ferraz Costa.<\/p>\n<p>2-\u00a0<a href=\"https:\/\/catolicadeanapolis.edu.br\/biblioteca\/wp-content\/uploads\/2018\/04\/TATIANA-SOUZA-SANTOS-2014.pdf\">O PROBLEMA DO MAL ONTOL\u00d3GICO-COSMOL\u00d3GICO \u00c0 LUZ DA\u00a0FILOSOFIA DE AGOSTINHO<\/a> &#8211; Tatiana Souza Santos &#8211; Orientador:\u00a0Prof. Pe. Jo\u00e3o Batista de A. Prado Ferraz\u00a0Costa.<\/p>\n<p>3-\u00a0 <a href=\"https:\/\/catolicadeanapolis.edu.br\/biblioteca\/wp-content\/uploads\/2018\/10\/Elias-Aparecidoda-Silva.pdf\"><span class=\"fontstyle0\">ALGUNS ELEMENTOS DA \u00c9TICA KANTIANA E SEUS RASTROS NA EDUCA\u00c7\u00c3O CONTEMPOR\u00c2NEA<\/span><\/a>\u00a0&#8211; Elias Aparecido Da Silva &#8211; Orientador:\u00a0 <span class=\"fontstyle0\">Prof Pe. Jo\u00e3o<br \/>\nBatista de Almeida Prado Ferraz Costa.<\/span><\/p>\n<p>4-\u00a0 <a href=\"https:\/\/catolicadeanapolis.edu.br\/biblioteca\/wp-content\/uploads\/2018\/10\/Mateus-Versiani-Queiroz.pdf\">A MORAL EM FRIEDRICH NIETZSCHE NA SUA OBRA GENEALOGIA DA MORAL<\/a>\u00a0&#8211;\u00a0 <span class=\"fontstyle0\">Mateus Versiani Queiroz<\/span>\u00a0&#8211; Orientador:\u00a0Prof. Pe. Jo\u00e3o Batista de A. Prado Ferraz\u00a0Costa.<\/p>\n<p>5.\u00a0 <a href=\"https:\/\/catolicadeanapolis.edu.br\/biblioteca\/wp-content\/uploads\/2019\/05\/VAGNER-NETO-RIBEIRO.pdf\">EDUCA\u00c7\u00c3O PERENE SOB A LUZ DO TOMISMO: ESCLARECENDO CONCEITOS, DESFAZENDO EQU\u00cdVOCOS<\/a> &#8211; Vagner Neto Ribeiro &#8211; Orientador\/a:\u00a0 Pe. Ms. Jo\u00e3o Batista de Almeida Prado Costa.<\/p>\n<p>&nbsp;<\/p>\n<p>&nbsp;<\/p>\n<p>&nbsp;<\/p>\n","protected":false},"excerpt":{"rendered":"<p>1-\u00a0AN\u00c1LISE FILOS\u00d3FICA DO PROJETO POL\u00cdTICO PEDAG\u00d3GICO DA ESCOLA\u00a0ZECA BATISTA \u00c0 LUZ DA FILOSOFIA PERENE &#8211; Eliana Lour\u00eado dos Prazeres Pimenta &#8211; Orientador: Prof. Pe. Jo\u00e3o Batista de\u00a0A. Prado Ferraz Costa. 2-\u00a0O PROBLEMA DO MAL ONTOL\u00d3GICO-COSMOL\u00d3GICO \u00c0 LUZ DA\u00a0FILOSOFIA DE AGOSTINHO &#8211; Tatiana Souza Santos &#8211; Orientador:\u00a0Prof. Pe. Jo\u00e3o Batista de A. Prado Ferraz\u00a0Costa. 3-\u00a0 ALGUNS [&hellip;]<\/p>\n","protected":false},"author":1,"featured_media":0,"parent":56,"menu_order":1,"comment_status":"open","ping_status":"open","template":"","meta":[],"_links":{"self":[{"href":"https:\/\/catolicadeanapolis.edu.br\/biblioteca\/index.php?rest_route=\/wp\/v2\/pages\/179"}],"collection":[{"href":"https:\/\/catolicadeanapolis.edu.br\/biblioteca\/index.php?rest_route=\/wp\/v2\/pages"}],"about":[{"href":"https:\/\/catolicadeanapolis.edu.br\/biblioteca\/index.php?rest_route=\/wp\/v2\/types\/page"}],"author":[{"embeddable":true,"href":"https:\/\/catolicadeanapolis.edu.br\/biblioteca\/index.php?rest_route=\/wp\/v2\/users\/1"}],"replies":[{"embeddable":true,"href":"https:\/\/catolicadeanapolis.edu.br\/biblioteca\/index.php?rest_route=%2Fwp%2Fv2%2Fcomments&post=179"}],"version-history":[{"count":9,"href":"https:\/\/catolicadeanapolis.edu.br\/biblioteca\/index.php?rest_route=\/wp\/v2\/pages\/179\/revisions"}],"predecessor-version":[{"id":1869,"href":"https:\/\/catolicadeanapolis.edu.br\/biblioteca\/index.php?rest_route=\/wp\/v2\/pages\/179\/revisions\/1869"}],"up":[{"embeddable":true,"href":"https:\/\/catolicadeanapolis.edu.br\/biblioteca\/index.php?rest_route=\/wp\/v2\/pages\/56"}],"wp:attachment":[{"href":"https:\/\/catolicadeanapolis.edu.br\/biblioteca\/index.php?rest_route=%2Fwp%2Fv2%2Fmedia&parent=179"}],"curies":[{"name":"wp","href":"https:\/\/api.w.org\/{rel}","templated":true}]}}