{"id":287,"date":"2018-03-08T23:25:49","date_gmt":"2018-03-08T23:25:49","guid":{"rendered":"https:\/\/catolicadeanapolis.edu.br\/biblioteca\/?page_id=287"},"modified":"2022-06-09T11:27:01","modified_gmt":"2022-06-09T11:27:01","slug":"docencia-universitaria-2016","status":"publish","type":"page","link":"https:\/\/catolicadeanapolis.edu.br\/biblioteca\/?page_id=287","title":{"rendered":"DOC\u00caNCIA UNIVERSIT\u00c1RIA  2016"},"content":{"rendered":"<p><a href=\"https:\/\/catolicadeanapolis.edu.br\/biblioteca\/wp-content\/uploads\/2018\/03\/A-COMUNICA\u00c7\u00c3O-NA-TRANSMISS\u00c3O-DO-CONHECIMENTO-INTERA\u00c7\u00c3O-PROFESSOR-E-ALUNO-NO-PROCESSO-DE-APRENDIZAGEM-NO-ENSINO-SUPERIOR.pdf\">1- A COMUNICA\u00c7\u00c3O NA TRANSMISS\u00c3O DO CONHECIMENTO &#8211; INTERA\u00c7\u00c3O PROFESSOR E ALUNO NO PROCESSO DE APRENDIZAGEM NO ENSINO SUPERIOR<\/a>\u00a0\u00a0&#8211; Ina\u00ea Lara Robeiro de Paula; On\u00easimo Francisco de Paula Neto &#8211; Orientador:\u00a0Prof\u00ba. Me. Wilian C\u00e2ndido.<\/p>\n<p><a href=\"https:\/\/catolicadeanapolis.edu.br\/biblioteca\/wp-content\/uploads\/2018\/03\/A-EXTENS\u00c3O-UNIVERSIT\u00c1RIA-COMO-FERRAMENTA-DE-ESTUDO-DO-BORDADO-RECHILIEU-Gabriela-Ferraz.pdf\">2- A EXTENS\u00c3O UNIVERSIT\u00c1RIA COMO FERRAMENTA DE ESTUDO DO BORDADO RECHILIEU\u00a0<\/a>\u00a0&#8211; Gabriela Beatriz Ferraz de Moura &#8211; Orientador (a):\u00a0\u00a0Prof. (a). Ms. Allyne Chaveiro Farinha.<\/p>\n<p><a href=\"https:\/\/catolicadeanapolis.edu.br\/biblioteca\/wp-content\/uploads\/2018\/03\/A-IDEOLOGIA-MARXISTA-E-A-EDUCA\u00c7\u00c3O-SUPERIOR-INFLU\u00caNCIA-DE-GRAMSCI-E-PAULO-FREIRE-NA-EDUCA\u00c7\u00c3O-BRASILEIRA.pdf\">3- A IDEOLOGIA MARXISTA E A EDUCA\u00c7\u00c3O SUPERIOR &#8211; INFLU\u00caNCIA DE GRAMSCI E PAULO FREIRE NA EDUCA\u00c7\u00c3O BRASILEIRA<\/a>\u00a0&#8211; Lindsay Patricia Maia Freire; Marcelo Reis Freire; Silvia Rodrigues da Costa &#8211; Orientador (a): Me. Allyne Chaveiro Farinha.<\/p>\n<p><a href=\"https:\/\/catolicadeanapolis.edu.br\/biblioteca\/wp-content\/uploads\/2018\/03\/A-IMPORTANCIA-DA-DID\u00c1TICA-NA-FORMA\u00c7\u00c3O-DO-DOCENTE-UNIVERSIT\u00c1RIO.pdf\">4- A IMPORTANCIA DA DID\u00c1TICA NA FORMA\u00c7\u00c3O DO DOCENTE UNIVERSIT\u00c1RIO<\/a>\u00a0&#8211; Sara\u00a0 Izabel do Amparo &#8211; Orientador (a):\u00a0Profa. Esp. Aracelly Rodrigues Loures Rangel.<\/p>\n<p><a href=\"https:\/\/catolicadeanapolis.edu.br\/biblioteca\/wp-content\/uploads\/2018\/03\/A-METODOLOGIA-NO-ENSINO-SUPERIOR-\u2013-A-CRUCIALIDADE-DA-APLICA\u00c7\u00c3O-DE-M\u00c9TODOS-NA-PR\u00c1TICA-DOCENTE-PARA-UM-ENSINO-MAIS-ADEQUADO.pdf\">5- A METODOLOGIA NO ENSINO SUPERIOR \u2013 A CRUCIALIDADE DA APLICA\u00c7\u00c3O DE M\u00c9TODOS NA PR\u00c1TICA DOCENTE PARA UM ENSINO MAIS ADEQUADO<\/a>\u00a0&#8211; Liliane K\u00e1tia Rom\u00e3o &#8211; Orientador (a):\u00a0Profa. Esp. Aracelly Loures Rangel.<\/p>\n<p><a href=\"https:\/\/catolicadeanapolis.edu.br\/biblioteca\/wp-content\/uploads\/2018\/03\/ADVERSIDADES-ENFRENTADAS-PELA-DOC\u00caNCIA-NO-ENSINO-SUPERIOR.pdf\">6- ADVERSIDADES ENFRENTADAS PELA DOC\u00caNCIA NO ENSINO SUPERIOR<\/a>\u00a0&#8211; Carla Alves de Andrade; Mir\u00e3 Cardoso Teles Orientador: Prof. Dr. Jos\u00e9 Jivaldo Lima<\/p>\n<p><a href=\"https:\/\/catolicadeanapolis.edu.br\/biblioteca\/wp-content\/uploads\/2018\/03\/APRENDIZAGEM-SIGNIFICATIVA-NO-ENSINO-SUPERIOR.pdf\">7-APRENDIZAGEM SIGNIFICATIVA NO ENSINO SUPERIOR<\/a>\u00a0&#8211; Cl\u00e9lia dos Reis Sobrinho; T\u00e2nia Aparecida da Silva; Wanessa Cristina Alves &#8211; Orientador (a):\u00a0Ma. Allyne Chaveiro Farinha.<\/p>\n<p><a href=\"https:\/\/catolicadeanapolis.edu.br\/biblioteca\/wp-content\/uploads\/2018\/03\/AS-POLITICAS-EDUCACIONAIS-NO-BRASIL-MOTIVO-DE-EXPAN\u00c7\u00c3O-EDUCACIONAL.pdf\">8-AS POLITICAS EDUCACIONAIS NO BRASIL &#8211; MOTIVO DE EXPAN\u00c7\u00c3O EDUCACIONAL<\/a>\u00a0&#8211; Ang\u00e9lica Alves Gomes Malta; N\u00e1dia Roberta de Souza Martins &#8211; Orientador (a):\u00a0Profa. Esp. Aracelly Loures Rangel.<\/p>\n<p><a href=\"https:\/\/catolicadeanapolis.edu.br\/biblioteca\/wp-content\/uploads\/2018\/03\/COTAS-RACIAIS-PARA-NEGROS-NO-ENSINO-SUPERIOR-NO-BRASIL.pdf\">9- COTAS RACIAIS PARA NEGROS NO ENSINO SUPERIOR NO BRASIL<\/a>\u00a0&#8211; Hildo Aniceto Pereira; Marcelo Rodrigues Vaz &#8211; Orientador: Prof. Me.\u00a0Emerson Adriano Sill.<\/p>\n<p><a href=\"https:\/\/catolicadeanapolis.edu.br\/biblioteca\/wp-content\/uploads\/2018\/03\/DID\u00c1TICA-PERSONALIZADA-POR-SISTEMA-TUTOR-INTELIGENTE-CONEXIONISTA-ESTUDO-DE-ESTRAT\u00c9GIA-DOCENTE-PARA-AMBIENTES-VIRTUAIS-DE-APRENDIZAGEM.pdf\">10- DID\u00c1TICA PERSONALIZADA POR SISTEMA TUTOR INTELIGENTE CONEXIONISTA &#8211; ESTUDO DE ESTRAT\u00c9GIA DOCENTE PARA AMBIENTES VIRTUAIS DE APRENDIZAGEM<\/a>\u00a0&#8211; EStev\u00e3o Alves Bras\u00e3o; Welison Borges de Lima; Wesley Rodrigues Miranda &#8211; Orientador:\u00a0Prof. Me. Emerson Adriano Sill.<\/p>\n<p><a href=\"https:\/\/catolicadeanapolis.edu.br\/biblioteca\/wp-content\/uploads\/2018\/03\/DOC\u00caNCIA-NO-BRASIL-UM-\u00c1RDUO-CAMINHO-PROFISSIONAL.pdf\">11- DOC\u00caNCIA NO BRASIL &#8211; UM \u00c1RDUO CAMINHO PROFISSIONAL<\/a>\u00a0&#8211; Fab\u00edola Bezerra Garrdim; Patricia Soraia de Andrade &#8211; Orientador (a):\u00a0Profa. Esp. Aracelly Rodrigues Loures Rangel.<\/p>\n<p><a href=\"https:\/\/catolicadeanapolis.edu.br\/biblioteca\/wp-content\/uploads\/2018\/12\/Ramom.pdf\">12- EAD: UMA CATEGORIA OPORTUNA PARA O DESENVOLVIMENTO DA APRENDIZAGEM NO ENSINO SUPERIOR<\/a> &#8211;\u00a0JEAN NASCIMENTO, RAMON DO NASCIMENTO DIAS, WALESKA MARIA FERNANDES LIMA &#8211; ORIENTADOR:\u00a0 Prof\u00ba. Me. Wilian C\u00e2ndido.<\/p>\n<p><a href=\"https:\/\/catolicadeanapolis.edu.br\/biblioteca\/wp-content\/uploads\/2018\/12\/TCC-Final-Fernanda-Amatte-1.pdf\">13- ESTUDO DA QUALIDADE DE VIDA NO TRABALHO: A PERCEP\u00c7\u00c3O DOS COLABORADORES DE UMA EMPRESA DE COMBUST\u00cdVEIS DA CIDADE DE AN\u00c1POLIS-GO<\/a> &#8211;\u00a0CRISTIANA APARECIDA E SILVA, FERNANDA AMATTE OLIVEIRA, MARLENE MALTA BRAGA &#8211; ORIENTADOR: Prof\u00aa. Dra. Elaine Abrah\u00e3o Amaral.<\/p>\n<p><a href=\"https:\/\/catolicadeanapolis.edu.br\/biblioteca\/wp-content\/uploads\/2018\/03\/ESTUDO-SOBRE-A-QUALIDADE-DE-VIDA-NO-TRABALHO-DE-PROFESSORES-DO-ENSINO-SUPERIOR-EM-AN\u00c1POLIS-GO1.pdf\">14- ESTUDO SOBRE A QUALIDADE DE VIDA NO TRABALHO DE PROFESSORES DO ENSINO SUPERIOR EM AN\u00c1POLIS &#8211; GO<\/a>\u00a0&#8211;\u00a0Denise Silva Gonzaga Jaime; L\u00facia de Jesus Costa Araujo. Orientador: Me. Emerson Sill<\/p>\n<p><a href=\"https:\/\/catolicadeanapolis.edu.br\/biblioteca\/wp-content\/uploads\/2018\/03\/METODOLOGIAS-ATIVAS-NA-FORMA\u00c7\u00c3O-DE-BI\u00d3LOGOS-LICENCIADOS.pdf\">15- METODOLOGIAS ATIVAS NA FORMA\u00c7\u00c3O DE BI\u00d3LOGOS LICENCIADOS<\/a>\u00a0&#8211; Camila Sabino Teixeira &#8211; Orientador(a)\u00a0Profa. Esp. Aracelly Rodrigues Loures Rangel.<\/p>\n<p><a href=\"https:\/\/catolicadeanapolis.edu.br\/biblioteca\/wp-content\/uploads\/2018\/03\/M\u00c9TODOS-DE-PREPARA\u00c7\u00c3O-PARA-O-ENADE-NO-CURSO-DE-ADMINISTRA\u00c7\u00c3O.pdf\">16- M\u00c9TODOS DE PREPARA\u00c7\u00c3O PARA O ENADE NO CURSO DE ADMINISTRA\u00c7\u00c3O<\/a>\u00a0&#8211; Lucas Henrique dos Santos Vieira; Luiz Carlos Ramos da Silva &#8211; Orientador: Prof. Me. Emerson Sill.<\/p>\n<p><a href=\"https:\/\/catolicadeanapolis.edu.br\/biblioteca\/wp-content\/uploads\/2018\/03\/NOVAS-IDEIAS-DID\u00c1TICAS-PARA-O-ENSINO-NO-CURSO-DE-DIREITO.pdf\">17- NOVAS IDEIAS DID\u00c1TICAS PARA O ENSINO NO CURSO DE DIREITO<\/a>\u00a0&#8211; Antonio Lisboa de Sousa; Jaqueline \u00c1zara Lopes; Luciene In\u00eas Vieira Campos &#8211; Orientador:\u00a0Prof. Me. \u00c9merson Adriano Sill.<\/p>\n<p><a href=\"https:\/\/catolicadeanapolis.edu.br\/biblioteca\/wp-content\/uploads\/2018\/03\/O-M\u00c9TODO-DE-APRENDIZAGEM-BASEADA-EM-PROBLEMAS-\u2013-PBLPROBLEM-BASED-LEARNING-UMA-INOVA\u00c7\u00c3O-NO-ENSINO-SUPERIOR-PRESENTE-NO-CURSO-DE-MEDICINA.pdf\">18- O M\u00c9TODO DE APRENDIZAGEM BASEADA EM PROBLEMAS \u2013 PBLPROBLEM BASED LEARNING) &#8211; UMA INOVA\u00c7\u00c3O NO ENSINO SUPERIOR PRESENTE NO CURSO DE MEDICINA<\/a>\u00a0 &#8211; Camila Leal Diniz; K\u00e1llita Luana Ven\u00e2ncio Corredeira; Thayn\u00e1 Cristiny Trist\u00e3o Pereira &#8211; Orientador(a):\u00a0Profa. Me. Allyne<br \/>\nChaveio Farinha.<\/p>\n<p><a href=\"https:\/\/catolicadeanapolis.edu.br\/biblioteca\/wp-content\/uploads\/2018\/03\/O-PERFIL-DO-DOCENTE-EM-ARQUITETURA-E-URBANISMO-AS-INFLU\u00caNCIAS-DE-EDGAR-GRAEFF.pdf\">19- O PERFIL DO DOCENTE EM ARQUITETURA E URBANISMO &#8211; AS INFLU\u00caNCIAS DE EDGAR GRAEFF<\/a>\u00a0&#8211; Jakeline Neves Vieira Pacheco &#8211; Orientador (a):\u00a0Profa. Ma. Allyne Chaveiro Farinha.<\/p>\n<p><a href=\"https:\/\/catolicadeanapolis.edu.br\/biblioteca\/wp-content\/uploads\/2018\/12\/Tcc-p%C3%A1gina-8.pdf\">20- OBJETIVO DA EDUCA\u00c7\u00c3O E PROCESSO DE AVALIA\u00c7\u00c3O<\/a> &#8211;\u00a0KELLY ROS\u00c1RIO DOS SANTOS &#8211; ORIENTADOR:\u00a0Prof.\u00aa Esp. Aracelly Rodrigues Loures Rangel.<\/p>\n<p><a href=\"https:\/\/catolicadeanapolis.edu.br\/biblioteca\/wp-content\/uploads\/2018\/11\/TCC-PCD-2-PDF.pdf\">21- OS DESAFIOS DA PESSOA COM DEFICI\u00caNCIA NO ENSINO SUPERIOR<\/a> &#8211;\u00a0Hayssa Lorenne Santos Alves, Leonardo Assis Guimar\u00e3es, Naiara Carolina Cavalcante Teixeira &#8211; Orienta\u00e7\u00e3o: Prof. Ms. Willian C\u00e2ndido.<\/p>\n<p><a href=\"https:\/\/catolicadeanapolis.edu.br\/biblioteca\/wp-content\/uploads\/2018\/03\/OS-VALORES-DA-ANDRALOGIA-NO-PROCESSO-ENSINO-APRENDIZAGEM-DO-DISCENTE-EM-SA\u00daDE.pdf\">22- OS VALORES DA ANDRALOGIA NO PROCESSO ENSINO &#8211; APRENDIZAGEM DO DISCENTE EM SA\u00daDE<\/a>\u00a0&#8211; Let\u00edcia Tavares Viana &#8211; Orientador (a):\u00a0Prof.\u00aa Ma. Marisa Roveda.<\/p>\n<p><a href=\"https:\/\/catolicadeanapolis.edu.br\/biblioteca\/wp-content\/uploads\/2018\/12\/PERCEP%C3%87%C3%83O-DOS-ALUNOS-DO-ENSINO-M%C3%89DIO-EM-RELA%C3%87%C3%83O-AOS-CURSOS-DE-LICENCIATURA.pdf\">23- PERCEP\u00c7\u00c3O DOS ALUNOS DO ENSINO M\u00c9DIO EM RELA\u00c7\u00c3O AOS CURSOS DE LICENCIATURA<\/a> &#8211;\u00a0LUIZ ANTONIO PIRES DA COSTA &#8211; ORIENTADOR:\u00a0 Prof. Me Badran Awad Odeh.<\/p>\n<p><a href=\"https:\/\/catolicadeanapolis.edu.br\/biblioteca\/wp-content\/uploads\/2018\/03\/POL\u00cdTICAS-PARTID\u00c1RIAS-ELEVADAS-A-POL\u00cdTICAS-P\u00daBLICAS-FIES-E-PROUNI.pdf\">24- POL\u00cdTICAS PARTID\u00c1RIAS ELEVADAS A POL\u00cdTICAS P\u00daBLICAS &#8211; FIES E PROUNI<\/a>\u00a0&#8211; Rafael de S\u00e1; Rodrigo Specterow Fernandes; Valdir Ramiro A. Silva &#8211; Orientador:\u00a0Prof. Me. Emerson Sill.<\/p>\n<p><a href=\"https:\/\/catolicadeanapolis.edu.br\/biblioteca\/wp-content\/uploads\/2018\/03\/PROCDIMENTOS-DE-ENSINO-DO-DOCENTE-NO-CURSO-DE-EST\u00c9TICA-E-COSM\u00c9TICA.pdf\">25- PROCDIMENTOS DE ENSINO DO DOCENTE NO CURSO DE EST\u00c9TICA E COSM\u00c9TICA<\/a>\u00a0&#8211; K\u00eania Oliveira Carvalho; Wagna Osmim Pires da Silva<\/p>\n<p><a href=\"https:\/\/catolicadeanapolis.edu.br\/biblioteca\/wp-content\/uploads\/2018\/03\/PROGRAMA-CURRICULAR-DENTRO-DO-CURSO-DE-DOCENCIA-UNIVERSIT\u00c1RIA-DE-AN\u00c1POLIS-GO.pdf\">26- PROGRAMA CURRICULAR DENTRO DO CURSO DE DOCENCIA UNIVERSIT\u00c1RIA DE AN\u00c1POLIS-GO<\/a>\u00a0&#8211; Gileade Rodrigues Freire; Laudic\u00e9ia de Oliveira Rosa; Marlon das Neves Miranda &#8211; Orientador:\u00a0Prof. Me. Wilian Candido<\/p>\n<p><a href=\"https:\/\/catolicadeanapolis.edu.br\/biblioteca\/wp-content\/uploads\/2018\/03\/TEORIAS-METODOL\u00d3GICAS-E-SEUS-IMPACTOS-NOS-PROCEDIMENTOS-DE-ENSINO-UMA-VIS\u00c3O-DO-ALUNO-DE-DOC\u00caNCIA-UNIVERSIT\u00c1RIA.pdf\">27- TEORIAS METODOL\u00d3GICAS E SEUS IMPACTOS NOS PROCEDIMENTOS DE ENSINO &#8211; UMA VIS\u00c3O DO ALUNO DE DOC\u00caNCIA UNIVERSIT\u00c1RIA<\/a>\u00a0&#8211; Amanda Rodrigues dos Reis Silva; Cleison Gomes Campos; \u00c9verton Fleury Victorino Valle &#8211; Orientador:\u00a0Prof\u00ba. Ms. Wilian C\u00e2ndido.<\/p>\n<p><a href=\"https:\/\/catolicadeanapolis.edu.br\/biblioteca\/wp-content\/uploads\/2019\/11\/SARA-IZABEL-DO-AMPARO.pdf\">28-\u00a0A IMPORT\u00c2NCA DA DID\u00c1TICA NA FORMA\u00c7\u00c3O DO DOCENTE UNIVERSIT\u00c1RIO:<\/a>\u00a0SARA IZABEL DO AMPARO<\/p>\n<p><a href=\"https:\/\/catolicadeanapolis.edu.br\/biblioteca\/wp-content\/uploads\/2019\/11\/RAFAEL-DE-S\u00c1-RODRIGO-SPECTEROW-FERNANDES-E-VALDIR-RAMIRO-A.-SILVA.pdf\">29-\u00a0POL\u00cdTICAS PARTID\u00c1RIAS ELEVADAS A POL\u00cdTICAS P\u00daBLICAS:<\/a><br \/>\nFIES E PROUNI:\u00a0RAFAEL DE S\u00c1; RODRIGO SPECTEROW FERNANDES; VALDIR RAMIRO A. SILVA<\/p>\n<p><a href=\"https:\/\/catolicadeanapolis.edu.br\/biblioteca\/wp-content\/uploads\/2019\/11\/LUCAS-HENRIQUE-DOS-SANTOS-VIEIRA-E-LUIZ-CARLOS-RAMOS-DA-SILVA.pdf\">30-\u00a0M\u00c9TODOS DE PREPARA\u00c7\u00c3O PARA O ENADE NO CURSO DE ADMINISTRA\u00c7\u00c3O:\u00a0<\/a>LUCAS HENRIQUE DOS SANTOS VIEIRA; LUIZ CARLOS RAMOS DA SILVA<\/p>\n<p><a href=\"https:\/\/catolicadeanapolis.edu.br\/biblioteca\/wp-content\/uploads\/2019\/11\/LINDSAY-PATR\u00cdCIA-MAIA-FREIRE-MARCELO-REIS-FREIRE-E-S\u00cdLVIA-RODRIGUES-DA-COSTA.pdf\">31- A IDEOLOGIA MARXISTA E A EDUCA\u00c7\u00c3O SUPERIOR: UMA AN\u00c1LISE DA<\/a><br \/>\nINFLU\u00caNCIA DE GRAMSCI E PAULO FREIRE NA EDUCA\u00c7\u00c3O BRASILEIRA:\u00a0\u00a0LINDSAY PATR\u00cdCIA MAIA FREIRE; MARCELO REIS FREIRE; S\u00cdLVIA RODRIGUES DA COSTA<\/p>\n<p><a href=\"https:\/\/catolicadeanapolis.edu.br\/biblioteca\/wp-content\/uploads\/2019\/11\/LILIANE-K\u00c1TIA-ROM\u00c3O.pdf\">32-\u00a0A METODOLOGIA NO ENSINO SUPERIOR \u2013 A CRUCIALIDADE DA APLICA\u00c7\u00c3O DE M\u00c9TODOS NA PR\u00c1TICA DOCENTE PARA UM ENSINO MAIS ADEQUADO:<\/a>\u00a0LILIANE K\u00c1TIA ROM\u00c3O<\/p>\n<p><a href=\"https:\/\/catolicadeanapolis.edu.br\/biblioteca\/wp-content\/uploads\/2019\/11\/LET\u00cdCIA-TAVARES-VIANA.pdf\">33-\u00a0OS VALORES DA ANDRAGOGIA NO PROCESSO ENSINO-APRENDIZAGEM DO DISCENTE EM SA\u00daDE:<\/a>\u00a0LET\u00cdCIA TAVARES VIANA<\/p>\n<p><a href=\"https:\/\/catolicadeanapolis.edu.br\/biblioteca\/wp-content\/uploads\/2019\/11\/K\u00caNIA-OLIVEIRA-CARVALHO-E-WAGNA-OSMIM-PIRES-DA-SILVA.pdf\">34-\u00a0PROCEDIMENTOS DE ENSINO DO DOCENTE NO CURSO DE EST\u00c9TICA E<\/a><br \/>\nCOSM\u00c9TICA:\u00a0K\u00caNIA OLIVEIRA CARVALHO; WAGNA OSMIM PIRES DA SILVA<\/p>\n<p><a href=\"https:\/\/catolicadeanapolis.edu.br\/biblioteca\/wp-content\/uploads\/2019\/11\/JAKELLINE-NEVES-VIEIRA-PACHECO.pdf\">35-\u00a0O PERFIL DO DOCENTE EM ARQUITETURA E URBANISMO:<\/a><br \/>\nAS INFLU\u00caNCIAS DE EDGAR GRAEFF:\u00a0JAKELLINE NEVES VIEIRA PACHECO<\/p>\n<p><a href=\"https:\/\/catolicadeanapolis.edu.br\/biblioteca\/wp-content\/uploads\/2019\/11\/INA\u00ca-LARA-RIBEIRO-DE-PAULA-E-ON\u00c9SIMO-FRANCISCO-DE-PAULA-NETO-Artigo-Corre\u00e7\u00e3o-Final.pdf\">36-\u00a0A COMUNICA\u00c7\u00c3O NA TRANSMISS\u00c3O DO CONHECIMENTO:<\/a><br \/>\nINTERA\u00c7\u00c3O PROFESSOR E ALUNO NO PROCESSO DE APRENDIZAGEM NO ENSINO SUPERIOR:\u00a0INA\u00ca LARA RIBEIRO DE PAULA; ON\u00c9SIMO FRANCISCO DE PAULA NETO<\/p>\n<p><a href=\"https:\/\/catolicadeanapolis.edu.br\/biblioteca\/wp-content\/uploads\/2019\/11\/HILDO-ANICETO-PEREIRA-E-MARCELO-RODRIGUES-VAZ-ARTIGO-COTAS-14.12.2016-\u00daLTIMA-IMPRESS\u00c3O.pdf\">37-\u00a0COTAS RACIAIS PARA NEGROS NO ENSINO SUPERIOR NO BRASIL:\u00a0<\/a>HILDO ANICETO PEREIRA; MARCELO RODRIGUES VAZ<\/p>\n<p><a href=\"https:\/\/catolicadeanapolis.edu.br\/biblioteca\/wp-content\/uploads\/2019\/11\/GILEADE-RODRIGUES-FREIRE-LAUDIC\u00c9IA-DE-OLIVEIRA-ROSA-E-MARLON-DAS-NEVES-MIRANDA.pdf\">38-\u00a0PROGRAMA CURRICULAR DENTRO DO CURSO DE DOC\u00caNCIA UNIVERSIT\u00c1RIA DE AN\u00c1POLIS-GOI\u00c1S:<\/a>\u00a0GILEADE RODRIGUES FREIRE; LAUDIC\u00c9IA DE OLIVEIRA ROSA; MARLON DAS NEVES MIRANDA<\/p>\n<p><a href=\"https:\/\/catolicadeanapolis.edu.br\/biblioteca\/wp-content\/uploads\/2019\/11\/GABRIELA-BEATRIZ-FERRAZ-DE-MOURA-A-EXTENS\u00c3O-UNIVERSIT\u00c1RIA-COMO-FERRAMENTA-DE-ESTUDO-DO-BORDADO-RECHILIEU-.pdf\">39-\u00a0A EXTENS\u00c3O UNIVERSIT\u00c1RIA COMO FERRAMENTA DE ESTUDO DO<\/a><br \/>\nBORDADO RICHELIEU:\u00a0GABRIELA BEATRIZ FERRAZ DE MOURA<\/p>\n<p><a href=\"https:\/\/catolicadeanapolis.edu.br\/biblioteca\/wp-content\/uploads\/2019\/11\/FAB\u00cdOLA-BEZERRA-GARDIM-E-PATR\u00cdCIA-SORAIA-DE-ANDRADE.pdf\">40-\u00a0DOC\u00caNCIA NO BRASIL: UM \u00c1RDUO CAMINHO PROFISSIONAL:<\/a>\u00a0FAB\u00cdOLA BEZERRA GARDIM; PATR\u00cdCIA SORAIA DE ANDRADE<\/p>\n<p><a href=\"https:\/\/catolicadeanapolis.edu.br\/biblioteca\/wp-content\/uploads\/2019\/11\/ESTEV\u00c3O-ALVES-BRAS\u00c3O-WELISON-BORGES-DE-LIMA-E-WESLEY-RODRIGUES-MIRANDA.pdf\">41- DID\u00c1TICA PERSONALIZADA POR SISTEMA TUTOR INTELIGENTE<\/a><br \/>\nCONEXIONISTA: ESTUDO DE ESTRAT\u00c9GIA DOCENTE PARA AMBIENTES<br \/>\nVIRTUAIS DE APRENDIZAGEM:\u00a0ESTEV\u00c3O ALVES BRAS\u00c3O; WELISON BORGES DE LIMA; WESLEY RODRIGUES MIRANDA<\/p>\n<p>4<a href=\"https:\/\/catolicadeanapolis.edu.br\/biblioteca\/wp-content\/uploads\/2019\/11\/CL\u00c9IA-DOS-REIS-SOBRINHO-T\u00c2NIA-APARECIDA-DA-SILVA-E-WANESSA-CRISTINA-ALVES.pdf\">2-\u00a0APRENDIZAGEM SINGNIFICATIVA NO ENSINO SUPERIOR:\u00a0<\/a>CL\u00c9IA DOS REIS SOBRINHO; T\u00c2NIA APARECIDA DA SILVA; WANESSA CRISTINA ALVES<\/p>\n<p><a href=\"https:\/\/catolicadeanapolis.edu.br\/biblioteca\/wp-content\/uploads\/2019\/11\/CARLA-ALVES-DE-ANDRADE-E-MIRI\u00c3-CARDOSO-TELES.pdf\">43-\u00a0ADVERSIDADES ENFRENTADAS PELA DOC\u00caNCIA NO ENSINO SUPERIOR;<\/a> CARLA ALVES DE ANDRADE; MIRI\u00c3 CARDOSO TELES<\/p>\n<p><a href=\"https:\/\/catolicadeanapolis.edu.br\/biblioteca\/wp-content\/uploads\/2019\/11\/CAMILA-LEAL-DINIZ-K\u00c1LLITA-LUANA-VEN\u00c2NCIO-CORREDEIRA-E-THAYN\u00c1-CRISTINY-TRIST\u00c3O-PEREIRA.pdf\">44-\u00a0O M\u00c9TODO DE APRENDIZAGEM BASEADA EM PROBLEMAS \u2013 PBL (PROBLEM BASED LEARNING): UMA INOVA\u00c7\u00c3O NO ENSINO<\/a><br \/>\nSUPERIOR PRESENTE NO CURSO DE MEDICINA: CAMILA LEAL DINIZ; K\u00c1LLITA LUANA VEN\u00c2NCIO CORREDEIRA; THAYN\u00c1 CRISTINY TRIST\u00c3O PEREIRA<\/p>\n<p><a href=\"https:\/\/catolicadeanapolis.edu.br\/biblioteca\/wp-content\/uploads\/2019\/11\/ANTONIO-LISBOA-DE-SOUSA-JAQUELINE-\u00c1ZARA-LOPES-E-LUCIENE-IN\u00caS-VIEIRA-CAMPOS.pdf\">45-\u00a0NOVAS IDEIAS DID\u00c1TICAS PARA O ENSINO NO CURSO DE DIREITO:\u00a0ANTONIO LISBOA DE SOUSA:<\/a> JAQUELINE \u00c1ZARA LOPES; LUCIENE IN\u00caS VIEIRA CAMPOS<\/p>\n<p><a href=\"https:\/\/catolicadeanapolis.edu.br\/biblioteca\/wp-content\/uploads\/2019\/11\/ANG\u00c9LICA-ALVES-GOMES-MALTA-E-N\u00c1DIA-ROBERTA-DE-SOUZA-MARTINS.pdf\">46-\u00a0AS POL\u00cdTICAS P\u00daBLICAS EDUCACIONAIS NO BRASIL: MOTIVO DE<\/a><br \/>\nEXPANS\u00c3O EDUCACIONAL:\u00a0ANG\u00c9LICA ALVES GOMES MALTA; N\u00c1DIA ROBERTA DE SOUZA MARTINS<\/p>\n<p><a href=\"https:\/\/catolicadeanapolis.edu.br\/biblioteca\/?attachment_id=3374\">47- O ENSINO SUPERIOR E AS TECNOLOGIAS UTILIZADAS EM SALA DE AULA &#8211; PARTE I.<\/a> &#8211; David Gomes Rodrigues, Paulo Henrique dos Santos. &#8211;\u00a0Orientadora: Prof\u00aa.\u00a0Ma. Allyne<br \/>\nChaveiro Farinha.<\/p>\n<p><a href=\"https:\/\/catolicadeanapolis.edu.br\/biblioteca\/?attachment_id=3375\">48- O ENSINO SUPERIOR E AS TECNOLOGIAS UTILIZADAS EM SALA DE AULA &#8211; PARTE II.<\/a> &#8211; David Gomes Rodrigues, Paulo Henrique dos Santos. &#8211;\u00a0Orientadora: Prof\u00aa.\u00a0Ma. Allyne<br \/>\nChaveiro Farinha.<\/p>\n","protected":false},"excerpt":{"rendered":"<p>1- A COMUNICA\u00c7\u00c3O NA TRANSMISS\u00c3O DO CONHECIMENTO &#8211; INTERA\u00c7\u00c3O PROFESSOR E ALUNO NO PROCESSO DE APRENDIZAGEM NO ENSINO SUPERIOR\u00a0\u00a0&#8211; Ina\u00ea Lara Robeiro de Paula; On\u00easimo Francisco de Paula Neto &#8211; Orientador:\u00a0Prof\u00ba. Me. Wilian C\u00e2ndido. 2- A EXTENS\u00c3O UNIVERSIT\u00c1RIA COMO FERRAMENTA DE ESTUDO DO BORDADO RECHILIEU\u00a0\u00a0&#8211; Gabriela Beatriz Ferraz de Moura &#8211; Orientador (a):\u00a0\u00a0Prof. (a). Ms. [&hellip;]<\/p>\n","protected":false},"author":2,"featured_media":0,"parent":328,"menu_order":6,"comment_status":"open","ping_status":"open","template":"","meta":[],"_links":{"self":[{"href":"https:\/\/catolicadeanapolis.edu.br\/biblioteca\/index.php?rest_route=\/wp\/v2\/pages\/287"}],"collection":[{"href":"https:\/\/catolicadeanapolis.edu.br\/biblioteca\/index.php?rest_route=\/wp\/v2\/pages"}],"about":[{"href":"https:\/\/catolicadeanapolis.edu.br\/biblioteca\/index.php?rest_route=\/wp\/v2\/types\/page"}],"author":[{"embeddable":true,"href":"https:\/\/catolicadeanapolis.edu.br\/biblioteca\/index.php?rest_route=\/wp\/v2\/users\/2"}],"replies":[{"embeddable":true,"href":"https:\/\/catolicadeanapolis.edu.br\/biblioteca\/index.php?rest_route=%2Fwp%2Fv2%2Fcomments&post=287"}],"version-history":[{"count":21,"href":"https:\/\/catolicadeanapolis.edu.br\/biblioteca\/index.php?rest_route=\/wp\/v2\/pages\/287\/revisions"}],"predecessor-version":[{"id":3420,"href":"https:\/\/catolicadeanapolis.edu.br\/biblioteca\/index.php?rest_route=\/wp\/v2\/pages\/287\/revisions\/3420"}],"up":[{"embeddable":true,"href":"https:\/\/catolicadeanapolis.edu.br\/biblioteca\/index.php?rest_route=\/wp\/v2\/pages\/328"}],"wp:attachment":[{"href":"https:\/\/catolicadeanapolis.edu.br\/biblioteca\/index.php?rest_route=%2Fwp%2Fv2%2Fmedia&parent=287"}],"curies":[{"name":"wp","href":"https:\/\/api.w.org\/{rel}","templated":true}]}}