{"id":2882,"date":"2021-06-23T18:02:22","date_gmt":"2021-06-23T18:02:22","guid":{"rendered":"https:\/\/catolicadeanapolis.edu.br\/biblioteca\/?page_id=2882"},"modified":"2024-08-13T22:59:28","modified_gmt":"2024-08-13T22:59:28","slug":"filosofia-2020","status":"publish","type":"page","link":"https:\/\/catolicadeanapolis.edu.br\/biblioteca\/?page_id=2882","title":{"rendered":"FILOSOFIA 2020"},"content":{"rendered":"<p>1- <a href=\"https:\/\/catolicadeanapolis.edu.br\/biblioteca\/wp-content\/uploads\/2021\/06\/WELLEN-MOREIRA-ROSA.pdf\">RELA\u00c7\u00c3O ENTRE A EDUCA\u00c7\u00c3O SEGUNDO A FILOSOFIA PERENE E A CONTEMPLA\u00c7\u00c3O.<\/a> &#8211;\u00a0WELLEN MOREIRA ROSA. &#8211; ORIENTA\u00c7\u00c3O: PE. JO\u00c3O BATISTA COSTA SILVA.<\/p>\n<p>2- <a href=\"https:\/\/catolicadeanapolis.edu.br\/biblioteca\/wp-content\/uploads\/2021\/06\/VIN\u00cdCIUS-ARA\u00daJO-DOS-SANTOS.pdf\">A DIGNIDADE INTR\u00cdNSECA DA NATUREZA HUMANA E O DESRESPEITO DA VIDA NAS PR\u00c1TICAS DA EUTAN\u00c1SIA.<\/a> &#8211;\u00a0VIN\u00cdCIUS ARA\u00daJO DOS SANTOS. &#8211; ORIENTA\u00c7\u00c3O: PROF\u00ba ME. TOBIAS GOUL\u00c3O.<\/p>\n<p>3- <a href=\"https:\/\/catolicadeanapolis.edu.br\/biblioteca\/wp-content\/uploads\/2021\/06\/LUCAS-BARBOSA-SILVA.pdf\">O SOFRIMENTO NOS TORNA HUMANOS: APROFUNDAMENTO SEGUNDO A FILOSOFIA DA RELIGI\u00c3O CRIST\u00c3.<\/a> &#8211;\u00a0LUCAS BARBOSA SILVA. &#8211;\u00a0ORIENTA\u00c7\u00c3O: PROF\u00ba ME. TOBIAS GOUL\u00c3O.<\/p>\n<p>4- <a href=\"https:\/\/catolicadeanapolis.edu.br\/biblioteca\/wp-content\/uploads\/2021\/06\/HAPHAEL-FREITAS-MACHIYAMA.pdf\">O HOMEM. SUJEITO DA EDUCA\u00c7\u00c3O INTEGRAL: O DEVER DO ESTADO DE GARANTIR UMA EDUCA\u00c7\u00c3O INTEGRAL.<\/a> &#8211;\u00a0HAPHAEL FREITAS MACHIYAMA. &#8211;\u00a0ORIENTA\u00c7\u00c3O:\u00a0PROF\u00ba ME. TOBIAS GOUL\u00c3O.<\/p>\n<p>5- <a href=\"https:\/\/catolicadeanapolis.edu.br\/biblioteca\/wp-content\/uploads\/2021\/06\/ALISSON-SALES-PRATES.pdf\">QUIS SUM: A PERSPECTIVA FILOS\u00d3FICA DO SELF A PARTIR DA CONSTRU\u00c7\u00c3O NARRATIVA DO EU.<\/a> &#8211;\u00a0ALISSON SALES PRATES. &#8211; ORIENTA\u00c7\u00c3O: PROF\u00ba DR. PE. MICHAEL SILBERER.<\/p>\n<p>6- <a href=\"https:\/\/catolicadeanapolis.edu.br\/biblioteca\/wp-content\/uploads\/2021\/06\/WILMAR-MOREIRA-DE-SOUZA-J\u00daNIOR.pdf\">OS POSS\u00cdVEIS FATORES PSICOL\u00d3GICOS QUE PODEM PREDISPOR O DESENVOLVIMENTO DA HOMOSSEXUALIDADE MASCULINA.<\/a> &#8211;\u00a0WILMAR MOREIRA DE SOUZA J\u00daNIOR. &#8211;\u00a0ORIENTA\u00c7\u00c3O:\u00a0PROF\u00ba ME. TOBIAS GOUL\u00c3O.<\/p>\n<p>.<\/p>\n","protected":false},"excerpt":{"rendered":"<p>1- RELA\u00c7\u00c3O ENTRE A EDUCA\u00c7\u00c3O SEGUNDO A FILOSOFIA PERENE E A CONTEMPLA\u00c7\u00c3O. &#8211;\u00a0WELLEN MOREIRA ROSA. &#8211; ORIENTA\u00c7\u00c3O: PE. JO\u00c3O BATISTA COSTA SILVA. 2- A DIGNIDADE INTR\u00cdNSECA DA NATUREZA HUMANA E O DESRESPEITO DA VIDA NAS PR\u00c1TICAS DA EUTAN\u00c1SIA. &#8211;\u00a0VIN\u00cdCIUS ARA\u00daJO DOS SANTOS. &#8211; ORIENTA\u00c7\u00c3O: PROF\u00ba ME. TOBIAS GOUL\u00c3O. 3- O SOFRIMENTO NOS TORNA HUMANOS: APROFUNDAMENTO [&hellip;]<\/p>\n","protected":false},"author":4,"featured_media":0,"parent":56,"menu_order":8,"comment_status":"closed","ping_status":"closed","template":"","meta":[],"_links":{"self":[{"href":"https:\/\/catolicadeanapolis.edu.br\/biblioteca\/index.php?rest_route=\/wp\/v2\/pages\/2882"}],"collection":[{"href":"https:\/\/catolicadeanapolis.edu.br\/biblioteca\/index.php?rest_route=\/wp\/v2\/pages"}],"about":[{"href":"https:\/\/catolicadeanapolis.edu.br\/biblioteca\/index.php?rest_route=\/wp\/v2\/types\/page"}],"author":[{"embeddable":true,"href":"https:\/\/catolicadeanapolis.edu.br\/biblioteca\/index.php?rest_route=\/wp\/v2\/users\/4"}],"replies":[{"embeddable":true,"href":"https:\/\/catolicadeanapolis.edu.br\/biblioteca\/index.php?rest_route=%2Fwp%2Fv2%2Fcomments&post=2882"}],"version-history":[{"count":5,"href":"https:\/\/catolicadeanapolis.edu.br\/biblioteca\/index.php?rest_route=\/wp\/v2\/pages\/2882\/revisions"}],"predecessor-version":[{"id":3638,"href":"https:\/\/catolicadeanapolis.edu.br\/biblioteca\/index.php?rest_route=\/wp\/v2\/pages\/2882\/revisions\/3638"}],"up":[{"embeddable":true,"href":"https:\/\/catolicadeanapolis.edu.br\/biblioteca\/index.php?rest_route=\/wp\/v2\/pages\/56"}],"wp:attachment":[{"href":"https:\/\/catolicadeanapolis.edu.br\/biblioteca\/index.php?rest_route=%2Fwp%2Fv2%2Fmedia&parent=2882"}],"curies":[{"name":"wp","href":"https:\/\/api.w.org\/{rel}","templated":true}]}}