{"id":2955,"date":"2021-06-24T17:42:48","date_gmt":"2021-06-24T17:42:48","guid":{"rendered":"https:\/\/catolicadeanapolis.edu.br\/biblioteca\/?page_id=2955"},"modified":"2021-06-24T17:42:48","modified_gmt":"2021-06-24T17:42:48","slug":"filosofia-clinica-2015","status":"publish","type":"page","link":"https:\/\/catolicadeanapolis.edu.br\/biblioteca\/?page_id=2955","title":{"rendered":"FILOSOFIA CL\u00cdNICA 2015"},"content":{"rendered":"<p>1- <a href=\"https:\/\/catolicadeanapolis.edu.br\/biblioteca\/wp-content\/uploads\/2021\/06\/CRISTIANE-NOGUEIRA-FERNANDES-ARTIGO-FILOSOFIA-CL\u00cdNICA-Imprimir-e-encadernar.pdf\">A POSTURA CAPITALISTA DE JO\u00c3O ROM\u00c3O EM O CORTI\u00c7O: UM ESTUDO DA FILOSOFIA CL\u00cdNICA SOBRE O T\u00d3PICO BUSCAS.<\/a> &#8211; CRISTIANE NOGUEIRA FERNANDES. &#8211; ORIENTA\u00c7\u00c3O: PROF\u00ba ME. HALAN BASTOS LIMA.<\/p>\n<p>2-\u00a0<a href=\"https:\/\/catolicadeanapolis.edu.br\/biblioteca\/wp-content\/uploads\/2021\/06\/\u00cdTALO-ALESSANDRO-LEMES-SILVA.pdf\">SUBJETIVIDADE COMO NORTEAMENTO DE CONVIV\u00caNCIA &#8211; EXTRATO DO ENSINO DE FILOSOFIA CL\u00cdNICA NA FORMA\u00c7\u00c3O DE ESTUDANTES DE CURSOS T\u00c9CNICOS ARTICULADOS COM A EDUCA\u00c7\u00c3O B\u00c1SICA.<\/a> &#8211;\u00a0\u00cdTALO ALESSANDRO LEMES SILVA. &#8211; ORIENTA\u00c7\u00c3O: PROF\u00ba DR. L\u00daCIO PACKER.<\/p>\n<p>&nbsp;<\/p>\n<p>&nbsp;<\/p>\n<p>&nbsp;<\/p>\n","protected":false},"excerpt":{"rendered":"<p>1- A POSTURA CAPITALISTA DE JO\u00c3O ROM\u00c3O EM O CORTI\u00c7O: UM ESTUDO DA FILOSOFIA CL\u00cdNICA SOBRE O T\u00d3PICO BUSCAS. &#8211; CRISTIANE NOGUEIRA FERNANDES. &#8211; ORIENTA\u00c7\u00c3O: PROF\u00ba ME. HALAN BASTOS LIMA. 2-\u00a0SUBJETIVIDADE COMO NORTEAMENTO DE CONVIV\u00caNCIA &#8211; EXTRATO DO ENSINO DE FILOSOFIA CL\u00cdNICA NA FORMA\u00c7\u00c3O DE ESTUDANTES DE CURSOS T\u00c9CNICOS ARTICULADOS COM A EDUCA\u00c7\u00c3O B\u00c1SICA. &#8211;\u00a0\u00cdTALO [&hellip;]<\/p>\n","protected":false},"author":4,"featured_media":0,"parent":399,"menu_order":0,"comment_status":"closed","ping_status":"closed","template":"","meta":[],"_links":{"self":[{"href":"https:\/\/catolicadeanapolis.edu.br\/biblioteca\/index.php?rest_route=\/wp\/v2\/pages\/2955"}],"collection":[{"href":"https:\/\/catolicadeanapolis.edu.br\/biblioteca\/index.php?rest_route=\/wp\/v2\/pages"}],"about":[{"href":"https:\/\/catolicadeanapolis.edu.br\/biblioteca\/index.php?rest_route=\/wp\/v2\/types\/page"}],"author":[{"embeddable":true,"href":"https:\/\/catolicadeanapolis.edu.br\/biblioteca\/index.php?rest_route=\/wp\/v2\/users\/4"}],"replies":[{"embeddable":true,"href":"https:\/\/catolicadeanapolis.edu.br\/biblioteca\/index.php?rest_route=%2Fwp%2Fv2%2Fcomments&post=2955"}],"version-history":[{"count":1,"href":"https:\/\/catolicadeanapolis.edu.br\/biblioteca\/index.php?rest_route=\/wp\/v2\/pages\/2955\/revisions"}],"predecessor-version":[{"id":2956,"href":"https:\/\/catolicadeanapolis.edu.br\/biblioteca\/index.php?rest_route=\/wp\/v2\/pages\/2955\/revisions\/2956"}],"up":[{"embeddable":true,"href":"https:\/\/catolicadeanapolis.edu.br\/biblioteca\/index.php?rest_route=\/wp\/v2\/pages\/399"}],"wp:attachment":[{"href":"https:\/\/catolicadeanapolis.edu.br\/biblioteca\/index.php?rest_route=%2Fwp%2Fv2%2Fmedia&parent=2955"}],"curies":[{"name":"wp","href":"https:\/\/api.w.org\/{rel}","templated":true}]}}