{"id":316,"date":"2018-03-12T23:55:32","date_gmt":"2018-03-12T23:55:32","guid":{"rendered":"https:\/\/catolicadeanapolis.edu.br\/biblioteca\/?page_id=316"},"modified":"2022-06-03T13:53:14","modified_gmt":"2022-06-03T13:53:14","slug":"2016-2","status":"publish","type":"page","link":"https:\/\/catolicadeanapolis.edu.br\/biblioteca\/?page_id=316","title":{"rendered":"GEST\u00c3O DE PESSOAS P. O. E COACHING 2016"},"content":{"rendered":"<ol>\n<li><a href=\"https:\/\/catolicadeanapolis.edu.br\/biblioteca\/wp-content\/uploads\/2018\/03\/A-PERFEI\u00c7\u00c3O-DOS-COLABORADORES-DO-CEBRAC-SOBRE-RECRUTAMENTO-E-SELE\u00c7\u00c3O-DA-GERA\u00c7\u00c3O-Y.pdf\">A PERFEI\u00c7\u00c3O DOS COLABORADORES DO CEBRAC SOBRE RECRUTAMENTO E SELE\u00c7\u00c3O DA GERA\u00c7\u00c3O Y<\/a>\u00a0&#8211; Alana Cristina de Almeida Matias; Jackeline Moreira Rodrigues -Prof\u00aa. Dra. Elaine Abrah\u00e3o Amaral<\/li>\n<li><a href=\"https:\/\/catolicadeanapolis.edu.br\/biblioteca\/wp-content\/uploads\/2018\/03\/A-IMPORTANCIA-DO-L\u00cdDER-NA-ESTRUTURA-E-MOTIVA\u00c7\u00c3O-DE-UMA-EQUIPE.pdf\">A IMPORTANCIA DO L\u00cdDER NA ESTRUTURA E MOTIVA\u00c7\u00c3O DE UMA EQUIPE<\/a>\u00a0&#8211; Fabricio Antonio de Andrade; Maria Helena de O. Santos; Val\u00e9ria Gomes da Silva Rocha &#8211; Prof. Me. Francisco Jos\u00e9 Batista.<\/li>\n<li><a href=\"https:\/\/catolicadeanapolis.edu.br\/biblioteca\/wp-content\/uploads\/2018\/03\/EMPREENDEDORISMO-UM-ESTUDO-DE-CASO-SOBRE-AS-CARACTERISTICAS-DO-EMPREENDEDOR-E-SUA-CONTRIIBUI\u00c7\u00c3O-MA-GEST\u00c3O-EMPRESARIAL.pdf\">EMPREENDEDORISMO &#8211; UM ESTUDO DE CASO SOBRE AS CARACTERISTICAS DO EMPREENDEDOR E SUA CONTRIIBUI\u00c7\u00c3O MA GEST\u00c3O EMPRESARIAL<\/a>\u00a0&#8211; Kenia Alves; Severina Francisca; Talita Costa de Assis Lopes &#8211;\u00a0Prof\u00aa. Dra. Elaine Abrah\u00e3o Amaral<\/li>\n<li><a href=\"https:\/\/catolicadeanapolis.edu.br\/biblioteca\/wp-content\/uploads\/2018\/03\/FATORES-DE-MOTIVA\u00c7\u00c3O-DOS-COLABORADORES-DO-SETOR-DE-REPOSI\u00c7\u00c3O-DE-UMA-EMPRESA-ATACADISTA-DE-DISTRIBUI\u00c7\u00c3O-DE-ALIMENTOS-NA-CIDADE-DE-AN\u00c1POLIS-GO.pdf\">FATORES DE MOTIVA\u00c7\u00c3O DOS COLABORADORES DO SETOR DE REPOSI\u00c7\u00c3O DE UMA EMPRESA ATACADISTA DE DISTRIBUI\u00c7\u00c3O DE ALIMENTOS NA CIDADE DE AN\u00c1POLIS-GO<\/a>\u00a0&#8211; J\u00e9ssica Cristina Caires; Joseneide Carvalho &#8211;\u00a0Prof. Me. Francisco Jos\u00e9 Batista.<\/li>\n<li><a href=\"https:\/\/catolicadeanapolis.edu.br\/biblioteca\/wp-content\/uploads\/2018\/03\/GEST\u00c3O-DA-QUALIDADE-ATENDIMENTO-HUMANIZADO-AO-PACIENTE.pdf\">GEST\u00c3O DA QUALIDADE &#8211; ATENDIMENTO HUMANIZADO AO PACIENTE<\/a>\u00a0&#8211; Edna Rodrigues de Lima; Fabiana Santana Ariani &#8211;\u00a0Prof\u00aa Ma. Isabella Duarte.<\/li>\n<li><a href=\"https:\/\/catolicadeanapolis.edu.br\/biblioteca\/wp-content\/uploads\/2018\/03\/LOG\u00cdSTICA-DE-ARMAZENAGEM-UM-ESTUDO-A-PARTIR-DA-PERCEP\u00c7\u00c3O-DOS-COLABORADORES-DE-UMA-INSD\u00daSTRIA-FARMAC\u00caUTICA.pdf\">LOG\u00cdSTICA DE ARMAZENAGEM &#8211; UM ESTUDO A PARTIR DA PERCEP\u00c7\u00c3O DOS COLABORADORES DE UMA INSD\u00daSTRIA FARMAC\u00caUTICA<\/a>\u00a0&#8211; Fabio Vieira Borges ; Polyana Souza de Lima &#8211;\u00a0Prof.\u00aa Dra. Elaine A. Amaral.<\/li>\n<li><a href=\"https:\/\/catolicadeanapolis.edu.br\/biblioteca\/wp-content\/uploads\/2018\/03\/MARKETING-APLICADO-PARA-A-SATISFA\u00c7\u00c3O-DO-CLIENTE.pdf\">MARKETING APLICADO PARA A SATISFA\u00c7\u00c3O DO CLIENTE<\/a>\u00a0&#8211; Alinne Cristina de Oliveira Almeida; Frederico Noan Cintra Fernandes; Rayenne Alves Ribeiro &#8211;\u00a0Prof. Me. Isabella Duarte.<\/li>\n<li><a href=\"https:\/\/catolicadeanapolis.edu.br\/biblioteca\/wp-content\/uploads\/2018\/03\/MOTIVA\u00c7\u00c3O-ORGANIZACIONAL-E-SUA-TEORIA.pdf\">MOTIVA\u00c7\u00c3O ORGANIZACIONAL E SUA TEORIA<\/a>\u00a0&#8211; Camila In\u00e1cio dos Santos; Jorge Augusto de Souza Oliveira; Juliana Santana de Souza Nunes &#8211;\u00a0Prof. Me. Halan Bastos Lima.<\/li>\n<li><a href=\"https:\/\/catolicadeanapolis.edu.br\/biblioteca\/wp-content\/uploads\/2018\/03\/O-PAPEL-DA-LIDERAN\u00c7A-E-DA-MOTIVA\u00c7\u00c3O-DENTRO-DAS-ORGANIZA\u00c7\u00d5ES.pdf\">O PAPEL DA LIDERAN\u00c7A E DA MOTIVA\u00c7\u00c3O DENTRO DAS ORGANIZA\u00c7\u00d5ES<\/a>\u00a0&#8211; Alessandra Ferreira de Souza Oliveira; Marcelo Cotrim; Querem Martins da Silva Caetano &#8211;\u00a0Prof. Me. Halan Bastos Lima.<\/li>\n<li><a href=\"https:\/\/catolicadeanapolis.edu.br\/biblioteca\/wp-content\/uploads\/2018\/03\/O-PAPEL-DO-PSIC\u00d3LOGO-ORGANIZACIONAL-SOBRE-A-QUALIDADE-DE-VIDA-NO-TRABALHO.pdf\">O PAPEL DO PSIC\u00d3LOGO ORGANIZACIONAL SOBRE A QUALIDADE DE VIDA NO TRABALHO<\/a>\u00a0&#8211; Denise Camp\u00ealo do Nascimeno; Nathalia Venancio Teles &#8211;\u00a0Prof. Me. Halan Bastos Lima.<\/li>\n<li><a style=\"font-size: 1rem;\" href=\"https:\/\/catolicadeanapolis.edu.br\/biblioteca\/wp-content\/uploads\/2018\/03\/QUALIDADE-DE-VIDA-NO-TRABALHO-UM-DESAFIO-A-SER-CONQUISTADO-EM-INSTITUI\u00c7\u00d5ES-DE-ENSINO-FUNDAMENTAL.pdf\">QUALIDADE DE VIDA NO TRABALHO &#8211; UM DESAFIO A SER CONQUISTADO EM INSTITUI\u00c7\u00d5ES DE ENSINO FUNDAMENTAL<\/a>\u00a0&#8211; Adriana Carrijo Roza Siqueira &#8211;\u00a0Prof. Me. Emerson Adriano Sill.<\/li>\n<li><a style=\"font-size: 1rem;\" href=\"https:\/\/catolicadeanapolis.edu.br\/biblioteca\/wp-content\/uploads\/2018\/03\/O-ESTADO-DA-ARTE-DA-LIDERAN\u00c7A-DE-PESSOAS-COMO-INSTRUMENTO-NA-BUSCA-DE-RESULTADOS-EMPRESARIAIS.pdf\">O ESTADO DA ARTE DA LIDERAN\u00c7A DE PESSOAS COMO INSTRUMENTO NA BUSCA DE RESULTADOS EMPRESARIAIS<\/a><span style=\"font-size: 1rem;\">\u00a0&#8211; Lilian Souza; Miliane Santos &#8211; Orientador: Prof. Me. Francisco Jos\u00e9 Batista<\/span><\/li>\n<li><a href=\"https:\/\/catolicadeanapolis.edu.br\/biblioteca\/wp-content\/uploads\/2018\/03\/AN\u00c1LISE-DA-CARREIRA-DO-PESSOAL-T\u00c9CNICO-ADMINISTRATIVO-E-DE-APOIO-DE-UMA-IES-UM-ESTUDO-TE\u00d3RICO-DO-PLANO-DE-CARGOS-E-SAL\u00c1RIOS.pdf\">AN\u00c1LISE DA CARREIRA DO PESSOAL T\u00c9CNICO ADMINISTRATIVO E DE APOIO DE UMA IES UM ESTUDO TE\u00d3RICO DO PLANO DE CARGOS E SAL\u00c1RIOS<\/a>\u00a0&#8211; Joelma Maia da Silva; Paulo Roberto Rosa; Ta\u00eds marques Lopes &#8211; Orientador (a): Prof\u00aa. Dra. Elaine Abrah\u00e3o Amaral.<\/li>\n<li><a href=\"https:\/\/catolicadeanapolis.edu.br\/biblioteca\/wp-content\/uploads\/2018\/03\/COMPORTAMENTOS-DO-JOVEM-APRENDIZ-INFLUENCIADO-PELO-AC\u00daMULO-DE-TRABALHO-EM-UMA-EMPRESA-FARMACEUTICA-NO-MUNICIPIO-DE-AN\u00c1POLIS.pdf\">COMPORTAMENTOS DO JOVEM APRENDIZ INFLUENCIADO PELO AC\u00daMULO DE TRABALHO EM UMA EMPRESA FARMACEUTICA NO MUNICIPIO DE AN\u00c1POLIS<\/a>\u00a0&#8211; Gislane Rodrigues dos Santos; Leilane Sarah Borges Silva; Vilma Magalh\u00e3es dos Santos &#8211; Orientador (a): Prof\u00aa. Ma. Isabella Duarte.<\/li>\n<li><a href=\"https:\/\/catolicadeanapolis.edu.br\/biblioteca\/wp-content\/uploads\/2018\/03\/O-ENSINO-T\u00c9CNICO-PROFISSIONAL-EM-DETRIMENTO-DA-FORMA\u00c7\u00c3O-INTEGRAL-DO-SER-HUMANO.pdf\">O ENSINO T\u00c9CNICO &#8211; PROFISSIONAL EM DETRIMENTO DA FORMA\u00c7\u00c3O INTEGRAL DO SER HUMANO<\/a>\u00a0&#8211; Kaline Oliveira da Cunha Pessoa &#8211; Orientador (a): Prof\u00aa. Ma. Isabella Duarte<\/li>\n<li><a href=\"https:\/\/catolicadeanapolis.edu.br\/biblioteca\/wp-content\/uploads\/2018\/03\/PLANEJAMENTO-ESTRAT\u00c9GICO-EM-RECURSOS-HUMANOS-RH-IMPORTANTE-FERRAMENTA-PARA-AS-ORGANIZA\u00c7\u00d5ES.pdf\">PLANEJAMENTO ESTRAT\u00c9GICO EM RECURSOS HUMANOS (RH) IMPORTANTE FERRAMENTA PARA AS ORGANIZA\u00c7\u00d5ES<\/a>\u00a0&#8211; Fl\u00e1via Ferreira; Gerciane Dantas; Kamilla Mendes &#8211; Orientador: Prof\u00ba. Me. Halan Bastos Lima<\/li>\n<li><a href=\"https:\/\/catolicadeanapolis.edu.br\/biblioteca\/wp-content\/uploads\/2018\/03\/RECRUTAMENTO-E-SELE\u00c7\u00c3O-PROCESSO-ESSENCIAL-PARA-A-ESCOLHA-DE-UM-BOM-PROFISSIONAL.pdf\">RECRUTAMENTO E SELE\u00c7\u00c3O &#8211; PROCESSO ESSENCIAL PARA A ESCOLHA DE UM BOM PROFISSIONAL<\/a>\u00a0&#8211; Claudio Luis Moraes de Holanda e Silva &#8211; Orientador:\u00a0Prof. Me. Badran\u00a0 Awad Odeh.<\/li>\n<li><a style=\"font-size: 1rem;\" href=\"https:\/\/catolicadeanapolis.edu.br\/biblioteca\/wp-content\/uploads\/2018\/03\/UM-ESTUDO-DO-BEM-ESTAR-ORGANIZACIONAL-DO-PESSOAL-T\u00c9CNICO-ADMINISTRATIVO-E-APOIO-DE-UMA-IES.pdf\">UM ESTUDO DO BEM ESTAR ORGANIZACIONAL DO PESSOAL T\u00c9CNICO ADMINISTRATIVO E APOIO DE UMA IES<\/a>\u00a0&#8211; Daniel de Jesus da Silva &#8211; Orientador (a): Prof\u00aa. Dra. Elaine Abrah\u00e3o Amaral.<\/li>\n<li><a href=\"https:\/\/catolicadeanapolis.edu.br\/biblioteca\/wp-content\/uploads\/2018\/10\/ALINE-VIEIRA-DE-SOUZA-BORGES.docx\">O PROCESSO DE COMUNICA\u00c7\u00c3O ENTRE COORDENA\u00c7\u00c3O E DOCENTES EM UMA INSTITUI\u00c7\u00c3O DE ENSINO SUPERIOR NA CIDADE DE AN\u00c1POLIS-GOI\u00c1S<\/a> &#8211; Aline Vieira de Souza Borges. Fernando Pereira Celestino e Maxlene Garcia Martins Leite.<\/li>\n<li><a href=\"https:\/\/catolicadeanapolis.edu.br\/biblioteca\/wp-content\/uploads\/2018\/10\/ANA-PAULA-BARBOSA-ALMEIDA.pdf\">A IMPORT\u00c2NCIA DA COMUNICA\u00c7\u00c3O INTERNA EM UMA EMPRESA AUTOMOBIL\u00cdSTICA DE GOI\u00c1S<\/a> &#8211; Ana Paula Barbosa Almeida, Edinalva da Silva Pereira e Mayara Cristina Rodrigues Formiga.<\/li>\n<li><a href=\"https:\/\/catolicadeanapolis.edu.br\/biblioteca\/wp-content\/uploads\/2018\/10\/BRUNO-CESAR-DE-JESUS.doc\">AVALIA\u00c7\u00c3O DE DESEMPENHO 360\u00ba COMO FERRAMENTA DE GEST\u00c2O DE PESSOAS<\/a> &#8211;\u00a0 Bruno Cesar de Jesus e Ketlley Mayara Martins Silva.<\/li>\n<li><a href=\"https:\/\/catolicadeanapolis.edu.br\/biblioteca\/wp-content\/uploads\/2018\/10\/CINTHIA-GAMA-JACINTO.pdf\">NECESSIDADE DE PROGRAMAS DE INCENTIVO A LIDERAN\u00c7A NAS ORGANIZA\u00c7\u00d5ES<\/a> &#8211; Cinthia Gama Jacinto, Larissa de Jesus Andrade e M\u00f4nica Gama Jacinto.<\/li>\n<li><a href=\"https:\/\/catolicadeanapolis.edu.br\/biblioteca\/wp-content\/uploads\/2018\/10\/CRISTIELLE-MOREIRA-GOMES.docx\">ESTRESSE NO TRABALHO: Uma pesquisa sobre esse fen\u00f4meno em uma empresa de embalagens de An\u00e1polis-GO<\/a> &#8211; Cristielle Moreira Gomes e M\u00e1rcia Divina Vieira Gomes.<\/li>\n<li><a href=\"https:\/\/catolicadeanapolis.edu.br\/biblioteca\/wp-content\/uploads\/2018\/10\/EDNA-CARVALHO-OLIVEIRA-FEITOSA.pdf\">QUALIDADE DE VIDA, MOTIVA\u00c7\u00c3O E SATISFA\u00c7\u00c3O: A PERCEP\u00c7\u00c3O DOS DOCENTES DE UMA INSTITUI\u00c7\u00c3O DE ENSINO SUPERIOR<\/a> &#8211; Edna Carvalho Oliveira Feitosa, Renata Louren\u00e7o de S\u00e1 e Valdirene Aparecida Maia.<\/li>\n<li><a href=\"https:\/\/catolicadeanapolis.edu.br\/biblioteca\/wp-content\/uploads\/2018\/11\/TCC-LANNA-E-LORENNA-ORIGINAL-97-A-2003.pdf\">QUALIDADE DE VIDA NO TRABALHO<\/a> &#8211; Lana Rayane Moura Barbosa, Lorenna Cristina De Jesus Souza &#8211; Orientador (a): Prof\u00aa Ms. M\u00e1rcia Sumire Kurogi.<\/li>\n<li><a href=\"https:\/\/catolicadeanapolis.edu.br\/biblioteca\/wp-content\/uploads\/2018\/11\/TCC-Estresse-Organizacional_12012017-REVISADO-1.pdf\">ESTRESSE ORGANIZACIONAL: PERCEP\u00c7\u00c3O DOS COLABORADORES DE UMA AG\u00caNCIA BANC\u00c1RIA EM AN\u00c1POLIS<\/a> &#8211; Kelly Mendes Ferreira, M\u00e1rcia Leite Gamb\u00f4a Andrade, Priscila Regina Brito Marcelino &#8211; Orientador (a):\u00a0 Prof. Ms. Badran Awad Odeh.<\/li>\n<li><a href=\"https:\/\/catolicadeanapolis.edu.br\/biblioteca\/wp-content\/uploads\/2020\/01\/ILMIANE-ALVES-DA-SILVA-CUST\u00d3DIO-E-JULIANA-SOARES-DAMAS-COMUNICA\u00c7\u00c3O-ORGANIZACIONAL.pdf\">OMUNICA\u00c7\u00c3O ORGANIZACIONAL: UMA AN\u00c1LISE DA COMUNICA\u00c7\u00c3O INTERNA EM UMA EMPRESA DE PEQUENO PORTE-<\/a>\u00a0ILMIANE ALVES DA SILVA CUST\u00d3DIO, JULIANA SOARES DAMAS.<\/li>\n<li><a href=\"https:\/\/catolicadeanapolis.edu.br\/biblioteca\/wp-content\/uploads\/2020\/01\/CRISTIANA-APARECIDA-E-SILVA.pdf\">ESTUDO DA QUALIDADE DE VIDA NO TRABALHO: A PERCEP\u00c7\u00c3O DOS COLABORADORES DE UMA EMPRESA DE COMBUST\u00cdVEIS DA CIDADE DE AN\u00c1POLIS-GO-<\/a>\u00a0CRISTIANA APARECIDA E SILVA, FERNANDA AMATTE OLIVEIRA, MARLENE MALTA BRAGA.<\/li>\n<li><a href=\"https:\/\/catolicadeanapolis.edu.br\/biblioteca\/?attachment_id=3297\">O PROCESSO DE RECRUTAMENTO E SELE\u00c7\u00c3O EM UMA TRANSPORTADORA NA CIDADE DE AN\u00c1POLIS.<\/a> &#8211;\u00a0CINTIA GOMES CARDOSO; FL\u00c1VIO RABELO REZENDE; PEDRO ALVES JUNIOR. &#8211; PROF. ME. FRANCISCO JOS\u00c9 BATISTA.<\/li>\n<\/ol>\n","protected":false},"excerpt":{"rendered":"<p>A PERFEI\u00c7\u00c3O DOS COLABORADORES DO CEBRAC SOBRE RECRUTAMENTO E SELE\u00c7\u00c3O DA GERA\u00c7\u00c3O Y\u00a0&#8211; Alana Cristina de Almeida Matias; Jackeline Moreira Rodrigues -Prof\u00aa. Dra. Elaine Abrah\u00e3o Amaral A IMPORTANCIA DO L\u00cdDER NA ESTRUTURA E MOTIVA\u00c7\u00c3O DE UMA EQUIPE\u00a0&#8211; Fabricio Antonio de Andrade; Maria Helena de O. Santos; Val\u00e9ria Gomes da Silva Rocha &#8211; Prof. Me. Francisco [&hellip;]<\/p>\n","protected":false},"author":2,"featured_media":0,"parent":314,"menu_order":5,"comment_status":"open","ping_status":"open","template":"","meta":[],"_links":{"self":[{"href":"https:\/\/catolicadeanapolis.edu.br\/biblioteca\/index.php?rest_route=\/wp\/v2\/pages\/316"}],"collection":[{"href":"https:\/\/catolicadeanapolis.edu.br\/biblioteca\/index.php?rest_route=\/wp\/v2\/pages"}],"about":[{"href":"https:\/\/catolicadeanapolis.edu.br\/biblioteca\/index.php?rest_route=\/wp\/v2\/types\/page"}],"author":[{"embeddable":true,"href":"https:\/\/catolicadeanapolis.edu.br\/biblioteca\/index.php?rest_route=\/wp\/v2\/users\/2"}],"replies":[{"embeddable":true,"href":"https:\/\/catolicadeanapolis.edu.br\/biblioteca\/index.php?rest_route=%2Fwp%2Fv2%2Fcomments&post=316"}],"version-history":[{"count":18,"href":"https:\/\/catolicadeanapolis.edu.br\/biblioteca\/index.php?rest_route=\/wp\/v2\/pages\/316\/revisions"}],"predecessor-version":[{"id":3310,"href":"https:\/\/catolicadeanapolis.edu.br\/biblioteca\/index.php?rest_route=\/wp\/v2\/pages\/316\/revisions\/3310"}],"up":[{"embeddable":true,"href":"https:\/\/catolicadeanapolis.edu.br\/biblioteca\/index.php?rest_route=\/wp\/v2\/pages\/314"}],"wp:attachment":[{"href":"https:\/\/catolicadeanapolis.edu.br\/biblioteca\/index.php?rest_route=%2Fwp%2Fv2%2Fmedia&parent=316"}],"curies":[{"name":"wp","href":"https:\/\/api.w.org\/{rel}","templated":true}]}}