{"id":3335,"date":"2022-06-06T12:27:13","date_gmt":"2022-06-06T12:27:13","guid":{"rendered":"https:\/\/catolicadeanapolis.edu.br\/biblioteca\/?page_id=3335"},"modified":"2022-06-06T12:33:51","modified_gmt":"2022-06-06T12:33:51","slug":"pedagogia-2017","status":"publish","type":"page","link":"https:\/\/catolicadeanapolis.edu.br\/biblioteca\/?page_id=3335","title":{"rendered":"PEDAGOGIA 2017"},"content":{"rendered":"<ol>\n<li><a href=\"https:\/\/catolicadeanapolis.edu.br\/biblioteca\/?attachment_id=3321\">A EFIC\u00c1CIA DE METODOLOGIAS COMUNICATIVAS PARA AQUISI\u00c7\u00c3O DE UMA SEGUNDA L\u00cdNGUA.<\/a> &#8211;\u00a0 DYENNY KAREN SILVA DE ANDRADE. &#8211; ORIENTA\u00c7\u00c3O:\u00a0\u00a0PROF. MSC. RENATO ANT\u00d4NIO RIBEIRO.<\/li>\n<\/ol>\n","protected":false},"excerpt":{"rendered":"<p>A EFIC\u00c1CIA DE METODOLOGIAS COMUNICATIVAS PARA AQUISI\u00c7\u00c3O DE UMA SEGUNDA L\u00cdNGUA. &#8211;\u00a0 DYENNY KAREN SILVA DE ANDRADE. &#8211; ORIENTA\u00c7\u00c3O:\u00a0\u00a0PROF. MSC. RENATO ANT\u00d4NIO RIBEIRO.<\/p>\n","protected":false},"author":4,"featured_media":0,"parent":1984,"menu_order":0,"comment_status":"closed","ping_status":"closed","template":"","meta":[],"_links":{"self":[{"href":"https:\/\/catolicadeanapolis.edu.br\/biblioteca\/index.php?rest_route=\/wp\/v2\/pages\/3335"}],"collection":[{"href":"https:\/\/catolicadeanapolis.edu.br\/biblioteca\/index.php?rest_route=\/wp\/v2\/pages"}],"about":[{"href":"https:\/\/catolicadeanapolis.edu.br\/biblioteca\/index.php?rest_route=\/wp\/v2\/types\/page"}],"author":[{"embeddable":true,"href":"https:\/\/catolicadeanapolis.edu.br\/biblioteca\/index.php?rest_route=\/wp\/v2\/users\/4"}],"replies":[{"embeddable":true,"href":"https:\/\/catolicadeanapolis.edu.br\/biblioteca\/index.php?rest_route=%2Fwp%2Fv2%2Fcomments&post=3335"}],"version-history":[{"count":3,"href":"https:\/\/catolicadeanapolis.edu.br\/biblioteca\/index.php?rest_route=\/wp\/v2\/pages\/3335\/revisions"}],"predecessor-version":[{"id":3339,"href":"https:\/\/catolicadeanapolis.edu.br\/biblioteca\/index.php?rest_route=\/wp\/v2\/pages\/3335\/revisions\/3339"}],"up":[{"embeddable":true,"href":"https:\/\/catolicadeanapolis.edu.br\/biblioteca\/index.php?rest_route=\/wp\/v2\/pages\/1984"}],"wp:attachment":[{"href":"https:\/\/catolicadeanapolis.edu.br\/biblioteca\/index.php?rest_route=%2Fwp%2Fv2%2Fmedia&parent=3335"}],"curies":[{"name":"wp","href":"https:\/\/api.w.org\/{rel}","templated":true}]}}