{"id":3590,"date":"2023-01-20T13:53:08","date_gmt":"2023-01-20T13:53:08","guid":{"rendered":"https:\/\/catolicadeanapolis.edu.br\/biblioteca\/?page_id=3590"},"modified":"2024-08-13T23:40:54","modified_gmt":"2024-08-13T23:40:54","slug":"filosofia-2023","status":"publish","type":"page","link":"https:\/\/catolicadeanapolis.edu.br\/biblioteca\/?page_id=3590","title":{"rendered":"FILOSOFIA 2023"},"content":{"rendered":"\n<p>01- <a href=\"https:\/\/catolicadeanapolis.edu.br\/biblioteca\/wp-content\/uploads\/2024\/08\/o-conceito-de-ente-artificial-em-santo-tomas-de-aquino.pdf\">O CONCEITO DE ENTE ARTIFICIAL EM SANTO TOM\u00c1S DE AQUINO<\/a> &#8211; FREDERICO CARDOSO COUTINHO<\/p>\n\n\n\n<p>2 &#8211; <a href=\"https:\/\/catolicadeanapolis.edu.br\/biblioteca\/wp-content\/uploads\/2024\/08\/a-limitacao-dos-conceitos-de-amor-em-lewis-em-face-da.pdf\">A LIMITA\u00c7\u00c3O DOS CONCEITOS DE AMOR EM LEWIS EM FACE DA CONCEP\u00c7\u00c3O EM SANTO TOM\u00c1S SEGUNDO JUAN CRUZ CRUZ<\/a> &#8211; OSVALDO SCARPARO DA PAIX\u00c3O<br><br><\/p>\n\n\n\n<p><\/p>\n","protected":false},"excerpt":{"rendered":"<p>01- O CONCEITO DE ENTE ARTIFICIAL EM SANTO TOM\u00c1S DE AQUINO &#8211; FREDERICO CARDOSO COUTINHO 2 &#8211; A LIMITA\u00c7\u00c3O DOS CONCEITOS DE AMOR EM LEWIS EM FACE DA CONCEP\u00c7\u00c3O EM SANTO TOM\u00c1S SEGUNDO JUAN CRUZ CRUZ &#8211; OSVALDO SCARPARO DA PAIX\u00c3O<\/p>\n","protected":false},"author":4,"featured_media":0,"parent":56,"menu_order":10,"comment_status":"closed","ping_status":"closed","template":"","meta":[],"_links":{"self":[{"href":"https:\/\/catolicadeanapolis.edu.br\/biblioteca\/index.php?rest_route=\/wp\/v2\/pages\/3590"}],"collection":[{"href":"https:\/\/catolicadeanapolis.edu.br\/biblioteca\/index.php?rest_route=\/wp\/v2\/pages"}],"about":[{"href":"https:\/\/catolicadeanapolis.edu.br\/biblioteca\/index.php?rest_route=\/wp\/v2\/types\/page"}],"author":[{"embeddable":true,"href":"https:\/\/catolicadeanapolis.edu.br\/biblioteca\/index.php?rest_route=\/wp\/v2\/users\/4"}],"replies":[{"embeddable":true,"href":"https:\/\/catolicadeanapolis.edu.br\/biblioteca\/index.php?rest_route=%2Fwp%2Fv2%2Fcomments&post=3590"}],"version-history":[{"count":5,"href":"https:\/\/catolicadeanapolis.edu.br\/biblioteca\/index.php?rest_route=\/wp\/v2\/pages\/3590\/revisions"}],"predecessor-version":[{"id":3646,"href":"https:\/\/catolicadeanapolis.edu.br\/biblioteca\/index.php?rest_route=\/wp\/v2\/pages\/3590\/revisions\/3646"}],"up":[{"embeddable":true,"href":"https:\/\/catolicadeanapolis.edu.br\/biblioteca\/index.php?rest_route=\/wp\/v2\/pages\/56"}],"wp:attachment":[{"href":"https:\/\/catolicadeanapolis.edu.br\/biblioteca\/index.php?rest_route=%2Fwp%2Fv2%2Fmedia&parent=3590"}],"curies":[{"name":"wp","href":"https:\/\/api.w.org\/{rel}","templated":true}]}}