{"id":461,"date":"2018-03-22T23:48:23","date_gmt":"2018-03-22T23:48:23","guid":{"rendered":"https:\/\/catolicadeanapolis.edu.br\/biblioteca\/?page_id=461"},"modified":"2020-01-24T19:20:06","modified_gmt":"2020-01-24T19:20:06","slug":"2012-2","status":"publish","type":"page","link":"https:\/\/catolicadeanapolis.edu.br\/biblioteca\/?page_id=461","title":{"rendered":"GEST\u00c3O DE PESSOAS P. O. E COACHING 2012"},"content":{"rendered":"<p>1- <a href=\"https:\/\/catolicadeanapolis.edu.br\/biblioteca\/wp-content\/uploads\/2018\/03\/AVALIA\u00c7\u00c3O-DA-INFLU\u00caNCIA-DOS-ASPECTOS-MOTIVACIONAIS-NA-EXECU\u00c7\u00c3O-DO-TRABALHO-EM-ENFERMEIROS-DE-UMA-UTI-DE-ADULTOS.pdf\">\u00a0AVALIA\u00c7\u00c3O DA INFLU\u00caNCIA DOS ASPECTOS MOTIVACIONAIS NA EXECU\u00c7\u00c3O DO TRABALHO EM ENFERMEIROS DE UMA UTI DE ADULTOS:\u00a0<\/a>\u00a0Maila Thaiane Reis Rocha; Paola Haysa Bertate Evangelista\u00a0 &#8211;\u00a0Profa. Ms\u00ba Marcia Kurogi.<\/p>\n<p><span class=\"fontstyle0\"><span class=\"fontstyle0\">2- <a href=\"https:\/\/catolicadeanapolis.edu.br\/biblioteca\/wp-content\/uploads\/2018\/11\/Anna-Karolynne-Juliane-Malta-K\u00e1tia-Miranda-O-Aprendiz-no-Mercado-de-Trabalho.pdf\">O APRENDIZ NO MERCADO DE TRABALHO: UM ESTUDO SOBRE A PERCEP\u00c7\u00c3O DO GESTOR DE PESSOAS:\u00a0<\/a><\/span><\/span>Anna Karolynne Aires Tavares, Juliane Sousa Malta, K\u00e1tia Maria Miranda<span style=\"font-size: 1rem;\">\u00a0&#8211; Orientador (a): Prof.\u00a0<\/span><span style=\"font-size: 1rem;\">Ms. M\u00e1rcia Sumire Kurogi.<\/span><\/p>\n<p>3- <a href=\"https:\/\/catolicadeanapolis.edu.br\/biblioteca\/wp-content\/uploads\/2018\/11\/ARTIGO-MARTA-E-TACIANA.pdf\">A IMPORT\u00c2NCIA DA AVALIA\u00c7\u00c3O DE DESEMPENHO NAS ORGANIZA\u00c7\u00d5ES:\u00a0<\/a>Marta Gouveia Da Silva, Taciana Da Costa Xavier &#8211; Orientador (a):Ms. M\u00e1rcia Sumire Kurogi.<\/p>\n<p>4- <a href=\"https:\/\/catolicadeanapolis.edu.br\/biblioteca\/wp-content\/uploads\/2018\/11\/CARLOS_TCC_Formatado_Rev_03-11.pdf\">ESTILO DE LIDERAN\u00c7A NO CONTEXTO DA SCHICARIOL:\u00a0<\/a>Carlos Faria Da Silva, Elber Soares &#8211; Orientador (a): Profa. Ms. Marcia Sumire Kurogi<\/p>\n<p>5- <a href=\"https:\/\/catolicadeanapolis.edu.br\/biblioteca\/wp-content\/uploads\/2018\/11\/FACULDADE...pdf\">IDENTIFICA\u00c7\u00c3O DOS ASPECTOS GERAIS A IMPORT\u00c2NCIA DA SA\u00daDE E SEGURAN\u00c7A NO TRABALHO PARA AS ORGANIZA\u00c7\u00d5ES:\u00a0<\/a>Johanne Maria Alves Dos Santos, Maria Lu\u00edsa Pereira &#8211; Orientador (a): Profa. Ms. Marcia Sumire Kurogi.<\/p>\n<p>6- <a href=\"https:\/\/catolicadeanapolis.edu.br\/biblioteca\/wp-content\/uploads\/2018\/11\/jose-renato-artigo-ok-concluido-alterado-012013.pdf\">A IMPORT\u00c2NCIA DA COMUNICA\u00c7\u00c3O INTERNA NAS ORGANIZA\u00c7\u00d5ES:\u00a0<\/a>Ariane Torres Dias, Jose Renato Ribeiro, Raquel Ferreira Gois &#8211; Orientador (a):\u00a0Profa. Ms. Marcia Sumire Kurogi.<\/p>\n<p>7- <a href=\"https:\/\/catolicadeanapolis.edu.br\/biblioteca\/wp-content\/uploads\/2018\/11\/Lideran\u00e7a.pdf\">O PAPEL DO L\u00cdDER EMPRESARIAL NA MOTIVA\u00c7\u00c3O DA EQUIPE DE TRABALHO:\u00a0<\/a>Cynthia E. Elias Hajjar, Denise Gon\u00e7alves Filgueira Penna &#8211; Orientador (a):\u00a0Profa. Ms. Marcia Sumire Kurogi.<\/p>\n<p>8- <a href=\"https:\/\/catolicadeanapolis.edu.br\/biblioteca\/wp-content\/uploads\/2018\/11\/MONOGRAFIA-ALTERADA.doc-PRONTA.pdf\">UMA AN\u00c1LISE DO PROFISSIONAL DO RH CONTEMPOR\u00c2NEO:\u00a0<\/a>Eleuza Bortoncello Buffet, Elma Parreira Rodrigues da Silva, Solange da Silva Ferreira &#8211; Orientador (a):\u00a0Profa. Ms M\u00e1rcia Sumire Kurogi.<\/p>\n<p>9- <a href=\"https:\/\/catolicadeanapolis.edu.br\/biblioteca\/wp-content\/uploads\/2018\/11\/Motiva\u00e7\u00e3o-_Ita\u00fa_.pdf\">A RELA\u00c7\u00c3O ENTRE CLIMA ORGANIZACIONAL E MOTIVA\u00c7\u00c3O DOS COLABORADORES DO BANCO ITA\u00da S\/A NA AG\u00caNCIA AN\u00c1POLIS:\u00a0<\/a>Carla Mendes Machado, Carlos Umberto De Farias &#8211; Orientador (a):\u00a0Profa. Ms M\u00e1rcia Sumire Kurogi.<\/p>\n<p>10- <a href=\"https:\/\/catolicadeanapolis.edu.br\/biblioteca\/wp-content\/uploads\/2018\/11\/RAMON-REVISADO.pdf\">IMPORT\u00c2NCIA DO TREINAMENTO NA BRIGADA DE INC\u00caNDIO DAS ORGANIZA\u00c7\u00d5ES:\u00a0<\/a>Etelmi Alves Pinto, Pollyana Alves Teixeira, Ramon Do Nascimento Dias &#8211; Orientador (a):\u00a0Profa. Ms. M\u00e1rcia Sumire Kurogi.<\/p>\n<p>11- <a href=\"https:\/\/catolicadeanapolis.edu.br\/biblioteca\/wp-content\/uploads\/2018\/11\/TCC-PAULA-1.pdf\">A IMPORT\u00c2NCIA DO PROCESSO DE SELE\u00c7\u00c3O DE PESSOAS NAS ORGANIZA\u00c7\u00d5ES:\u00a0<\/a>Concei\u00e7\u00e3o Maria Barbosa, Lidiane Lima De Oliveira Arruda, Paula Rafaella De Paiva Santos &#8211; Orientador (a):\u00a0Profa. Ms. M\u00e1rcia Sumire Kurogi.<\/p>\n<p>12- <a href=\"https:\/\/catolicadeanapolis.edu.br\/biblioteca\/wp-content\/uploads\/2018\/11\/TCC-RH-PRONTO.pdf\">LEVANTAMENTO DOS FATORES MOTIVACIONAIS\u00a0DE PROFESSORES DO ENSINO SUPERIOR NA CIDADE DE\u00a0AN\u00c1POLIS-GO:\u00a0<\/a>Danielle Nadja F\u00e9lix De Carvalho, Juliana Medeiros Peixoto Nunes, Kati\u00fascia Sardinha Da Costa &#8211; Orientador (a):\u00a0Profa. Ms. M\u00e1rcia Sumire Kurogi.<\/p>\n<p>13- <a href=\"https:\/\/catolicadeanapolis.edu.br\/biblioteca\/wp-content\/uploads\/2018\/11\/MONOGRAFIA-ALTERADA.doc-PRONTA-1.pdf\">UMA AN\u00c1LISE DO PROFISSIONAL DO RH CONTEMPOR\u00c2NEO:\u00a0<\/a>Eleuza Bortoncello Buffet, Elma Parreira Rodrigues da Silva, Solange da Silva Ferreira &#8211; Orientador (a):\u00a0Ms M\u00e1rcia Sumire Kurogi.<\/p>\n<p>14- <a href=\"https:\/\/catolicadeanapolis.edu.br\/biblioteca\/wp-content\/uploads\/2019\/05\/Aline-Vital-Macedo.pdf\">QUALIDADE DE VIDA NO TRABALHO DOS COLABORADORES DA BIBLIOTECA UNIVERSIT\u00c1RIA DO SETOR P\u00daBLICO DA CIDADE DE AN\u00c1POLIS\/GO: UM ESTUDO COMPARATIVO ENTRE OS COLABORADORES E GESTOR DE RH:\u00a0<\/a>Aline Vital Macedo e Bet\u00e2nia Fernandes Dourado &#8211; Orientador (a):\u00a0 Profa. Ms. M\u00e1rcia Sumire Kurogi.<\/p>\n<p>15- <a style=\"font-size: 1rem;\" href=\"https:\/\/catolicadeanapolis.edu.br\/biblioteca\/wp-content\/uploads\/2019\/05\/Carla-Mendes-Machado.pdf\">15- A RELA\u00c7\u00c3O ENTRE CLIMA ORGANIZACIONAL E MOTIVA\u00c7\u00c3O DOS\u00a0COLABORADORES DO BANCO ITA\u00da S\/A NA AG\u00caNCIA AN\u00c1POLIS:\u00a0<\/a>Carla Mendes Machado e Carlos Umberto de Farias &#8211; Orientador (a):\u00a0 Prof\u00aa. Ms. M\u00e1rcia Sumire Kurogi.<\/p>\n<p>16- <a href=\"https:\/\/catolicadeanapolis.edu.br\/biblioteca\/wp-content\/uploads\/2019\/05\/Eleuza-Bortoncello-Buffet.pdf\">UMA AN\u00c1LISE DO PROFISSIONAL DO RH CONTEMPOR\u00c2NEO:\u00a0<\/a><span style=\"font-size: 1rem;\">Eleuza Bortoncello Buffet, Elma Parreira Rodrigues da Silva e Solange da Silva Ferreira &#8211; Orientador (a):\u00a0 Profa. Ms M\u00e1rcia Sumire Kurogi.<\/span><\/p>\n<p>17- <a style=\"font-size: 1rem;\" href=\"https:\/\/catolicadeanapolis.edu.br\/biblioteca\/wp-content\/uploads\/2019\/05\/Etelmi-Alves-Pinto.pdf\">17- IMPORT\u00c2NCIA DO TREINAMENTO NA BRIGADA DE INC\u00caNDIO DAS\u00a0ORGANIZA\u00c7\u00d5ES:\u00a0<\/a>Etelmi Alves Pinto, Pollyana Alves Teixeira e Ramon do Nascimento Dias &#8211; Orientador (a):\u00a0 Profa. Ms. M\u00e1rcia Sumire Kurogi.<\/p>\n<p>18- <a href=\"https:\/\/catolicadeanapolis.edu.br\/biblioteca\/wp-content\/uploads\/2019\/05\/Giselle-Patricia-da-Silva.pdf\">18- RECURSOS HUMANOS NAS ORGANIZA\u00c7\u00d5ES: UM ESTUDO DE CASO SOBRE A ATIVIDADE DE RECRUTAMENTO E SELE\u00c7\u00c3O DE UMA IND\u00daSTRIAFARMAC\u00caUTICA (VTG):<\/a>Giselle Patr\u00edcia da Silva Stauffer, Thalita H\u00e1vila Mendon\u00e7a Rodrigues e Viviane Lopes Branquinho &#8211; Orientador (a):\u00a0 Prof\u00aa Ms. M\u00e1rcia Sumire Kurogi.<\/p>\n<p><span style=\"font-size: 1rem;\">19- <a href=\"https:\/\/catolicadeanapolis.edu.br\/biblioteca\/wp-content\/uploads\/2019\/05\/jose-renato-artigo-ok-concluido-alterado-012013.doc\">A IMPORT\u00c2NCIA DA COMUNICA\u00c7\u00c3O INTERNA NAS ORGANIZA\u00c7\u00d5ES:\u00a0<\/a>Ariane Torresdias, Jose Renato Ribeiro e Raquel Ferreira Gois-\u00a0<\/span><span style=\"font-size: 1rem;\">Orientador\/a:\u00a0<\/span><span style=\"font-size: 1rem;\">Prof.\u00aa. Ms. Marcia S. Kurogi.\u00a0<\/span><\/p>\n<p>&nbsp;<\/p>\n<p>&nbsp;<\/p>\n<p>&nbsp;<\/p>\n<p><span style=\"font-size: 1rem;\">\u00a0<\/span><\/p>\n<p>&nbsp;<\/p>\n<p>&nbsp;<\/p>\n<p>&nbsp;<\/p>\n","protected":false},"excerpt":{"rendered":"<p>1- \u00a0AVALIA\u00c7\u00c3O DA INFLU\u00caNCIA DOS ASPECTOS MOTIVACIONAIS NA EXECU\u00c7\u00c3O DO TRABALHO EM ENFERMEIROS DE UMA UTI DE ADULTOS:\u00a0\u00a0Maila Thaiane Reis Rocha; Paola Haysa Bertate Evangelista\u00a0 &#8211;\u00a0Profa. Ms\u00ba Marcia Kurogi. 2- O APRENDIZ NO MERCADO DE TRABALHO: UM ESTUDO SOBRE A PERCEP\u00c7\u00c3O DO GESTOR DE PESSOAS:\u00a0Anna Karolynne Aires Tavares, Juliane Sousa Malta, K\u00e1tia Maria Miranda\u00a0&#8211; Orientador [&hellip;]<\/p>\n","protected":false},"author":2,"featured_media":0,"parent":314,"menu_order":1,"comment_status":"open","ping_status":"open","template":"","meta":[],"_links":{"self":[{"href":"https:\/\/catolicadeanapolis.edu.br\/biblioteca\/index.php?rest_route=\/wp\/v2\/pages\/461"}],"collection":[{"href":"https:\/\/catolicadeanapolis.edu.br\/biblioteca\/index.php?rest_route=\/wp\/v2\/pages"}],"about":[{"href":"https:\/\/catolicadeanapolis.edu.br\/biblioteca\/index.php?rest_route=\/wp\/v2\/types\/page"}],"author":[{"embeddable":true,"href":"https:\/\/catolicadeanapolis.edu.br\/biblioteca\/index.php?rest_route=\/wp\/v2\/users\/2"}],"replies":[{"embeddable":true,"href":"https:\/\/catolicadeanapolis.edu.br\/biblioteca\/index.php?rest_route=%2Fwp%2Fv2%2Fcomments&post=461"}],"version-history":[{"count":9,"href":"https:\/\/catolicadeanapolis.edu.br\/biblioteca\/index.php?rest_route=\/wp\/v2\/pages\/461\/revisions"}],"predecessor-version":[{"id":2684,"href":"https:\/\/catolicadeanapolis.edu.br\/biblioteca\/index.php?rest_route=\/wp\/v2\/pages\/461\/revisions\/2684"}],"up":[{"embeddable":true,"href":"https:\/\/catolicadeanapolis.edu.br\/biblioteca\/index.php?rest_route=\/wp\/v2\/pages\/314"}],"wp:attachment":[{"href":"https:\/\/catolicadeanapolis.edu.br\/biblioteca\/index.php?rest_route=%2Fwp%2Fv2%2Fmedia&parent=461"}],"curies":[{"name":"wp","href":"https:\/\/api.w.org\/{rel}","templated":true}]}}