{"id":696,"date":"2018-04-11T19:33:21","date_gmt":"2018-04-11T19:33:21","guid":{"rendered":"https:\/\/catolicadeanapolis.edu.br\/biblioteca\/?page_id=696"},"modified":"2019-11-06T14:40:01","modified_gmt":"2019-11-06T14:40:01","slug":"filosofia-2016","status":"publish","type":"page","link":"https:\/\/catolicadeanapolis.edu.br\/biblioteca\/?page_id=696","title":{"rendered":"Filosofia 2016"},"content":{"rendered":"<p>1-\u00a0<a href=\"https:\/\/catolicadeanapolis.edu.br\/biblioteca\/wp-content\/uploads\/2018\/04\/ADRIANO-BARBOSA-MORAIS-2016.pdf\">A PROVA PELAS VERDADES ETERNAS:\u00a0EXPOSI\u00c7\u00c3O DA PROVA DA EXIST\u00caNCIA DE DEUS NO LIVRO SEGUNDO DO DE LIBERO ARBITRIO DE SANTO AGOSTINHO<\/a> &#8211; Adriano Barbosa Morais &#8211;\u00a0Orientador: Pe. Ms. Jo\u00e3o Batista de Almeida Prado Ferraz Costa.<\/p>\n<p>2-\u00a0<a href=\"https:\/\/catolicadeanapolis.edu.br\/biblioteca\/wp-content\/uploads\/2018\/04\/AFILEU-MEIRA-DA-CRUZ-JUNIOR-2016.pdf\">DE MAL RADICAL A BANALIDADE DO MAL:\u00a0A IDEOLOGIA TOTALITARIA NAZISTA\u00a0E O ESVAZIAMENTO DO SER<\/a> &#8211;\u00a0Afileu Meira da Cruz J\u00fanior &#8211;\u00a0Orientador: Prof. P. Jo\u00e3o Batista.<\/p>\n<p>3-\u00a0<a href=\"https:\/\/catolicadeanapolis.edu.br\/biblioteca\/wp-content\/uploads\/2018\/04\/EDER-SILVA-CARNEIRO-2016.pdf\">FILOSOFIA ANAL\u00cdTICA: OS LIMITES DA ABSTRA\u00c7\u00c3O E EXTERIORIZA\u00c7\u00c3O DO CONHECIMENTO<\/a> &#8211;\u00a0Eder Silva Carneiro &#8211;\u00a0Orientador: Prof. Pe. Jo\u00e3o Ferraz.<\/p>\n<p>4-\u00a0<a href=\"https:\/\/catolicadeanapolis.edu.br\/biblioteca\/wp-content\/uploads\/2018\/04\/EDILSON-FERREIRA-DOS-REIS-2016.pdf\">CR\u00cdTICA \u00c0S CONCEP\u00c7\u00d5ES MODERNAS DE DIREITO POSITIVO E DIREITOS\u00a0HUMANOS \u00c0 LUZ DA CONCEP\u00c7\u00c3O DE DIREITO NATURAL DE JOS\u00c9 PEDRO\u00a0GALV\u00c3O DE SOUSA<\/a> &#8211;\u00a0Edilson Ferreira dos Reis &#8211;\u00a0Orientador: Prof. Pe. Jo\u00e3o Batista de Almeida\u00a0Prado Ferraz Costa.<\/p>\n<p>5-\u00a0<a href=\"https:\/\/catolicadeanapolis.edu.br\/biblioteca\/wp-content\/uploads\/2018\/08\/FRANCISCO-RODRIGUES-DOS-SANTOS-2016.pdf\">A FILOSOFIA NA EDUCA\u00c7\u00c3O<\/a>\u00a0:\u00a0 <span class=\"fontstyle0\">Francisco Rodrigues dos Santos &#8211; Orientador:\u00a0 Prof\u00aa Pe. Jo\u00e3o Batista de Almeida Prado Ferraz Costa.<br \/>\n<\/span><\/p>\n<p>6-\u00a0<a href=\"https:\/\/catolicadeanapolis.edu.br\/biblioteca\/wp-content\/uploads\/2018\/08\/THIAGO-DE-SOUZA-MOURA-2016.pdf\">O poder de Foucault<\/a>\u00a0:\u00a0 <span class=\"fontstyle0\">Thiago de Souza Moura &#8211; Orientador:\u00a0 Prof\u00aa Pe. Jo\u00e3o Batista de Almeida Prado Ferraz Costa.<br \/>\n<\/span><\/p>\n<p>7-\u00a0<a href=\"https:\/\/catolicadeanapolis.edu.br\/biblioteca\/wp-content\/uploads\/2018\/08\/PEDRO-HENRIQUE-PEREIRA-SILVA-2016.pdf\">EUTAN\u00c1SIA<\/a>\u00a0:\u00a0 <span class=\"fontstyle0\">PEDRO HENRIQUE PEREIRA SILVA &#8211; Orientador :\u00a0 Prof\u00aa Pe. Jo\u00e3o Batista de Almeida Prado Ferraz Costa.<br \/>\n<\/span><\/p>\n<p>8-\u00a0<a href=\"https:\/\/catolicadeanapolis.edu.br\/biblioteca\/wp-content\/uploads\/2018\/08\/LUCAS-PERES-FERREIRA-2016.pdf\">IDEOLOGIA DE G\u00caNERO<\/a>\u00a0:\u00a0 <span class=\"fontstyle0\">Lucas Peres Ferreira &#8211; Orientador:\u00a0 Prof\u00aa Pe. Jo\u00e3o Batista de Almeida Prado Ferraz Costa.<br \/>\n<\/span><\/p>\n<p>9-\u00a0<a href=\"https:\/\/catolicadeanapolis.edu.br\/biblioteca\/wp-content\/uploads\/2018\/08\/RONIRAM-PEREIRA-DA-SILVA-2016.pdf\">ASPECTOS \u00c9TICOS DOS MEIOS CONTRACEPTIVOS: UMA ABORDAGEM FILOS\u00d3FICA<\/a>\u00a0:\u00a0 <span class=\"fontstyle0\">Roniram Pereira da Silva &#8211; Orientador:\u00a0 Prof\u00aa Pe. Jo\u00e3o Batista de Almeida Prado Ferraz Costa.<br \/>\n<\/span><\/p>\n<p>10-\u00a0<a href=\"https:\/\/catolicadeanapolis.edu.br\/biblioteca\/wp-content\/uploads\/2018\/08\/TIAGO-DE-PAULA-RODRIGUES-2016.pdf\">A PESSOA HUMANA NA ANTROPOLOGIA DE EDITH STEIN<\/a>\u00a0&#8211;\u00a0<span class=\"fontstyle0\">TIAGO DE PAULA RODRIGUES &#8211; Orientador:\u00a0 Prof\u00aa Pe. Jo\u00e3o Batista de Almeida Prado Ferraz Costa.<br \/>\n<\/span><\/p>\n<p>11-\u00a0 <a href=\"https:\/\/catolicadeanapolis.edu.br\/biblioteca\/wp-content\/uploads\/2018\/10\/Thiago-Alvarino-dos-Santos.pdf\"><span class=\"fontstyle0\">O RETORNO AOS VALORES<\/span><\/a>\u00a0&#8211;\u00a0Thiago Alvarino dos Santos &#8211; Orientador:\u00a0 <span class=\"fontstyle0\">Prof\u00aa Pe. Jo\u00e3o<br \/>\nBatista de Almeida Prado Ferraz Costa.<\/span><\/p>\n<p><a href=\"https:\/\/catolicadeanapolis.edu.br\/biblioteca\/wp-content\/uploads\/2019\/11\/Divina-Mendes-Chagas.pdf\">12-\u00a0Direitos da Mulher: uma pequena abordagem:\u00a0<\/a>Divina Mendes Chagas<\/p>\n","protected":false},"excerpt":{"rendered":"<p>1-\u00a0A PROVA PELAS VERDADES ETERNAS:\u00a0EXPOSI\u00c7\u00c3O DA PROVA DA EXIST\u00caNCIA DE DEUS NO LIVRO SEGUNDO DO DE LIBERO ARBITRIO DE SANTO AGOSTINHO &#8211; Adriano Barbosa Morais &#8211;\u00a0Orientador: Pe. Ms. Jo\u00e3o Batista de Almeida Prado Ferraz Costa. 2-\u00a0DE MAL RADICAL A BANALIDADE DO MAL:\u00a0A IDEOLOGIA TOTALITARIA NAZISTA\u00a0E O ESVAZIAMENTO DO SER &#8211;\u00a0Afileu Meira da Cruz J\u00fanior &#8211;\u00a0Orientador: [&hellip;]<\/p>\n","protected":false},"author":4,"featured_media":0,"parent":56,"menu_order":3,"comment_status":"open","ping_status":"open","template":"","meta":[],"_links":{"self":[{"href":"https:\/\/catolicadeanapolis.edu.br\/biblioteca\/index.php?rest_route=\/wp\/v2\/pages\/696"}],"collection":[{"href":"https:\/\/catolicadeanapolis.edu.br\/biblioteca\/index.php?rest_route=\/wp\/v2\/pages"}],"about":[{"href":"https:\/\/catolicadeanapolis.edu.br\/biblioteca\/index.php?rest_route=\/wp\/v2\/types\/page"}],"author":[{"embeddable":true,"href":"https:\/\/catolicadeanapolis.edu.br\/biblioteca\/index.php?rest_route=\/wp\/v2\/users\/4"}],"replies":[{"embeddable":true,"href":"https:\/\/catolicadeanapolis.edu.br\/biblioteca\/index.php?rest_route=%2Fwp%2Fv2%2Fcomments&post=696"}],"version-history":[{"count":8,"href":"https:\/\/catolicadeanapolis.edu.br\/biblioteca\/index.php?rest_route=\/wp\/v2\/pages\/696\/revisions"}],"predecessor-version":[{"id":1990,"href":"https:\/\/catolicadeanapolis.edu.br\/biblioteca\/index.php?rest_route=\/wp\/v2\/pages\/696\/revisions\/1990"}],"up":[{"embeddable":true,"href":"https:\/\/catolicadeanapolis.edu.br\/biblioteca\/index.php?rest_route=\/wp\/v2\/pages\/56"}],"wp:attachment":[{"href":"https:\/\/catolicadeanapolis.edu.br\/biblioteca\/index.php?rest_route=%2Fwp%2Fv2%2Fmedia&parent=696"}],"curies":[{"name":"wp","href":"https:\/\/api.w.org\/{rel}","templated":true}]}}