{"id":845,"date":"2018-05-25T18:11:23","date_gmt":"2018-05-25T18:11:23","guid":{"rendered":"https:\/\/catolicadeanapolis.edu.br\/biblioteca\/?page_id=845"},"modified":"2019-01-14T18:05:17","modified_gmt":"2019-01-14T18:05:17","slug":"recursos-humanos-2014","status":"publish","type":"page","link":"https:\/\/catolicadeanapolis.edu.br\/biblioteca\/?page_id=845","title":{"rendered":"Recursos Humanos 2014"},"content":{"rendered":"<p><a href=\"https:\/\/catolicadeanapolis.edu.br\/biblioteca\/wp-content\/uploads\/2018\/05\/ANA-PAULA-BARBOSA-ALMEIDA-2014.pdf\">\u00a0LIDERAN\u00c7A: DIFICULDADES DE LIDERAN\u00c7A NUMA EMPRESA AUTOMOBIL\u00cdSTICA.<\/a>\u00a0&#8211;\u00a0 <span class=\"fontstyle0\">ANA PAULA BARBOSA ALMEIDA; ANDREIA DANIELE MONTEIRO DA COSTA;<br \/>\nMARCELA MENDES BRITO<\/span>\u00a0.\u00a0 <span class=\"fontstyle0\">Orientador: Prof\u00ba. Ms. Artur Vandr\u00e9 Pitanga<\/span><\/p>\n<p>2-\u00a0<a href=\"https:\/\/catolicadeanapolis.edu.br\/biblioteca\/wp-content\/uploads\/2018\/05\/ANDR\u00c9A-OLIVEIRA-DA-SILVA-2014.pdf\">O BENEF\u00cdCIO DO TREINAMENTO PARA A EMPRESA E SEUS COLABORADORES<\/a>\u00a0&#8211;\u00a0 <span class=\"fontstyle0\">ANDR\u00c9A OLIVEIRA DA SILVA; FRANCIELEN DE MELO CAMARGO; MARIA WALDIESA DE SOUSA ALCANTARA; ROSIMEIRE SILVA<\/span>\u00a0&#8211;\u00a0 <span class=\"fontstyle0\">Prof\u00aa Ms. Neyde Maria Silva<\/span><\/p>\n<p>3-\u00a0<a href=\"https:\/\/catolicadeanapolis.edu.br\/biblioteca\/wp-content\/uploads\/2018\/05\/CRISTIELLE-MOREIRA-GOMES-2014.pdf\">ESTRESSE NO TRABALHO: Como o estresse interfere na produtividade dos colaboradores.<\/a>\u00a0&#8211;\u00a0 CRISTIELLE MOREIRA GOMES; M\u00c1RCIA DIVINA VIEIRA GOMES; MAXWEL DOS ANJOS MATTOS\u00a0&#8211;\u00a0 Orientador: Prof \u00ba. Ms. Artur Vandr\u00e9 Pitanga.<\/p>\n<p>4-\u00a0<a href=\"https:\/\/catolicadeanapolis.edu.br\/biblioteca\/wp-content\/uploads\/2018\/05\/DANIELA-DOS-SANTOS-C\u00c2MARAS-2014.pdf\">A IMPORT\u00c2NCIA DO TREINAMENTO E DESENVOLVIMENTO DE PESSOAS PARA O SUCESSO DAS ORGANIZA\u00c7\u00d5ES.<\/a>\u00a0&#8211;\u00a0 DANIELA DOS SANTOS C\u00c2MARAS; JULIANA APARECIDA DA COSTA; LIZEUDE MACHADO DE SOUSA; RAELTE MACHADO DE SOUSA\u00a0&#8211;\u00a0 Prof\u00aa<br \/>\nMs. Neyde Maria Silva<\/p>\n<p>5-\u00a0<a href=\"https:\/\/catolicadeanapolis.edu.br\/biblioteca\/wp-content\/uploads\/2018\/05\/DANILO-DE-OLIVEIRA-SILVA-2014.pdf\">AVALIA\u00c7\u00c3O DE DESEMPENHO: UM ESTUDO DE CASO NO SETOR ADMINISTRATIVO E OPERACIONAL DA FACULDADE CAT\u00d3LICA DE AN\u00c1POLIS<\/a>\u00a0&#8211;\u00a0 DANILO DE OLIVEIRA SILVA; NADIELLE BUENO DE SOUSA ; PAULO OL\u00cdMPIO MAIA DE VASCONCELOS NETO\u00a0&#8211;\u00a0 Prof\u00aa Ms. Neyde Maria da Silva.<\/p>\n<p>6-\u00a0<a href=\"https:\/\/catolicadeanapolis.edu.br\/biblioteca\/wp-content\/uploads\/2018\/05\/DAVID-CASTRO-SILVA-2014.pdf\">TREINAMENTO E DESENVOLVIMENTO<\/a>\u00a0&#8211;\u00a0 <span class=\"fontstyle0\">David Castro Silva ; Luciene Rosa Maia; Stefany Caroline Melo Ribeiro<\/span>\u00a0&#8211;\u00a0 <span class=\"fontstyle0\">Orientadora Prof.\u00aa Me Neyde Maria Silva.<\/span><\/p>\n<p>7-\u00a0<a href=\"https:\/\/catolicadeanapolis.edu.br\/biblioteca\/wp-content\/uploads\/2018\/05\/EDNALVA-DA-SILVA-PEREIRA-2014.pdf\">TREINAMENTO DE PESSOAL<\/a>\u00a0&#8211;\u00a0 <span class=\"fontstyle0\">Edinalva da Silva Pereira; Mar\u00edlia Santos Ferreira<\/span>\u00a0&#8211;\u00a0 <span class=\"fontstyle0\"> Orientadora: Prof\u00aa. Esp. Neyde Maria Silva\u00a0.<br \/>\n<\/span><\/p>\n<p><span class=\"fontstyle0\">8-\u00a0<a href=\"https:\/\/catolicadeanapolis.edu.br\/biblioteca\/wp-content\/uploads\/2018\/05\/FL\u00c1VIA-MELO-CAETANO-DE-SOUZA-2014.pdf\">AN\u00c1LISE DO PROCESSO DE COMUNICA\u00c7\u00c3O INTERNA DA EMPRESA ZOO FLORA<\/a>\u00a0&#8211;\u00a0 FL\u00c1VIA MELO CAETANO DE SOUZA; GRACE DE SOUSA AMARAL\u00a0&#8211;\u00a0 Prof. Msc. Neyde Maria Silva.<\/span><\/p>\n<p>9-\u00a0<a href=\"https:\/\/catolicadeanapolis.edu.br\/biblioteca\/wp-content\/uploads\/2018\/05\/FL\u00c1VIO-DE-SOUZA-RODRIG\u00caS-DE-JESUS-2014.pdf\">MOTIVA\u00c7AO ENTRE GRUPOS E EQUIPES<\/a>\u00a0&#8211;\u00a0 Fl\u00e1vio de Souza Rodrigu\u00eas de Jesus; Thyago Ferreira Fernandes; Yago Luis da Silva\u00a0&#8211;\u00a0 Prof.\u00aa Esp. Neyde Maria.<\/p>\n<p>10-\u00a0<a href=\"https:\/\/catolicadeanapolis.edu.br\/biblioteca\/wp-content\/uploads\/2018\/05\/GISELE-DE-OLIVEIRA-RODRIGUES-NOGUEIRA-2014.pdf\">GEST\u00c3O DE PESSOAS: ESTRAT\u00c9GIA PARA ADMINISTRA\u00c7\u00c3O DAS EMPRESAS<\/a>\u00a0&#8211;\u00a0 Gisele de Oliveira Rodrigues Nogueira; Keila Cristina Estev\u00e3o Bastos\u00a0&#8211;\u00a0Prof.\u00aa Esp. Neyde Maria.<\/p>\n<p>11-\u00a0<a href=\"https:\/\/catolicadeanapolis.edu.br\/biblioteca\/wp-content\/uploads\/2018\/05\/GLAIDSON-NUNES-DE-ANDRADE-BRITO-2014.pdf\">AVALIA\u00c7\u00c3O DO ESTRESSE NO TRABALHO NO SETOR DE TRANSPORTE DE UMA DISTRIBUIDORA DE BEBIDAS.<\/a>\u00a0&#8211;\u00a0 GLAIDSON NUNES DE ANDRADE BRITO; KELLY AMORIM DOS SANTOS\u00a0&#8211;\u00a0 Prof. Ms. Artur Vandr\u00e9 Pitanga.<\/p>\n<p>12-\u00a0<a href=\"https:\/\/catolicadeanapolis.edu.br\/biblioteca\/wp-content\/uploads\/2018\/05\/JAQUELINE-AUGUSTA-2014.pdf\">A IMPORT\u00c2NCIA DO TREINAMENTO E DESENVOLVIMENTO DENTRO DAS ORGANIZA\u00c7\u00d5ES<\/a>\u00a0&#8211;\u00a0 Jaqueline Augusta; Kamilla Mendes; Raquel Augusta\u00a0&#8211;\u00a0Prof.\u00aa Esp. Neyde Maria.<\/p>\n<p>13-\u00a0<a href=\"https:\/\/catolicadeanapolis.edu.br\/biblioteca\/wp-content\/uploads\/2018\/05\/JOSENEIDE-CARVALHO-2014.pdf\">MOTIVA\u00c7\u00c3O DOS COLABORADORES DE UMA EMPRESA ATACADISTA DE DISTRIBUI\u00c7\u00c3O DE ALIMENTOS: ESPECIFICAMENTE OS FUNCION\u00c1RIOS DO SETOR DE REPOSI\u00c7\u00c3O DE ALIMENTOS<\/a>\u00a0&#8211;\u00a0 JOSENEIDE CARVALHO; LIVIA BATISTA DE PAULA; LIVIA MARIA DE SOUSA.\u00a0 Prof.\u00ba M.s Artur Vandr\u00e9 Pitanga\u00a0.<\/p>\n<p>14-\u00a0<a href=\"https:\/\/catolicadeanapolis.edu.br\/biblioteca\/wp-content\/uploads\/2018\/05\/JULIANA-REZENDE-2014.pdf\">TREINAMENTO DE PESSOAL: UM ESTUDO DE CASO DO SUPERMERCADO BRETAS DE AN\u00c1POLIS<\/a>\u00a0&#8211;\u00a0 JULIANA REZENDE; SUSAN TAYLO\u00a0&#8211;\u00a0 Prof.\u00aa Msc. Orientadora Neyde Maria<br \/>\nSilva.<\/p>\n<p>15-\u00a0<a href=\"https:\/\/catolicadeanapolis.edu.br\/biblioteca\/wp-content\/uploads\/2018\/05\/LAYNE-TEREZINHA-DE-JESUS-SANDESKI-2014.pdf\">SEGURAN\u00c7A DO TRABALHO: DOS ACIDENTES \u00c0 MANEIRA DE PREVENI-LOS<\/a>\u00a0&#8211;\u00a0 Layne Terezinha de Jesus Sandeski; Suellen Dias de Oliveira\u00a0&#8211;\u00a0 Prof.\u00aa Ms, Neyde Maria Silva.<\/p>\n<p>16-\u00a0<a href=\"https:\/\/catolicadeanapolis.edu.br\/biblioteca\/wp-content\/uploads\/2018\/05\/LUDMILA-LOUZEIRA-DE-SALLES-2014.pdf\">TREINAMENTO E DESENVOLVIMENTO NAS ORGANIZA\u00c7\u00d5ES<\/a>\u00a0&#8211;\u00a0 LUDMILA LOUZEIRA DE SALLES; S\u00cdLVIA LET\u00cdCIA PINTO CARVALHO DE FARIA\u00a0&#8211;\u00a0 Prof\u00aa Esp. Neyde Maria Silva<\/p>\n<p>17-\u00a0<a href=\"https:\/\/catolicadeanapolis.edu.br\/biblioteca\/wp-content\/uploads\/2018\/05\/MAYARA-JENNIFFER-2014.pdf\">AVALIA\u00c7\u00c3O DA QUALIDADE DE VIDA NO TRABALHO DE OPERADORAS DE CAIXA DE UM SUPERMERCADO<\/a>\u00a0&#8211;\u00a0 MAYARA JENNIFFER; SIRLEY MENDES; ROBERTA MOREIRA\u00a0.\u00a0 Ms. Artur Vandr\u00e9 Pitanga.<\/p>\n<p>18-\u00a0<a href=\"https:\/\/catolicadeanapolis.edu.br\/biblioteca\/wp-content\/uploads\/2018\/05\/RAQUEL-ALVES-MEDEIROS-DE-ANDRADE-2014.pdf\">ESTUDO QUALITATIVO SOBRE OS PROCESSOS DE RECRUTAMENTO E SELE\u00c7\u00c3O: UM ESTUDO DE CASO \u00daNICO<\/a>\u00a0&#8211;\u00a0 RAQUEL ALVES MEDEIROS DE ANDRADE; WELKER BUENO RABELO\u00a0&#8211;\u00a0 Ms. Artur Vandr\u00e9 Pitanga.<\/p>\n<p>19-<a href=\"https:\/\/catolicadeanapolis.edu.br\/biblioteca\/wp-content\/uploads\/2018\/08\/JUCIENE-MOREIRA-SEVERO-2014.pdf\">MOTIVA\u00c7\u00c3O NO TRABALHO<\/a>&#8211; JUCIENE MOREIRA SEVERO ; LORENA CAROLINE DE OLIVEIRA FERNANDES<\/p>\n<p>20 &#8211;\u00a0<a href=\"https:\/\/catolicadeanapolis.edu.br\/biblioteca\/wp-content\/uploads\/2018\/08\/AFONSO-ALVES-PEREIRA-2014.pdf\">MOTIVA\u00c7\u00c3O DAS PROFESSORAS DE UMA ESCOLA DE ENSINO FUNDAMENTAL DA REDE MUNICIPAL DE AN\u00c1POLIS<\/a>\u00a0&#8211; AFONSO ALVES PEREIRA ; EDVAN FERREIRA DE SOUSA; WELLINGTON CARLOS BUENO.<\/p>\n<p>21-<\/p>\n<p>&nbsp;<\/p>\n","protected":false},"excerpt":{"rendered":"<p>\u00a0LIDERAN\u00c7A: DIFICULDADES DE LIDERAN\u00c7A NUMA EMPRESA AUTOMOBIL\u00cdSTICA.\u00a0&#8211;\u00a0 ANA PAULA BARBOSA ALMEIDA; ANDREIA DANIELE MONTEIRO DA COSTA; MARCELA MENDES BRITO\u00a0.\u00a0 Orientador: Prof\u00ba. Ms. Artur Vandr\u00e9 Pitanga 2-\u00a0O BENEF\u00cdCIO DO TREINAMENTO PARA A EMPRESA E SEUS COLABORADORES\u00a0&#8211;\u00a0 ANDR\u00c9A OLIVEIRA DA SILVA; FRANCIELEN DE MELO CAMARGO; MARIA WALDIESA DE SOUSA ALCANTARA; ROSIMEIRE SILVA\u00a0&#8211;\u00a0 Prof\u00aa Ms. Neyde Maria Silva [&hellip;]<\/p>\n","protected":false},"author":4,"featured_media":0,"parent":62,"menu_order":0,"comment_status":"closed","ping_status":"closed","template":"","meta":[],"_links":{"self":[{"href":"https:\/\/catolicadeanapolis.edu.br\/biblioteca\/index.php?rest_route=\/wp\/v2\/pages\/845"}],"collection":[{"href":"https:\/\/catolicadeanapolis.edu.br\/biblioteca\/index.php?rest_route=\/wp\/v2\/pages"}],"about":[{"href":"https:\/\/catolicadeanapolis.edu.br\/biblioteca\/index.php?rest_route=\/wp\/v2\/types\/page"}],"author":[{"embeddable":true,"href":"https:\/\/catolicadeanapolis.edu.br\/biblioteca\/index.php?rest_route=\/wp\/v2\/users\/4"}],"replies":[{"embeddable":true,"href":"https:\/\/catolicadeanapolis.edu.br\/biblioteca\/index.php?rest_route=%2Fwp%2Fv2%2Fcomments&post=845"}],"version-history":[{"count":9,"href":"https:\/\/catolicadeanapolis.edu.br\/biblioteca\/index.php?rest_route=\/wp\/v2\/pages\/845\/revisions"}],"predecessor-version":[{"id":939,"href":"https:\/\/catolicadeanapolis.edu.br\/biblioteca\/index.php?rest_route=\/wp\/v2\/pages\/845\/revisions\/939"}],"up":[{"embeddable":true,"href":"https:\/\/catolicadeanapolis.edu.br\/biblioteca\/index.php?rest_route=\/wp\/v2\/pages\/62"}],"wp:attachment":[{"href":"https:\/\/catolicadeanapolis.edu.br\/biblioteca\/index.php?rest_route=%2Fwp%2Fv2%2Fmedia&parent=845"}],"curies":[{"name":"wp","href":"https:\/\/api.w.org\/{rel}","templated":true}]}}