{"id":879,"date":"2018-05-29T19:23:28","date_gmt":"2018-05-29T19:23:28","guid":{"rendered":"https:\/\/catolicadeanapolis.edu.br\/biblioteca\/?page_id=879"},"modified":"2019-01-14T18:05:52","modified_gmt":"2019-01-14T18:05:52","slug":"recursos-humanos-2016","status":"publish","type":"page","link":"https:\/\/catolicadeanapolis.edu.br\/biblioteca\/?page_id=879","title":{"rendered":"Recursos Humanos 2016"},"content":{"rendered":"<p>1-\u00a0<a href=\"https:\/\/catolicadeanapolis.edu.br\/biblioteca\/wp-content\/uploads\/2018\/05\/ADRIANE-NOGUEIRA-MENDES-2016.pdf\">COMUNICA\u00c7\u00c3O INTERNA NA NA VIS\u00c3O DOS COLABORADORES HUMANOS EMPRESA MASTER AUTO SERVICE<\/a>\u00a0&#8211;\u00a0 <span class=\"fontstyle0\">ADRIANE NOGUEIRA MENDES; ALESSANDRA LEONEL DA SILVA DO ESP\u00cdRITO SANTO; ITAMARA DOS SANTOS VIEIRA; ZENEIDA BATISTA DA SILVA<\/span>\u00a0&#8211;\u00a0 <span class=\"fontstyle0\">Prof.Me. Wilton Alves Ferreira J\u00fanior.<\/span><\/p>\n<p>2-\u00a0<a href=\"https:\/\/catolicadeanapolis.edu.br\/biblioteca\/wp-content\/uploads\/2018\/05\/ADRIELLY-CRISTINA-DOS-SANTOS-ARA\u00daJO-2016.pdf\">OS FATORES DESMOTIVACIONAIS DOS COLABORADORES DE UMA EMPRESA ATACADISTA DE ARTIGOS RELIGIOSOS<\/a>\u00a0&#8211;\u00a0 <span class=\"fontstyle0\">ADRIELLY CRISTINA DOS SANTOS ARA\u00daJO; JO\u00c3O MARCOS RODRIGUES PEREIRA; NAT\u00c1LIA \u00c1VILA SENA PEQUENO; SIMONE M\u00c1XIMO DA SILVA<\/span>\u00a0&#8211;\u00a0 <span class=\"fontstyle0\">Prof. Ms. Wilton Alves Ferreira Junior.<\/span><\/p>\n<p>3-\u00a0<a href=\"https:\/\/catolicadeanapolis.edu.br\/biblioteca\/wp-content\/uploads\/2018\/08\/KESIA-MARIANO-DOS-SANTOS-PALMEIRA-2016.pdf\">RECRUTAMENTO E SELE\u00c7\u00c3O EM UMA EMPRESA METAL\u00daRGICA EM AN\u00c1POLIS<\/a>\u00a0KESIA MARIANO DOS SANTOS PALMEIRA; TATIANE FERREIRA FREITAS.<\/p>\n<p>4-\u00a0<a href=\"https:\/\/catolicadeanapolis.edu.br\/biblioteca\/wp-content\/uploads\/2018\/08\/ANTONIA-KELLY-SOARES-GON\u00c7ALVES-2016.pdf\">PROCESSO DE RECRUTAMENTO E SELE\u00c7\u00c3O NA PANIFICADORA ELDORADO<\/a>\u00a0ANTONIA KELLY SOARES GON\u00c7ALVES; LUANA MICAELE SILVA DE OLIVEIRA; RAIMUNDO NONATO ALVES DE SOUZA.<\/p>\n<p>5-\u00a0<a href=\"https:\/\/catolicadeanapolis.edu.br\/biblioteca\/wp-content\/uploads\/2018\/08\/ANA-LUIZA-MACHADO-SILVA-2016.pdf\">A PERCEP\u00c7\u00c3O DOS COLABORADORES DA PANIFICADORA ELDORADO EM RELA\u00c7\u00c3O AS T\u00c9CNICAS DE TREINAMENTO<\/a>\u00a0ANA LUIZA MACHADO SILVA ; TARCISIO MOTA.<\/p>\n<p>6-\u00a0<a href=\"https:\/\/catolicadeanapolis.edu.br\/biblioteca\/wp-content\/uploads\/2018\/08\/AMANDA-CAVALCANTE-FERREIRA-2016.pdf\">MOTIVA\u00c7\u00c3O NO \u00c2MBITO ESCOLAR: O PAPEL DO PROFESSOR<\/a>\u00a0;\u00a0 <span class=\"fontstyle0\"> AMANDA CAVALCANTE FERREIRA; DANIELLE FRANCISCA DOS SANTOS ROCHA; EVERLY CAROLINE CAVALCANTE MATOS; VICTORIA FERREIRA SILVA\u00a0.<\/span><\/p>\n<p>7-\u00a0<a href=\"https:\/\/catolicadeanapolis.edu.br\/biblioteca\/wp-content\/uploads\/2018\/08\/MARCOS-VIEIRA-CARMO-2016.pdf\">A CAPACIDADE DE LIDERAN\u00c7A E O PROCESSO DE MOTIVA\u00c7\u00c3O<\/a>\u00a0:\u00a0 <span class=\"fontstyle0\">DANIELLA DE SOUZA SANTOS; ELISE RIBEIRO DE ALMEIDA; MARCOS VIEIRA DO CARMO\u00a0<\/span>\u00a0.<\/p>\n<p>8-\u00a0<a href=\"https:\/\/catolicadeanapolis.edu.br\/biblioteca\/wp-content\/uploads\/2018\/08\/SIRLENE-ALVES-DA-SILVA-2016.pdf\">CLIMA ORGANIZACIONAL NA EMPRESA DE TRANSPORTES EM AN\u00c1POLIS<\/a>\u00a0;\u00a0 <span class=\"fontstyle0\">SIRLENE ALVES DA SILVA; TALIENE ALVES DE CARVALHO ; VALDIRENE RIBEIRO DE MESQUITA<\/span>\u00a0.<\/p>\n<p>9-\u00a0<a href=\"https:\/\/catolicadeanapolis.edu.br\/biblioteca\/wp-content\/uploads\/2018\/08\/ELIANE-GON\u00c7ALVES-VIEIRA-BRITO-2016.pdf\">UM ESTUDO TE\u00d3RICO SOBRE O PROCESSO DE CAPTA\u00c7\u00c3O DE COLABORADORES<\/a>\u00a0;\u00a0 <span class=\"fontstyle0\">ELIANE GON\u00c7ALVES VIEIRA BRITO; FERNANDA TORRES DA SILVA COSTA; M\u00c1RCIO DE SOUZA MELO ; RONEY JOS\u00c9 RANGEL<\/span>\u00a0.<\/p>\n<p>10-\u00a0<a href=\"https:\/\/catolicadeanapolis.edu.br\/biblioteca\/wp-content\/uploads\/2018\/08\/FERNANDA-BISPO-RODRIGUES-2016.pdf\">A EFIC\u00c1CIA DA CIPA \u2013 COMISS\u00c3O INTERNA DE PREVEN\u00c7\u00c3O DE ACIDENTES DE TRABALHO &#8211; QUANTO A REDU\u00c7\u00c3O DE ACIDENTES NA PERCEP\u00c7\u00c3O DE SEUS MEMBROS<\/a>;\u00a0 <span class=\"fontstyle0\">FERNANDA BISPO RODRIGUES; RUTH FERREIRA SILVA ; SHIRLEY MIRELLE CABRAL DA SILVA; SOCORRO SILVESTRE DE ASSUN\u00c7\u00c3O<\/span>\u00a0.<\/p>\n<p>11-<\/p>\n","protected":false},"excerpt":{"rendered":"<p>1-\u00a0COMUNICA\u00c7\u00c3O INTERNA NA NA VIS\u00c3O DOS COLABORADORES HUMANOS EMPRESA MASTER AUTO SERVICE\u00a0&#8211;\u00a0 ADRIANE NOGUEIRA MENDES; ALESSANDRA LEONEL DA SILVA DO ESP\u00cdRITO SANTO; ITAMARA DOS SANTOS VIEIRA; ZENEIDA BATISTA DA SILVA\u00a0&#8211;\u00a0 Prof.Me. Wilton Alves Ferreira J\u00fanior. 2-\u00a0OS FATORES DESMOTIVACIONAIS DOS COLABORADORES DE UMA EMPRESA ATACADISTA DE ARTIGOS RELIGIOSOS\u00a0&#8211;\u00a0 ADRIELLY CRISTINA DOS SANTOS ARA\u00daJO; JO\u00c3O MARCOS RODRIGUES [&hellip;]<\/p>\n","protected":false},"author":4,"featured_media":0,"parent":62,"menu_order":0,"comment_status":"closed","ping_status":"closed","template":"","meta":[],"_links":{"self":[{"href":"https:\/\/catolicadeanapolis.edu.br\/biblioteca\/index.php?rest_route=\/wp\/v2\/pages\/879"}],"collection":[{"href":"https:\/\/catolicadeanapolis.edu.br\/biblioteca\/index.php?rest_route=\/wp\/v2\/pages"}],"about":[{"href":"https:\/\/catolicadeanapolis.edu.br\/biblioteca\/index.php?rest_route=\/wp\/v2\/types\/page"}],"author":[{"embeddable":true,"href":"https:\/\/catolicadeanapolis.edu.br\/biblioteca\/index.php?rest_route=\/wp\/v2\/users\/4"}],"replies":[{"embeddable":true,"href":"https:\/\/catolicadeanapolis.edu.br\/biblioteca\/index.php?rest_route=%2Fwp%2Fv2%2Fcomments&post=879"}],"version-history":[{"count":5,"href":"https:\/\/catolicadeanapolis.edu.br\/biblioteca\/index.php?rest_route=\/wp\/v2\/pages\/879\/revisions"}],"predecessor-version":[{"id":1620,"href":"https:\/\/catolicadeanapolis.edu.br\/biblioteca\/index.php?rest_route=\/wp\/v2\/pages\/879\/revisions\/1620"}],"up":[{"embeddable":true,"href":"https:\/\/catolicadeanapolis.edu.br\/biblioteca\/index.php?rest_route=\/wp\/v2\/pages\/62"}],"wp:attachment":[{"href":"https:\/\/catolicadeanapolis.edu.br\/biblioteca\/index.php?rest_route=%2Fwp%2Fv2%2Fmedia&parent=879"}],"curies":[{"name":"wp","href":"https:\/\/api.w.org\/{rel}","templated":true}]}}