{"id":900,"date":"2018-08-09T17:19:11","date_gmt":"2018-08-09T17:19:11","guid":{"rendered":"https:\/\/catolicadeanapolis.edu.br\/biblioteca\/?page_id=900"},"modified":"2019-11-07T13:14:00","modified_gmt":"2019-11-07T13:14:00","slug":"gestao-ambiental-2013","status":"publish","type":"page","link":"https:\/\/catolicadeanapolis.edu.br\/biblioteca\/?page_id=900","title":{"rendered":"Gest\u00e3o Ambiental 2013"},"content":{"rendered":"<p>1-\u00a0<a href=\"https:\/\/catolicadeanapolis.edu.br\/biblioteca\/wp-content\/uploads\/2018\/08\/WESLEY-DE-SOUZA-SILVA-2013.pdf\">ESTUDO DE RES\u00cdDUOS FARMAC\u00caUTICOS DA EMBALAGEM FINAL DO GRIPED NA EMPRESA BOAFARMA, AN\u00c1POLIS GO<\/a>\u00a0&#8211; WESLEY DE SOUZA\u00a0 SILVA &#8211; LUCAS RIBEIRO BRAGA.<\/p>\n<p>2 &#8211;\u00a0<a href=\"https:\/\/catolicadeanapolis.edu.br\/biblioteca\/wp-content\/uploads\/2018\/08\/ENI-RIBEIRO-DE-MOURA-2013.pdf\">DIAGN\u00d3STICO DO PROCESSO DE IMPLANTA\u00c7\u00c3O DO ATERRO SANIT\u00c1RIO NO MUNIC\u00cdPIO DE CAMPO LIMPO DE GOI\u00c1S CONFORME LEI FEDERAL 12.305\/10<\/a>\u00a0&#8211; ENI RIBEIRO DE MOURA &#8211; SEBASTI\u00c3O DOS SANTOS .<\/p>\n<p>3 &#8211;\u00a0<a href=\"https:\/\/catolicadeanapolis.edu.br\/biblioteca\/wp-content\/uploads\/2018\/08\/HUMBERTO-DUTRA-DA-COSTA-2013.pdf\">PROPOSTA DE EDUCA\u00c7\u00c3O AMBIENTAL NA FAZENDA HOTEL RAIZAMA &#8211; ALEX\u00c2NIA GO. <\/a> <a href=\"https:\/\/catolicadeanapolis.edu.br\/biblioteca\/wp-content\/uploads\/2018\/08\/HUMBERTO-DUTRA-DA-COSTA-2013-1.pdf\">HUMBERTO DUTRA DA COSTA 2013<\/a>\u00a0&#8211; HUMBERTO DUTRA DA COSTA &#8211; LEONARDO TORRES DA SILVA &#8211; RENATO SANTANA LIMA.<\/p>\n<p>4 &#8211;\u00a0<a href=\"https:\/\/catolicadeanapolis.edu.br\/biblioteca\/wp-content\/uploads\/2018\/08\/RONALDO-RODRIGUES-2013.pdf\">PROPOSTA DE IMPLANTA\u00c7\u00c3O DE UMA USINA DE RECICLAGEM DE GARRAFAS PET<\/a>\u00a0&#8211; RONALDO RODRIGUES &#8211; HERYSON ALVES DA SILVA.<\/p>\n<p>5 &#8211;\u00a0<a href=\"https:\/\/catolicadeanapolis.edu.br\/biblioteca\/wp-content\/uploads\/2018\/08\/LUIZ-PAULO-JAIME-FERREIRA-2013.pdf\">RES\u00cdDUOS S\u00d3LIDOS E L\u00cdQUIDOS GERADOS EM UM LATIC\u00cdNIO: ESTUDO DE CASO DO LATIC\u00cdNIO GLORIOSO NO MUNIC\u00cdPIO DE CORUMB\u00c1 DE GOI\u00c1S<\/a>\u00a0&#8211; LUIZ PAULO JAIME FERREIRA.<\/p>\n<p>6 &#8211;\u00a0<a href=\"https:\/\/catolicadeanapolis.edu.br\/biblioteca\/wp-content\/uploads\/2018\/08\/LEIDE-SARA-SILVA-COSTA-2013.pdf\">EDUCA\u00c7\u00c3O AMBIENTAL: ESTUDO DE CASO NA ESCOLA MUNICIPAL EUR\u00cdPEDES ALMEIDA MARTINS \u2013 AN\u00c1POLIS\/GO.<\/a>\u00a0 <span class=\"fontstyle0\">Leide Sara Silva Costa &#8211; Natiele Marcos Cavalcante<\/span>\u00a0.<\/p>\n<p>7 &#8211;\u00a0<a href=\"https:\/\/catolicadeanapolis.edu.br\/biblioteca\/wp-content\/uploads\/2018\/08\/EDNA-DAYANE-DE-BESSA-ALMADA-2013.pdf\">EDUCA\u00c7\u00c3O AMBIENTAL ATRAV\u00c9S DO USO DE TRILHA ECOL\u00d3GICA NO SEMIN\u00c1RIO REGINA MINORUM AN\u00c1POLIS\/GO.<\/a>\u00a0\u00a0 <span class=\"fontstyle0\">Edna Dayane de Bessa Almada<br \/>\nMorgana de Araujo Bernardes<\/span><\/p>\n<p>8 &#8211;\u00a0<a href=\"https:\/\/catolicadeanapolis.edu.br\/biblioteca\/wp-content\/uploads\/2018\/08\/CARLOS-EDUARDO-REGES-DE-OLIVEIRA-2013.pdf\">PROCESSOS DE LICENCIAMENTO AMBIENTAL: ESTUDO DO CASO DA CONSTRU\u00c7\u00c3O DE UM SUPERMERCADO EM ANAPOLIS<\/a>\u00a0&#8211;\u00a0 <span class=\"fontstyle0\">CARLOS EDUARDO REGES DE OLIVEIRA<br \/>\nNAYARA SANT\u2019ANA DE MORAES<\/span>\u00a0.<\/p>\n","protected":false},"excerpt":{"rendered":"<p>1-\u00a0ESTUDO DE RES\u00cdDUOS FARMAC\u00caUTICOS DA EMBALAGEM FINAL DO GRIPED NA EMPRESA BOAFARMA, AN\u00c1POLIS GO\u00a0&#8211; WESLEY DE SOUZA\u00a0 SILVA &#8211; LUCAS RIBEIRO BRAGA. 2 &#8211;\u00a0DIAGN\u00d3STICO DO PROCESSO DE IMPLANTA\u00c7\u00c3O DO ATERRO SANIT\u00c1RIO NO MUNIC\u00cdPIO DE CAMPO LIMPO DE GOI\u00c1S CONFORME LEI FEDERAL 12.305\/10\u00a0&#8211; ENI RIBEIRO DE MOURA &#8211; SEBASTI\u00c3O DOS SANTOS . 3 &#8211;\u00a0PROPOSTA DE EDUCA\u00c7\u00c3O [&hellip;]<\/p>\n","protected":false},"author":6,"featured_media":0,"parent":60,"menu_order":0,"comment_status":"closed","ping_status":"closed","template":"","meta":[],"_links":{"self":[{"href":"https:\/\/catolicadeanapolis.edu.br\/biblioteca\/index.php?rest_route=\/wp\/v2\/pages\/900"}],"collection":[{"href":"https:\/\/catolicadeanapolis.edu.br\/biblioteca\/index.php?rest_route=\/wp\/v2\/pages"}],"about":[{"href":"https:\/\/catolicadeanapolis.edu.br\/biblioteca\/index.php?rest_route=\/wp\/v2\/types\/page"}],"author":[{"embeddable":true,"href":"https:\/\/catolicadeanapolis.edu.br\/biblioteca\/index.php?rest_route=\/wp\/v2\/users\/6"}],"replies":[{"embeddable":true,"href":"https:\/\/catolicadeanapolis.edu.br\/biblioteca\/index.php?rest_route=%2Fwp%2Fv2%2Fcomments&post=900"}],"version-history":[{"count":4,"href":"https:\/\/catolicadeanapolis.edu.br\/biblioteca\/index.php?rest_route=\/wp\/v2\/pages\/900\/revisions"}],"predecessor-version":[{"id":921,"href":"https:\/\/catolicadeanapolis.edu.br\/biblioteca\/index.php?rest_route=\/wp\/v2\/pages\/900\/revisions\/921"}],"up":[{"embeddable":true,"href":"https:\/\/catolicadeanapolis.edu.br\/biblioteca\/index.php?rest_route=\/wp\/v2\/pages\/60"}],"wp:attachment":[{"href":"https:\/\/catolicadeanapolis.edu.br\/biblioteca\/index.php?rest_route=%2Fwp%2Fv2%2Fmedia&parent=900"}],"curies":[{"name":"wp","href":"https:\/\/api.w.org\/{rel}","templated":true}]}}