{"id":907,"date":"2018-08-09T17:25:20","date_gmt":"2018-08-09T17:25:20","guid":{"rendered":"https:\/\/catolicadeanapolis.edu.br\/biblioteca\/?page_id=907"},"modified":"2021-06-24T18:17:25","modified_gmt":"2021-06-24T18:17:25","slug":"gestao-ambiental-2017","status":"publish","type":"page","link":"https:\/\/catolicadeanapolis.edu.br\/biblioteca\/?page_id=907","title":{"rendered":"Gest\u00e3o Ambiental 2017"},"content":{"rendered":"<p>1 &#8211;\u00a0<a href=\"https:\/\/catolicadeanapolis.edu.br\/biblioteca\/wp-content\/uploads\/2018\/08\/CARLOS-EDUARDO-GOMES-BEZERRA-2017.pdf\">SISTEMA DE TRATAMENTO DE EFLUENTES EM IND\u00daSTRIA DE FABRICA\u00c7\u00c3O DE HORM\u00d4NIOS.<\/a>\u00a0&#8211;\u00a0<span class=\"fontstyle0\">CARLOS EDUARDO GOMES BEZERRA, DORCELINA OTONI LIMA. &#8211; ORIENTA\u00c7\u00c3O:\u00a0<\/span><\/p>\n<p>2 &#8211;\u00a0<a href=\"https:\/\/catolicadeanapolis.edu.br\/biblioteca\/wp-content\/uploads\/2018\/08\/JULIANA-CRISTINA-DE-MELLO-GOMES-2017.pdf\">USO DE BIOCONSTRU\u00c7\u00d5ES E CONSTRU\u00c7\u00d5ES SUSTENT\u00c1VEIS NO AMBIENTE URBANO.<\/a>\u00a0&#8211;\u00a0<span class=\"fontstyle0\">JULIANA CRISTINA DE MELLO GOMES. &#8211; ORIENTA\u00c7\u00c3O:\u00a0<\/span><\/p>\n<p>3 &#8211;\u00a0<a href=\"https:\/\/catolicadeanapolis.edu.br\/biblioteca\/wp-content\/uploads\/2018\/08\/NIVALDO-PAULO-CARDOSO-2017.pdf\">APROVEITAMENTO DE \u00c1GUA DE CHUVA EM RESID\u00caNCIAS.<\/a>\u00a0&#8211;\u00a0<span class=\"fontstyle0\">NIVALDO PAULO CARDOSO. &#8211; ORIENTA\u00c7\u00c3O:\u00a0<\/span><\/p>\n<p>4 &#8211;\u00a0<a href=\"https:\/\/catolicadeanapolis.edu.br\/biblioteca\/wp-content\/uploads\/2018\/08\/FERNANDO-DIVINO-DO-NASCIMENTO-CARVALHO-2017.pdf\">TECNOLOGIAS EM TRATAMENTO DE EFLUENTES: REVIS\u00c3O BIBLIOGR\u00c1FICA E PESQUISA DE CAMPO NAS ESTA\u00c7\u00d5ES DE TRATAMENTO DE EFLUENTES DO DISTRITO AGROINDUSTRIAL DE AN\u00c1POLIS.<\/a> &#8211;\u00a0<span class=\"fontstyle0\">FERNANDO DIVINO DO NASCIMENTO CARVALHO. &#8211; ORIENTA\u00c7\u00c3O:\u00a0<\/span><\/p>\n<p>5 &#8211;\u00a0<a href=\"https:\/\/catolicadeanapolis.edu.br\/biblioteca\/wp-content\/uploads\/2021\/06\/JERLANE-DA-CONCEI\u00c7\u00c3O-MAGALH\u00c3ES.pdf\">PR\u00c1TICA DE EDUCA\u00c7\u00c3O AMBIENTAL PARA CRIAN\u00c7AS ESPECIAIS.<\/a> &#8211; JERLANE DA CONCEI\u00c7\u00c3O MAGALH\u00c3ES. &#8211; ORIENTA\u00c7\u00c3O: PROF\u00ba ESP. RICARDO MOREIRA DE CASTRO.<\/p>\n<p>&nbsp;<\/p>\n","protected":false},"excerpt":{"rendered":"<p>1 &#8211;\u00a0SISTEMA DE TRATAMENTO DE EFLUENTES EM IND\u00daSTRIA DE FABRICA\u00c7\u00c3O DE HORM\u00d4NIOS.\u00a0&#8211;\u00a0CARLOS EDUARDO GOMES BEZERRA, DORCELINA OTONI LIMA. &#8211; ORIENTA\u00c7\u00c3O:\u00a0 2 &#8211;\u00a0USO DE BIOCONSTRU\u00c7\u00d5ES E CONSTRU\u00c7\u00d5ES SUSTENT\u00c1VEIS NO AMBIENTE URBANO.\u00a0&#8211;\u00a0JULIANA CRISTINA DE MELLO GOMES. &#8211; ORIENTA\u00c7\u00c3O:\u00a0 3 &#8211;\u00a0APROVEITAMENTO DE \u00c1GUA DE CHUVA EM RESID\u00caNCIAS.\u00a0&#8211;\u00a0NIVALDO PAULO CARDOSO. &#8211; ORIENTA\u00c7\u00c3O:\u00a0 4 &#8211;\u00a0TECNOLOGIAS EM TRATAMENTO DE EFLUENTES: REVIS\u00c3O [&hellip;]<\/p>\n","protected":false},"author":6,"featured_media":0,"parent":60,"menu_order":3,"comment_status":"closed","ping_status":"closed","template":"","meta":[],"_links":{"self":[{"href":"https:\/\/catolicadeanapolis.edu.br\/biblioteca\/index.php?rest_route=\/wp\/v2\/pages\/907"}],"collection":[{"href":"https:\/\/catolicadeanapolis.edu.br\/biblioteca\/index.php?rest_route=\/wp\/v2\/pages"}],"about":[{"href":"https:\/\/catolicadeanapolis.edu.br\/biblioteca\/index.php?rest_route=\/wp\/v2\/types\/page"}],"author":[{"embeddable":true,"href":"https:\/\/catolicadeanapolis.edu.br\/biblioteca\/index.php?rest_route=\/wp\/v2\/users\/6"}],"replies":[{"embeddable":true,"href":"https:\/\/catolicadeanapolis.edu.br\/biblioteca\/index.php?rest_route=%2Fwp%2Fv2%2Fcomments&post=907"}],"version-history":[{"count":5,"href":"https:\/\/catolicadeanapolis.edu.br\/biblioteca\/index.php?rest_route=\/wp\/v2\/pages\/907\/revisions"}],"predecessor-version":[{"id":2969,"href":"https:\/\/catolicadeanapolis.edu.br\/biblioteca\/index.php?rest_route=\/wp\/v2\/pages\/907\/revisions\/2969"}],"up":[{"embeddable":true,"href":"https:\/\/catolicadeanapolis.edu.br\/biblioteca\/index.php?rest_route=\/wp\/v2\/pages\/60"}],"wp:attachment":[{"href":"https:\/\/catolicadeanapolis.edu.br\/biblioteca\/index.php?rest_route=%2Fwp%2Fv2%2Fmedia&parent=907"}],"curies":[{"name":"wp","href":"https:\/\/api.w.org\/{rel}","templated":true}]}}