{"id":952,"date":"2018-08-22T14:13:01","date_gmt":"2018-08-22T14:13:01","guid":{"rendered":"https:\/\/catolicadeanapolis.edu.br\/biblioteca\/?page_id=952"},"modified":"2019-11-07T13:26:55","modified_gmt":"2019-11-07T13:26:55","slug":"recursos-humanos-2017","status":"publish","type":"page","link":"https:\/\/catolicadeanapolis.edu.br\/biblioteca\/?page_id=952","title":{"rendered":"Recursos Humanos 2017"},"content":{"rendered":"<p><a href=\"https:\/\/catolicadeanapolis.edu.br\/biblioteca\/wp-content\/uploads\/2018\/08\/JOELMA-REGIANE-DUTRA-2017.pdf\">QUALIDADE DE VIDA NO TRABALHO DE PROFESSORES DE N\u00cdVEL SUPERIOR DE UMA FACULDADE PRIVADA<\/a>\u00a0. JOELMA REGIANE DUTRA ; JULIO CEZAR MIRANDA DE SOUSA ; RENATO JOS\u00c9 DE ANDRADE.<\/p>\n<p><a href=\"https:\/\/catolicadeanapolis.edu.br\/biblioteca\/wp-content\/uploads\/2018\/08\/JAQUELINE-DE-ARAUJO-LEMES-2017-1.pdf\">O ENDOMARKETING EMPREGADO NA EMPRESA RG LOG LOG\u00cdSTICA E TRANSPORTE LTDA<\/a>\u00a0: JAQUELINE DE ARA\u00daJO LEMES ; LEONICE FEITOSA DE OLIVEIRA NOGUEIRA.<\/p>\n<p><a href=\"https:\/\/catolicadeanapolis.edu.br\/biblioteca\/wp-content\/uploads\/2018\/08\/ELIZABETH-PEREIRA-DE-GODOI-2017.pdf\">UM ESTUDO SOBRE O ESTRESSE OCUPACIONAL NO CORPO DE BOMBEIROS EM AN\u00c1POLIS<\/a>\u00a0:\u00a0 <span class=\"fontstyle0\">ELIZABETH PEREIRA DE GODOI; MIRIAM MOREIRA DOS SANTOS ; ST\u00c9PHANIE ; KATY NUNES DOS SANTOS ; VANUZA FERREIRA CARDOSO<\/span>\u00a0.<\/p>\n<p><a href=\"https:\/\/catolicadeanapolis.edu.br\/biblioteca\/wp-content\/uploads\/2018\/10\/Ana-Claudia-Vasconcelos-Gomes.pdf\"><span class=\"fontstyle0\">INCLUS\u00c3O DAS PESSOAS COM DEFICI\u00caNCIA NO MERCADO DE TRABALHO DA CIDADE DE AN\u00c1POLIS<\/span><\/a>\u00a0&#8211;\u00a0 <span class=\"fontstyle0\">ANA CLAUDIA VASCONCELOS GOMES; ARIELLY DOS REIS DIAS; VANESSA NASCIMENTO MESSIAS; WELLINGTON HENRIQUE DE ABREU<\/span>\u00a0&#8211; Orientador:\u00a0<span class=\"fontstyle0\">Prof. Esp.<br \/>\nRodrigo Messias de Souza.<\/span><\/p>\n<p><a href=\"https:\/\/catolicadeanapolis.edu.br\/biblioteca\/wp-content\/uploads\/2018\/10\/Elisama-Rodrigues-de-Lima-Dias.pdf\"><span class=\"fontstyle0\">ESTUDO DO ESTRESSE OCUPACIONAL NA IND\u00daSTRIA AUTOMOBIL\u00cdSTICA<\/span><\/a>\u00a0&#8211;\u00a0\u00a0ELISAMA\u00a0<span class=\"fontstyle0\">RODRIGUES DE LIMA DIAS; FRANCISCO ANT\u00d4NIO CRUZ JUNIOR; GABRIEL COSTA DA CRUZ; GLENDA LET\u00cdCIA DE ARA\u00daJO MENDES; VIT\u00d3RIA PEREIRA DOS SANTOS &#8211; ORIENTADOR:\u00a0<\/span>PROF.MS. WILTON ALVES FERREIRA J\u00daNIOR.<\/p>\n<p><span class=\"fontstyle0\"><a href=\"https:\/\/catolicadeanapolis.edu.br\/biblioteca\/wp-content\/uploads\/2018\/11\/A-VIS%C3%83O-DO-CENTRO-SALESIANO-DE-GOI%C3%81S-COM-RELA%C3%87%C3%83O-AO-PROGRAMA.pdf\"> A VIS\u00c3O DO CENTRO SALESIANO DE GOI\u00c1S COM RELA\u00c7\u00c3O AO PROGRAMA JOVEM APRENDIZ<\/a>\u00a0&#8211;\u00a0 BIANCA MONIQUE PEREIRA DA SILVA,JENIFFER GOMES VIEIRA, JESSICA SILVA MOREIRA, TAYNARA NUNES DE SOUSA\u00a0&#8211; ORIENTADOR:\u00a0 Prof. Esp. Rodrigo Messias de Souza.<\/span><\/p>\n<p><a href=\"https:\/\/catolicadeanapolis.edu.br\/biblioteca\/wp-content\/uploads\/2019\/05\/JOVEM-APRENDIZ-TCC-Bianca-2.pdf\">A VIS\u00c3O DO CENTRO SALESIANO DE GOI\u00c1S COM RELA\u00c7\u00c3O AO PROGRAMA\u00a0JOVEM APRENDIZ<\/a> &#8211; Bianca Monique Pereira da Silva, Jeniffer Gomes Vieira, Jessica Silva Moreira e Taynara Nunes de Sousa &#8211; Orientador (a):\u00a0 Prof. Esp. Rodrigo Messias de Souza.<\/p>\n<p>&nbsp;<\/p>\n","protected":false},"excerpt":{"rendered":"<p>QUALIDADE DE VIDA NO TRABALHO DE PROFESSORES DE N\u00cdVEL SUPERIOR DE UMA FACULDADE PRIVADA\u00a0. JOELMA REGIANE DUTRA ; JULIO CEZAR MIRANDA DE SOUSA ; RENATO JOS\u00c9 DE ANDRADE. O ENDOMARKETING EMPREGADO NA EMPRESA RG LOG LOG\u00cdSTICA E TRANSPORTE LTDA\u00a0: JAQUELINE DE ARA\u00daJO LEMES ; LEONICE FEITOSA DE OLIVEIRA NOGUEIRA. UM ESTUDO SOBRE O ESTRESSE OCUPACIONAL [&hellip;]<\/p>\n","protected":false},"author":4,"featured_media":0,"parent":62,"menu_order":0,"comment_status":"closed","ping_status":"closed","template":"","meta":[],"_links":{"self":[{"href":"https:\/\/catolicadeanapolis.edu.br\/biblioteca\/index.php?rest_route=\/wp\/v2\/pages\/952"}],"collection":[{"href":"https:\/\/catolicadeanapolis.edu.br\/biblioteca\/index.php?rest_route=\/wp\/v2\/pages"}],"about":[{"href":"https:\/\/catolicadeanapolis.edu.br\/biblioteca\/index.php?rest_route=\/wp\/v2\/types\/page"}],"author":[{"embeddable":true,"href":"https:\/\/catolicadeanapolis.edu.br\/biblioteca\/index.php?rest_route=\/wp\/v2\/users\/4"}],"replies":[{"embeddable":true,"href":"https:\/\/catolicadeanapolis.edu.br\/biblioteca\/index.php?rest_route=%2Fwp%2Fv2%2Fcomments&post=952"}],"version-history":[{"count":8,"href":"https:\/\/catolicadeanapolis.edu.br\/biblioteca\/index.php?rest_route=\/wp\/v2\/pages\/952\/revisions"}],"predecessor-version":[{"id":2002,"href":"https:\/\/catolicadeanapolis.edu.br\/biblioteca\/index.php?rest_route=\/wp\/v2\/pages\/952\/revisions\/2002"}],"up":[{"embeddable":true,"href":"https:\/\/catolicadeanapolis.edu.br\/biblioteca\/index.php?rest_route=\/wp\/v2\/pages\/62"}],"wp:attachment":[{"href":"https:\/\/catolicadeanapolis.edu.br\/biblioteca\/index.php?rest_route=%2Fwp%2Fv2%2Fmedia&parent=952"}],"curies":[{"name":"wp","href":"https:\/\/api.w.org\/{rel}","templated":true}]}}