{"id":1271,"date":"2020-11-25T02:47:18","date_gmt":"2020-11-25T02:47:18","guid":{"rendered":"https:\/\/catolicadeanapolis.edu.br\/revistamagistro\/?page_id=1271"},"modified":"2021-12-14T19:14:49","modified_gmt":"2021-12-14T19:14:49","slug":"ano-xiii-n-28-anapolis-2020","status":"publish","type":"page","link":"https:\/\/catolicadeanapolis.edu.br\/revistamagistro\/ano-xiii-n-28-anapolis-2020\/","title":{"rendered":"Ano XIII n\u00ba. 28 &#8211; An\u00e1polis &#8211; 2020"},"content":{"rendered":"\n<p><a href=\"https:\/\/catolicadeanapolis.edu.br\/revistamagistro\/wp-content\/uploads\/2020\/11\/Apresenta\u00e7\u00e3o.pdf\">Apresenta\u00e7\u00e3o<\/a><\/p>\n\n\n\n<p><a href=\"https:\/\/catolicadeanapolis.edu.br\/revistamagistro\/wp-content\/uploads\/2020\/11\/sumario.pdf\">Sum\u00e1rio<\/a><\/p>\n\n\n\n<p>1 &#8211; <a href=\"https:\/\/catolicadeanapolis.edu.br\/revistamagistro\/wp-content\/uploads\/2020\/11\/Eu-O-vi.pdf\">Eu O vi<\/a> &#8211;  Pe. Rog\u00e9rio Moraes  <br><\/p>\n\n\n\n<p>2 &#8211; <a href=\"https:\/\/catolicadeanapolis.edu.br\/revistamagistro\/wp-content\/uploads\/2020\/11\/A-perspectiva-filos\u00f3fico-cient\u00edfica-do-\u00e1tomo-na-subst\u00e2ncia-ou-nos-sistemas-naturais.pdf\">A perspectiva filos\u00f3fico-cient\u00edfica do \u00e1tomo na subst\u00e2ncia ou nos sistemas naturais<\/a> &#8211; Pe. Fran\u00e7\u00f3a Costa<\/p>\n\n\n\n<p>3 &#8211; <a href=\"https:\/\/catolicadeanapolis.edu.br\/revistamagistro\/wp-content\/uploads\/2020\/11\/Nossa-voca\u00e7\u00e3o-\u00e0-santidade.pdf\">Nossa voca\u00e7\u00e3o \u00e0 santidade<\/a> &#8211;  Pe. F\u00e1bio Aparecido Barbosa  <\/p>\n\n\n\n<p>4 &#8211; <a href=\"https:\/\/catolicadeanapolis.edu.br\/revistamagistro\/wp-content\/uploads\/2020\/11\/Cr\u00edtica-feminista-\u00e0-universaliza\u00e7\u00e3o-do-sujeito.pdf\">Cr\u00edtica feminista \u00e0 universaliza\u00e7\u00e3o do sujeito<\/a> &#8211; Diego S. Freire &#8211; Marcos D. Silveira<\/p>\n\n\n\n<p>5 &#8211; <a href=\"https:\/\/catolicadeanapolis.edu.br\/revistamagistro\/wp-content\/uploads\/2020\/11\/A-perman\u00eancia-da-subalternidade-atrav\u00e9s-da-colonialidade-do-poder-no-processo-de-descoloniza\u00e7\u00e3o-da-Arg\u00e9lia.pdf\">A perman\u00eancia da subalternidade atrav\u00e9s da colonialidade do poder no processo de descoloniza\u00e7\u00e3o da Arg\u00e9lia<\/a> &#8211; Thales D. de Lima, Thain\u00e1 Alves<\/p>\n\n\n\n<p>6 &#8211;<a href=\"https:\/\/catolicadeanapolis.edu.br\/revistamagistro\/wp-content\/uploads\/2020\/11\/Edith-Stein-e-a-crise-contempor\u00e2nea-da-identidade.pdf\"> Edith Stein e a crise contempor\u00e2nea da identidade<\/a> &#8211; Wanderson Silva, Tobias Goul\u00e3o<\/p>\n\n\n\n<p>7 &#8211; <a href=\"https:\/\/catolicadeanapolis.edu.br\/revistamagistro\/wp-content\/uploads\/2020\/11\/Dom-Manoel-Pestana-Filho-In-Te-Projectus.pdf\">Dom Manoel Pestana Filho: In Te Projectus<\/a> &#8211; Kelly Santos, Marcos da Silveira<\/p>\n\n\n\n<p>8 &#8211; <a href=\"https:\/\/catolicadeanapolis.edu.br\/revistamagistro\/wp-content\/uploads\/2020\/11\/O-desenvolvimento-das-ci\u00eancias-f\u00edsico-matem\u00e1ticas-modernas-e-seus-limites-um-retorno-ao-barco.pdf\">O desenvolvimento das ci\u00eancias f\u00edsico-matem\u00e1ticas modernas e seus limites um retorno ao barco<\/a> &#8211; Marcos Rangel, Tobias Goul\u00e3o.<\/p>\n\n\n\n<p>9 &#8211; <a href=\"https:\/\/catolicadeanapolis.edu.br\/revistamagistro\/wp-content\/uploads\/2020\/11\/Misericordiosi-come-Il-Padre.pdf\">Misericordiosi come Il Padre<\/a> &#8211; Anevair Silva<\/p>\n","protected":false},"excerpt":{"rendered":"<p>Apresenta\u00e7\u00e3o Sum\u00e1rio 1 &#8211; Eu O vi &#8211; Pe. Rog\u00e9rio Moraes 2 &#8211; A perspectiva filos\u00f3fico-cient\u00edfica do \u00e1tomo na subst\u00e2ncia ou nos sistemas naturais &#8211; Pe. Fran\u00e7\u00f3a Costa 3 &#8211; Nossa voca\u00e7\u00e3o \u00e0 santidade &#8211; Pe. F\u00e1bio Aparecido Barbosa 4 &#8211; Cr\u00edtica feminista \u00e0 universaliza\u00e7\u00e3o do sujeito &#8211; Diego S. Freire &#8211; Marcos D. Silveira [&hellip;]<\/p>\n","protected":false},"author":1,"featured_media":0,"parent":0,"menu_order":29,"comment_status":"closed","ping_status":"closed","template":"","meta":[],"_links":{"self":[{"href":"https:\/\/catolicadeanapolis.edu.br\/revistamagistro\/wp-json\/wp\/v2\/pages\/1271"}],"collection":[{"href":"https:\/\/catolicadeanapolis.edu.br\/revistamagistro\/wp-json\/wp\/v2\/pages"}],"about":[{"href":"https:\/\/catolicadeanapolis.edu.br\/revistamagistro\/wp-json\/wp\/v2\/types\/page"}],"author":[{"embeddable":true,"href":"https:\/\/catolicadeanapolis.edu.br\/revistamagistro\/wp-json\/wp\/v2\/users\/1"}],"replies":[{"embeddable":true,"href":"https:\/\/catolicadeanapolis.edu.br\/revistamagistro\/wp-json\/wp\/v2\/comments?post=1271"}],"version-history":[{"count":12,"href":"https:\/\/catolicadeanapolis.edu.br\/revistamagistro\/wp-json\/wp\/v2\/pages\/1271\/revisions"}],"predecessor-version":[{"id":1325,"href":"https:\/\/catolicadeanapolis.edu.br\/revistamagistro\/wp-json\/wp\/v2\/pages\/1271\/revisions\/1325"}],"wp:attachment":[{"href":"https:\/\/catolicadeanapolis.edu.br\/revistamagistro\/wp-json\/wp\/v2\/media?parent=1271"}],"curies":[{"name":"wp","href":"https:\/\/api.w.org\/{rel}","templated":true}]}}