{"id":193,"date":"2013-05-27T22:16:32","date_gmt":"2013-05-27T22:16:32","guid":{"rendered":"http:\/\/catolicadeanapolis.edu.br\/revmagistro\/?page_id=193"},"modified":"2013-05-27T23:44:54","modified_gmt":"2013-05-27T23:44:54","slug":"ano-vi-no-10-anapolis-20131","status":"publish","type":"page","link":"https:\/\/catolicadeanapolis.edu.br\/revistamagistro\/ano-vi-no-10-anapolis-20131\/","title":{"rendered":"ANO VI N\u00ba.11 \u2013 AN\u00c1POLIS \u2013 2013\/1"},"content":{"rendered":"<p><a href=\"https:\/\/catolicadeanapolis.edu.br\/revistamagistro\/wp-content\/uploads\/2013\/05\/apresentacao.pdf\" target=\"_blank\">Apresenta\u00e7\u00e3o<\/a><\/p>\n<p>1 &#8211; <a href=\"https:\/\/catolicadeanapolis.edu.br\/revistamagistro\/wp-content\/uploads\/2013\/05\/1-\u00c1GUA-E-O-DESENVOLVIMENTO-SUSTENT\u00c1VEL.pdf\" target=\"_blank\">\u00c1GUA E O DESENVOLVIMENTO SUSTENT\u00c1VEL<\/a> \u00a0Wander L\u00facio Braga e Sousa,\u00a0Milton Neemias<\/p>\n<p>2 &#8211; <a href=\"https:\/\/catolicadeanapolis.edu.br\/revistamagistro\/wp-content\/uploads\/2013\/05\/2-CONTRIBUI\u00c7\u00c3O-DA-NEUROCI\u00caNCIA-PARA-A-TEORIA-DO-CONHECIMENTO.pdf\" target=\"_blank\">CONTRIBUI\u00c7\u00c3O DA NEUROCI\u00caNCIA PARA A TEORIA DO CONHECIMENTO<\/a>\u00a0Marcos Delson da Silveira<\/p>\n<p>3 &#8211;<a href=\"https:\/\/catolicadeanapolis.edu.br\/revistamagistro\/wp-content\/uploads\/2013\/05\/3-INFORM\u00c1TICA-NAS-ESCOLAS.pdf\" target=\"_blank\"> INFORM\u00c1TICA NAS ESCOLAS<\/a>\u00a0Ana L\u00edvia de Almeida 6,\u00a0Maria In\u00e1cia Lopes<\/p>\n<p>4 &#8211;\u00a0<a href=\"https:\/\/catolicadeanapolis.edu.br\/revistamagistro\/wp-content\/uploads\/2013\/05\/4-MARIA-MODELO-DA-ACOLHIDA-DA-PALAVRA-DE-DEUS.pdf\" target=\"_blank\">MARIA, MODELO DA ACOLHIDA DA PALAVRA DE\u00a0DEUS<\/a>\u00a0De Pe. Fidelis Stockl, ORC<\/p>\n<p>5 &#8211;<a href=\"https:\/\/catolicadeanapolis.edu.br\/revistamagistro\/wp-content\/uploads\/2013\/05\/5-RAZ\u00c3O-PELA-QUAL-MARIA-\u00c9-A-M\u00c3E-DE-DEUS.pdf\" target=\"_blank\">\u00a0RAZ\u00c3O PELA QUAL MARIA \u00c9 A M\u00c3E DE DEUS<\/a> \u00a0Margarida Maria,\u00a0Frei Fl\u00e1vio Pereira Nol\u00eato, O.F.M.<\/p>\n<p>6 &#8211;\u00a0<em id=\"__mceDel\" style=\"line-height: 1.714285714; font-size: 1rem;\"><a href=\"https:\/\/catolicadeanapolis.edu.br\/revistamagistro\/wp-content\/uploads\/2013\/05\/6-RECONSTITUINDO-AS-ORIGENS-DO-CURSO-DE-PEDAGOGIA-.pdf\" target=\"_blank\">RECONSTITUINDO AS ORIGENS DO CURSO DE PEDAGOGIA<\/a> \u00a0<\/em><em id=\"__mceDel\" style=\"line-height: 1.714285714; font-size: 1rem;\"><em id=\"__mceDel\">Adriana Rocha Vilela Arantes<\/em><\/em><\/p>\n<p>7 &#8211;\u00a0<a href=\"https:\/\/catolicadeanapolis.edu.br\/revistamagistro\/wp-content\/uploads\/2013\/05\/7-RESILI\u00caNCIA-HUMANA-.pdf\" target=\"_blank\"><em id=\"__mceDel\" style=\"line-height: 1.714285714; font-size: 1rem;\">RESILI\u00caNCIA HUMANA56\u00a0<\/em><\/a><em id=\"__mceDel\" style=\"line-height: 1.714285714; font-size: 1rem;\"><em id=\"__mceDel\"><a href=\"https:\/\/catolicadeanapolis.edu.br\/revistamagistro\/wp-content\/uploads\/2013\/05\/7-RESILI\u00caNCIA-HUMANA-.pdf\" target=\"_blank\">REFLEX\u00d5ES SOBRE A SUPERA\u00c7\u00c3O DE ADVERSIDADES<\/a>\u00a0<\/em><\/em><em id=\"__mceDel\" style=\"line-height: 1.714285714; font-size: 1rem;\"><em id=\"__mceDel\"><em id=\"__mceDel\">Ms. Artur Vandr\u00e9 Pitanga,\u00a0<\/em><\/em><\/em><em id=\"__mceDel\" style=\"line-height: 1.714285714; font-size: 1rem;\"><em id=\"__mceDel\"><em id=\"__mceDel\"><em id=\"__mceDel\">Dr. Luc Vandenberghe<\/em><\/em><\/em><\/em><\/p>\n","protected":false},"excerpt":{"rendered":"<p>Apresenta\u00e7\u00e3o 1 &#8211; \u00c1GUA E O DESENVOLVIMENTO SUSTENT\u00c1VEL \u00a0Wander L\u00facio Braga e Sousa,\u00a0Milton Neemias 2 &#8211; CONTRIBUI\u00c7\u00c3O DA NEUROCI\u00caNCIA PARA A TEORIA DO CONHECIMENTO\u00a0Marcos Delson da Silveira 3 &#8211; INFORM\u00c1TICA NAS ESCOLAS\u00a0Ana L\u00edvia de Almeida 6,\u00a0Maria In\u00e1cia Lopes 4 &#8211;\u00a0MARIA, MODELO DA ACOLHIDA DA PALAVRA DE\u00a0DEUS\u00a0De Pe. Fidelis Stockl, ORC 5 &#8211;\u00a0RAZ\u00c3O PELA QUAL MARIA [&hellip;]<\/p>\n","protected":false},"author":1,"featured_media":0,"parent":0,"menu_order":0,"comment_status":"closed","ping_status":"closed","template":"","meta":[],"_links":{"self":[{"href":"https:\/\/catolicadeanapolis.edu.br\/revistamagistro\/wp-json\/wp\/v2\/pages\/193"}],"collection":[{"href":"https:\/\/catolicadeanapolis.edu.br\/revistamagistro\/wp-json\/wp\/v2\/pages"}],"about":[{"href":"https:\/\/catolicadeanapolis.edu.br\/revistamagistro\/wp-json\/wp\/v2\/types\/page"}],"author":[{"embeddable":true,"href":"https:\/\/catolicadeanapolis.edu.br\/revistamagistro\/wp-json\/wp\/v2\/users\/1"}],"replies":[{"embeddable":true,"href":"https:\/\/catolicadeanapolis.edu.br\/revistamagistro\/wp-json\/wp\/v2\/comments?post=193"}],"version-history":[{"count":8,"href":"https:\/\/catolicadeanapolis.edu.br\/revistamagistro\/wp-json\/wp\/v2\/pages\/193\/revisions"}],"predecessor-version":[{"id":210,"href":"https:\/\/catolicadeanapolis.edu.br\/revistamagistro\/wp-json\/wp\/v2\/pages\/193\/revisions\/210"}],"wp:attachment":[{"href":"https:\/\/catolicadeanapolis.edu.br\/revistamagistro\/wp-json\/wp\/v2\/media?parent=193"}],"curies":[{"name":"wp","href":"https:\/\/api.w.org\/{rel}","templated":true}]}}