{"id":547,"date":"2016-04-01T13:39:27","date_gmt":"2016-04-01T13:39:27","guid":{"rendered":"https:\/\/catolicadeanapolis.edu.br\/revistamagistro\/?page_id=547"},"modified":"2016-04-28T17:31:09","modified_gmt":"2016-04-28T17:31:09","slug":"ano-ix-no-18-anapolis-20161-2","status":"publish","type":"page","link":"https:\/\/catolicadeanapolis.edu.br\/revistamagistro\/ano-ix-no-18-anapolis-20161-2\/","title":{"rendered":"Ano IX \u2013 N\u00ba. 18. \u2013 An\u00e1polis \u2013 2016\/1"},"content":{"rendered":"<p><a href=\"https:\/\/catolicadeanapolis.edu.br\/revistamagistro\/wp-content\/uploads\/2016\/04\/apresentacao-revma-2016.1.pdf\">Apresenta\u00e7\u00e3o<\/a><\/p>\n<p><a href=\"https:\/\/catolicadeanapolis.edu.br\/revistamagistro\/wp-content\/uploads\/2016\/04\/sumario-revma-2016.1.pdf\">Sum\u00e1rio<\/a><\/p>\n<p>1-\u00a0<a href=\"https:\/\/catolicadeanapolis.edu.br\/revistamagistro\/wp-content\/uploads\/2016\/04\/a-constru\u00e7\u00e3o-do-car\u00e1ter-em-s\u00e3o-tom\u00e1s-de-aquino.pdf\">A constru\u00e7\u00e3o do car\u00e1ter em S\u00e3o Tom\u00e1s de Aquino<\/a> &#8211;\u00a0Karina Donizete Martins,\u00a0Rafael Bueno da Silva,\u00a0Patrick Alves.<\/p>\n<p>2-<a href=\"https:\/\/catolicadeanapolis.edu.br\/revistamagistro\/wp-content\/uploads\/2016\/04\/algumas-considera\u00e7\u00f5es-sobre-a-ideia-de-verdade-ao-longo-da-hist\u00f3ria-do-pensamento-filos\u00f3fico-e-a-filosofia-cl\u00ednica.pdf\">\u00a0<\/a><span style=\"color: black; font-family: Helvetica, sans-serif; line-height: 115%; font-size: 1rem;\"><a href=\"https:\/\/catolicadeanapolis.edu.br\/revistamagistro\/wp-content\/uploads\/2016\/04\/algumas-considera\u00e7\u00f5es-sobre-a-ideia-de-verdade-ao-longo-da-hist\u00f3ria-do-pensamento-filos\u00f3fico-e-a-filosofia-cl\u00ednica.pdf\">Algumas considera\u00e7\u00f5es sobre a ideia de verdade ao longo da hist\u00f3ria do pensamento filos\u00f3fico e a filosofia cl\u00ednica <\/a>&#8211;\u00a0<\/span><span style=\"color: black; font-family: Helvetica, sans-serif; line-height: 1.71429; font-size: 1rem;\">Marcos Delson da Silveira<\/span><\/p>\n<p>3-\u00a0<a href=\"https:\/\/catolicadeanapolis.edu.br\/revistamagistro\/wp-content\/uploads\/2016\/04\/disputas-impressas-conflitos-na-prov\u00edncia-do-mato-grosso-entre-o-primeiro-reinado-e-a-reg\u00eancia-1830-1834.pdf\">Disputas Impressas: Conflitos na prov\u00edncia do Mato Grosso entre o primeiro Reinado e a Reg\u00eancia (1830-1834)<\/a> &#8211;\u00a0Thalles Murilo Vaz Costa<\/p>\n<p>4-\u00a0<a href=\"https:\/\/catolicadeanapolis.edu.br\/revistamagistro\/wp-content\/uploads\/2016\/04\/doc\u00eancia-e-lideran\u00e7a-uma-aproxima\u00e7\u00e3o-poss\u00edvel.pdf\">Doc\u00eancia e lideran\u00e7a: uma aproxima\u00e7\u00e3o poss\u00edvel<\/a> &#8211;\u00a0Helio Almeida de Paula,\u00a0Allyne Chaveiro Farinha<\/p>\n<p>5-\u00a0<a href=\"https:\/\/catolicadeanapolis.edu.br\/revistamagistro\/wp-content\/uploads\/2016\/04\/media\u00e7\u00e3o-entre-a-formalidade-e-a-informalidade-da-linguagem-matem\u00e1tica-nos-anos-iniciais-do-ensino-fundamental1.pdf\">Media\u00e7\u00e3o entre a Formalidade e a Informalidade da Linguagem Matem\u00e1tica nos Anos iniciais do Ensino Fundamental<\/a> &#8211;\u00a0Leandro Frederico da Silva,\u00a0Marcelo Duarte Porto,\u00a0Geraldo Eust\u00e1quio Moreira.<\/p>\n<p>6-\u00a0<a href=\"https:\/\/catolicadeanapolis.edu.br\/revistamagistro\/wp-content\/uploads\/2016\/04\/o-vis\u00edvel-olho-da-escurid\u00e3o-na-sombra-de-paul-celan.pdf\">O vis\u00edvel olho da escurid\u00e3o na sombra de Paul Celan<\/a> &#8211;\u00a0Patr\u00edcia Sheyla Bagot de Almeida<\/p>\n<p>7-<a href=\"https:\/\/catolicadeanapolis.edu.br\/revistamagistro\/wp-content\/uploads\/2016\/04\/conhecendo-um-pouco-sobre-avalia\u00e7\u00e3o-da-aprendizagem-hist\u00f3ria-concep\u00e7\u00f5es-e-tradi\u00e7\u00f5es-pedag\u00f3gicas.pdf\">Conhecendo um pouco sobre avalia\u00e7\u00e3o da Aprendizagem: Hist\u00f3ria, concep\u00e7\u00f5es e tradi\u00e7\u00f5es Pedag\u00f3gicas<\/a> &#8211;\u00a0Mariane Cristine dos Santos,\u00a0Adriana Rocha Vilela Arantes.<\/p>\n<p>8-\u00a0<a href=\"https:\/\/catolicadeanapolis.edu.br\/revistamagistro\/wp-content\/uploads\/2016\/04\/proposta-de-recupera\u00e7\u00e3o-de-uma-\u00e1rea-de-preserva\u00e7\u00e3o-permanente-no-bairro-jardins-do-lago-em-an\u00e1polis-goi\u00e1s.pdf\">Proposta de recupera\u00e7\u00e3o de uma \u00e1rea de preserva\u00e7\u00e3o permanente no Bairro Jardins do Lago em An\u00e1polis \u2013 Goi\u00e1s<\/a> &#8211;\u00a0Edna Almada,\u00a0Morgana Bernardes,\u00a0Ronaldo Rodrigues,\u00a0Silvio Braz de Sousa.<\/p>\n<p>&nbsp;<\/p>\n<p><span style=\"font-size: 13.0pt; line-height: 115%; font-family: 'Times New Roman Negrito','serif'; mso-fareast-font-family: Calibri; mso-fareast-theme-font: minor-latin; mso-bidi-font-family: 'Times New Roman'; mso-bidi-theme-font: minor-bidi; color: black; mso-ansi-language: PT-BR; mso-fareast-language: EN-US; mso-bidi-language: AR-SA;\">\u00a0<\/span><\/p>\n<h1><\/h1>\n","protected":false},"excerpt":{"rendered":"<p>Apresenta\u00e7\u00e3o Sum\u00e1rio 1-\u00a0A constru\u00e7\u00e3o do car\u00e1ter em S\u00e3o Tom\u00e1s de Aquino &#8211;\u00a0Karina Donizete Martins,\u00a0Rafael Bueno da Silva,\u00a0Patrick Alves. 2-\u00a0Algumas considera\u00e7\u00f5es sobre a ideia de verdade ao longo da hist\u00f3ria do pensamento filos\u00f3fico e a filosofia cl\u00ednica &#8211;\u00a0Marcos Delson da Silveira 3-\u00a0Disputas Impressas: Conflitos na prov\u00edncia do Mato Grosso entre o primeiro Reinado e a Reg\u00eancia [&hellip;]<\/p>\n","protected":false},"author":1,"featured_media":0,"parent":0,"menu_order":18,"comment_status":"closed","ping_status":"closed","template":"","meta":[],"_links":{"self":[{"href":"https:\/\/catolicadeanapolis.edu.br\/revistamagistro\/wp-json\/wp\/v2\/pages\/547"}],"collection":[{"href":"https:\/\/catolicadeanapolis.edu.br\/revistamagistro\/wp-json\/wp\/v2\/pages"}],"about":[{"href":"https:\/\/catolicadeanapolis.edu.br\/revistamagistro\/wp-json\/wp\/v2\/types\/page"}],"author":[{"embeddable":true,"href":"https:\/\/catolicadeanapolis.edu.br\/revistamagistro\/wp-json\/wp\/v2\/users\/1"}],"replies":[{"embeddable":true,"href":"https:\/\/catolicadeanapolis.edu.br\/revistamagistro\/wp-json\/wp\/v2\/comments?post=547"}],"version-history":[{"count":51,"href":"https:\/\/catolicadeanapolis.edu.br\/revistamagistro\/wp-json\/wp\/v2\/pages\/547\/revisions"}],"predecessor-version":[{"id":640,"href":"https:\/\/catolicadeanapolis.edu.br\/revistamagistro\/wp-json\/wp\/v2\/pages\/547\/revisions\/640"}],"wp:attachment":[{"href":"https:\/\/catolicadeanapolis.edu.br\/revistamagistro\/wp-json\/wp\/v2\/media?parent=547"}],"curies":[{"name":"wp","href":"https:\/\/api.w.org\/{rel}","templated":true}]}}