{"id":57,"date":"2013-05-24T17:44:47","date_gmt":"2013-05-24T17:44:47","guid":{"rendered":"http:\/\/catolicadeanapolis.edu.br\/revmagistro\/?page_id=57"},"modified":"2013-05-27T22:13:04","modified_gmt":"2013-05-27T22:13:04","slug":"ano-v-no-10","status":"publish","type":"page","link":"https:\/\/catolicadeanapolis.edu.br\/revistamagistro\/ano-v-no-10\/","title":{"rendered":"Ano V N\u00ba.10 &#8211; An\u00e1polis"},"content":{"rendered":"<p><a href=\"https:\/\/catolicadeanapolis.edu.br\/revistamagistro\/wp-content\/uploads\/2013\/05\/APRESENTA\u00c7\u00c3O3.pdf\" target=\"_blank\">\u00a0<\/a><\/p>\n<p>1 &#8211;\u00a0<a href=\"https:\/\/catolicadeanapolis.edu.br\/revistamagistro\/wp-content\/uploads\/2013\/05\/A-DEI-VERBUM-SUA-PREPARA\u00c7\u00c3O-E-REPERCUSS\u00c3O.pdf\" target=\"_blank\">A Dei Verbum, Sua Prepara\u00e7\u00e3o e Repercuss\u00e3o<\/a>\u00a0Pe. Paulus Seeanner, ORC1<\/p>\n<p>2 &#8211;\u00a0<a href=\"https:\/\/catolicadeanapolis.edu.br\/revistamagistro\/wp-content\/uploads\/2013\/05\/A-DIGNIDADE-DA-PESSOA-E-O-BEM-COMUM-NO-CONC\u00cdLIO-VATICANO-II.pdf\" target=\"_blank\">A DIGNIDADE DA PESSOA E O BEM COMUM\u00a0NO CONC\u00cdLIO VATICANO II<\/a><br \/>\n<a href=\"https:\/\/catolicadeanapolis.edu.br\/revistamagistro\/wp-content\/uploads\/2013\/05\/A-DIGNIDADE-DA-PESSOA-E-O-BEM-COMUM-NO-CONC\u00cdLIO-VATICANO-II.pdf\" target=\"_blank\">The Dignity of the Person and the Common Good in the Vatican Council II<\/a>\u00a0Pe. Ailbe O\u201f Reilly, ORC1<\/p>\n<p>3 &#8211;\u00a0<a href=\"https:\/\/catolicadeanapolis.edu.br\/revistamagistro\/wp-content\/uploads\/2013\/05\/A-IGREJA-COMO-SACRAMENTO-DE-RECONCILIA\u00c7\u00c3O.pdf\" target=\"_blank\">A IGREJA COMO SACRAMENTO DE RECONCILIA\u00c7\u00c3O<\/a>\u00a0\u00a0Pe. Fidelis Stockl, ORC1<\/p>\n<p>4 &#8211;\u00a0<a href=\"https:\/\/catolicadeanapolis.edu.br\/revistamagistro\/wp-content\/uploads\/2013\/05\/A-NOVA-PERSPECTIVA-ECUM\u00caNICA-DO-CONC\u00cdLIO-VATICANO-II.pdf\" target=\"_blank\">A NOVA PERSPECTIVA ECUM\u00caNICA DO CONC\u00cdLIO VATICANO II<\/a>\u00a0Fran\u00e7o\u00e1 Costa*<\/p>\n<p>5 &#8211;\u00a0<a href=\"https:\/\/catolicadeanapolis.edu.br\/revistamagistro\/wp-content\/uploads\/2013\/05\/AS-TR\u00caS-DIMENS\u00d5ES-ESSENCIAIS-DA-SANT\u00cdSSIMA-EUCARISTIA.pdf\" target=\"_blank\">AS TR\u00caS DIMENS\u00d5ES ESSENCIAIS DA SANT\u00cdSSIMA EUCARISTIA<\/a>\u00a0Pe. Fidelis Stockl, ORC1<\/p>\n<p>6 &#8211;\u00a0<a href=\"https:\/\/catolicadeanapolis.edu.br\/revistamagistro\/wp-content\/uploads\/2013\/05\/O-MIST\u00c9RIO-DA-IMACULADA-CONCEI\u00c7\u00c3O-NO-PENSAMENTO-DE-JO\u00c3O-PAULO-II.pdf\" target=\"_blank\">O MIST\u00c9RIO DA IMACULADA CONCEI\u00c7\u00c3O NO PENSAMENTO DE JO\u00c3O PAULO II<\/a>\u00a0Pe. Fidelis Stockl, ORC1<\/p>\n<p>7 &#8211;\u00a0<a href=\"https:\/\/catolicadeanapolis.edu.br\/revistamagistro\/wp-content\/uploads\/2013\/05\/PALESTRAS.pdf\" target=\"_blank\">Palestras do XVI Congresso Teol\u00f3gico de An\u00e1polis &#8211; GO<\/a> \u00a0V\u00e1rios<\/p>\n<p>&nbsp;<\/p>\n","protected":false},"excerpt":{"rendered":"<p>\u00a0 1 &#8211;\u00a0A Dei Verbum, Sua Prepara\u00e7\u00e3o e Repercuss\u00e3o\u00a0Pe. Paulus Seeanner, ORC1 2 &#8211;\u00a0A DIGNIDADE DA PESSOA E O BEM COMUM\u00a0NO CONC\u00cdLIO VATICANO II The Dignity of the Person and the Common Good in the Vatican Council II\u00a0Pe. Ailbe O\u201f Reilly, ORC1 3 &#8211;\u00a0A IGREJA COMO SACRAMENTO DE RECONCILIA\u00c7\u00c3O\u00a0\u00a0Pe. Fidelis Stockl, ORC1 4 &#8211;\u00a0A NOVA [&hellip;]<\/p>\n","protected":false},"author":1,"featured_media":0,"parent":0,"menu_order":0,"comment_status":"closed","ping_status":"closed","template":"","meta":[],"_links":{"self":[{"href":"https:\/\/catolicadeanapolis.edu.br\/revistamagistro\/wp-json\/wp\/v2\/pages\/57"}],"collection":[{"href":"https:\/\/catolicadeanapolis.edu.br\/revistamagistro\/wp-json\/wp\/v2\/pages"}],"about":[{"href":"https:\/\/catolicadeanapolis.edu.br\/revistamagistro\/wp-json\/wp\/v2\/types\/page"}],"author":[{"embeddable":true,"href":"https:\/\/catolicadeanapolis.edu.br\/revistamagistro\/wp-json\/wp\/v2\/users\/1"}],"replies":[{"embeddable":true,"href":"https:\/\/catolicadeanapolis.edu.br\/revistamagistro\/wp-json\/wp\/v2\/comments?post=57"}],"version-history":[{"count":7,"href":"https:\/\/catolicadeanapolis.edu.br\/revistamagistro\/wp-json\/wp\/v2\/pages\/57\/revisions"}],"predecessor-version":[{"id":191,"href":"https:\/\/catolicadeanapolis.edu.br\/revistamagistro\/wp-json\/wp\/v2\/pages\/57\/revisions\/191"}],"wp:attachment":[{"href":"https:\/\/catolicadeanapolis.edu.br\/revistamagistro\/wp-json\/wp\/v2\/media?parent=57"}],"curies":[{"name":"wp","href":"https:\/\/api.w.org\/{rel}","templated":true}]}}