{"id":62,"date":"2013-05-24T17:48:24","date_gmt":"2013-05-24T17:48:24","guid":{"rendered":"http:\/\/catolicadeanapolis.edu.br\/revmagistro\/?page_id=62"},"modified":"2013-05-24T23:37:53","modified_gmt":"2013-05-24T23:37:53","slug":"ano-v-no-09","status":"publish","type":"page","link":"https:\/\/catolicadeanapolis.edu.br\/revistamagistro\/ano-v-no-09\/","title":{"rendered":"Ano V N\u00ba.09 &#8211; An\u00e1polis &#8211; 2012\/2"},"content":{"rendered":"<p><a href=\"https:\/\/catolicadeanapolis.edu.br\/revistamagistro\/wp-content\/uploads\/2013\/05\/APRESENTA\u00c7\u00c3O2.pdf\" target=\"_blank\">Apresenta\u00e7\u00e3o<\/a><\/p>\n<p><a href=\"https:\/\/catolicadeanapolis.edu.br\/revistamagistro\/wp-content\/uploads\/2013\/05\/CONSELHO-EDITORIAL.pdf\" target=\"_blank\">Conselho Editorial<\/a><\/p>\n<p>1 &#8211;\u00a0<a href=\"https:\/\/catolicadeanapolis.edu.br\/revistamagistro\/wp-content\/uploads\/2013\/05\/A-AG\u00daSTIA-COMO-PROPICIADORA-DE-UM-ENCONTRO-COM-O-EU-AUT\u00caNTICO-NA-\u00d3TICA-REFLEXIVA-DE-S\u00d6REN-KIERKEGAARD.pdf\" target=\"_blank\">A ANG\u00daSTIA COMO PROPICIADORA DE UM ENCONTRO COM O EU AUT\u00caNTICO NA \u00d3TICA REFLEXIVA DE SOREN AABYE KIERKEGAARD<\/a>\u00a0Danilo Chaves Pires,\u00a0Ednaldo Maximiano da Silva,\u00a0Maria In\u00e1cia Lopes<\/p>\n<p>2 &#8211;\u00a0<a href=\"https:\/\/catolicadeanapolis.edu.br\/revistamagistro\/wp-content\/uploads\/2013\/05\/A-CONSTRU\u00c7\u00c3O-E-O-PAPEL-AMBIENTAL-DE-UM-BIODIGESTOR.pdf\" target=\"_blank\">A CONSTRU\u00c7\u00c3O E O PAPEL AMBIENTAL DE UM BIODIGESTOR\u00a0ENVIRONMENTAL CONSTRUCTION AND THE ROLE OF A BIODIGESTER<\/a>\u00a0Lorena Pereira,\u00a0Winderson Rodrigues Ribeiro,\u00a0Aqu\u00edria Alvarenga Pereira,\u00a0Ricardo Elias do Vale Lima<\/p>\n<p>3 &#8211;\u00a0<a href=\"https:\/\/catolicadeanapolis.edu.br\/revistamagistro\/wp-content\/uploads\/2013\/05\/COMO-SELECIONAR-CONTE\u00daDOS-DE-ENSINO.pdf\" target=\"_blank\">COMO SELECIONAR CONTE\u00daDOS DE ENSINO<\/a>\u00a0Maria In\u00e1cia Lopes<\/p>\n<p>4 &#8211;\u00a0<a href=\"https:\/\/catolicadeanapolis.edu.br\/revistamagistro\/wp-content\/uploads\/2013\/05\/CRIMES-CRIMINALIDADE-E-CRIMINALIZADOS.pdf\" target=\"_blank\">CRIMES, CRIMINOSOS E CRIMINALIZADOS &#8211; FACES DA VIOL\u00caNCIA E DA CRIMINALIDADE<\/a><br \/>\n<a href=\"https:\/\/catolicadeanapolis.edu.br\/revistamagistro\/wp-content\/uploads\/2013\/05\/CRIMES-CRIMINALIDADE-E-CRIMINALIZADOS.pdf\" target=\"_blank\">CRIMES, CRIMINALS and criminalized &#8211; FACES OF VIOLENCE AND CRIME<\/a>\u00a0Marcos David Gon\u00e7alves<\/p>\n<p>5 &#8211;\u00a0<a href=\"https:\/\/catolicadeanapolis.edu.br\/revistamagistro\/wp-content\/uploads\/2013\/05\/DIAGNOSTICO-DOS-PROBLEMAS-DE-RESIDUOS.pdf\" target=\"_blank\">DIAGN\u00d3STICO DOS PROBLEMAS DE RES\u00cdDUOS DOM\u00c9STICOS E DE CONSTRU\u00c7\u00c3O NAS NASCENTES DO C\u00d3RREGO CATINGUEIRO NO BAIRRO S\u00c3O LOUREN\u00c7O<\/a><br \/>\n<a href=\"https:\/\/catolicadeanapolis.edu.br\/revistamagistro\/wp-content\/uploads\/2013\/05\/DIAGNOSTICO-DOS-PROBLEMAS-DE-RESIDUOS.pdf\" target=\"_blank\">DIAGNOSIS OF PROBLEMS OF HOUSEHOLD WASTE AND CONSTRUCTION IN THE STREAM SPRINGS SAN LORENZO IN THE NEIGHBORHOOD BROWN BROCKET<\/a>\u00a0Gleberth Marques da Silvax,\u00a0Thiago Freygang Zandonai,\u00a0Aqu\u00edria Alvarenga Pereira<\/p>\n<p>6 &#8211;\u00a0<a href=\"https:\/\/catolicadeanapolis.edu.br\/revistamagistro\/wp-content\/uploads\/2013\/05\/INSTRUMENTOS-DE-PAZ.pdf\" target=\"_blank\">INSTRUMENTOS DE PAZ<\/a>\u00a0Fr. Fl\u00e1vio Pereira Noleto OFM<\/p>\n<p>&nbsp;<\/p>\n","protected":false},"excerpt":{"rendered":"<p>Apresenta\u00e7\u00e3o Conselho Editorial 1 &#8211;\u00a0A ANG\u00daSTIA COMO PROPICIADORA DE UM ENCONTRO COM O EU AUT\u00caNTICO NA \u00d3TICA REFLEXIVA DE SOREN AABYE KIERKEGAARD\u00a0Danilo Chaves Pires,\u00a0Ednaldo Maximiano da Silva,\u00a0Maria In\u00e1cia Lopes 2 &#8211;\u00a0A CONSTRU\u00c7\u00c3O E O PAPEL AMBIENTAL DE UM BIODIGESTOR\u00a0ENVIRONMENTAL CONSTRUCTION AND THE ROLE OF A BIODIGESTER\u00a0Lorena Pereira,\u00a0Winderson Rodrigues Ribeiro,\u00a0Aqu\u00edria Alvarenga Pereira,\u00a0Ricardo Elias do Vale Lima [&hellip;]<\/p>\n","protected":false},"author":1,"featured_media":0,"parent":0,"menu_order":0,"comment_status":"closed","ping_status":"closed","template":"","meta":[],"_links":{"self":[{"href":"https:\/\/catolicadeanapolis.edu.br\/revistamagistro\/wp-json\/wp\/v2\/pages\/62"}],"collection":[{"href":"https:\/\/catolicadeanapolis.edu.br\/revistamagistro\/wp-json\/wp\/v2\/pages"}],"about":[{"href":"https:\/\/catolicadeanapolis.edu.br\/revistamagistro\/wp-json\/wp\/v2\/types\/page"}],"author":[{"embeddable":true,"href":"https:\/\/catolicadeanapolis.edu.br\/revistamagistro\/wp-json\/wp\/v2\/users\/1"}],"replies":[{"embeddable":true,"href":"https:\/\/catolicadeanapolis.edu.br\/revistamagistro\/wp-json\/wp\/v2\/comments?post=62"}],"version-history":[{"count":3,"href":"https:\/\/catolicadeanapolis.edu.br\/revistamagistro\/wp-json\/wp\/v2\/pages\/62\/revisions"}],"predecessor-version":[{"id":176,"href":"https:\/\/catolicadeanapolis.edu.br\/revistamagistro\/wp-json\/wp\/v2\/pages\/62\/revisions\/176"}],"wp:attachment":[{"href":"https:\/\/catolicadeanapolis.edu.br\/revistamagistro\/wp-json\/wp\/v2\/media?parent=62"}],"curies":[{"name":"wp","href":"https:\/\/api.w.org\/{rel}","templated":true}]}}