{"id":635,"date":"2016-07-01T16:48:34","date_gmt":"2016-07-01T16:48:34","guid":{"rendered":"https:\/\/catolicadeanapolis.edu.br\/revistamagistro\/?page_id=635"},"modified":"2016-07-02T01:37:31","modified_gmt":"2016-07-02T01:37:31","slug":"ano-ix-no-19-anapolis-20161","status":"publish","type":"page","link":"https:\/\/catolicadeanapolis.edu.br\/revistamagistro\/ano-ix-no-19-anapolis-20161\/","title":{"rendered":"Ano IX \u2013 N\u00ba. 19. \u2013 An\u00e1polis \u2013 2016\/1"},"content":{"rendered":"<p>&nbsp;<\/p>\n<p><a href=\"https:\/\/catolicadeanapolis.edu.br\/revistamagistro\/wp-content\/uploads\/2016\/07\/Apresenta\u00e7\u00e3o.pdf\">Apresenta\u00e7\u00e3o<\/a><\/p>\n<p><a href=\"https:\/\/catolicadeanapolis.edu.br\/revistamagistro\/wp-content\/uploads\/2016\/07\/sumario.pdf\">Sum\u00e1rio<\/a><\/p>\n<p>1-\u00a0<a href=\"https:\/\/catolicadeanapolis.edu.br\/revistamagistro\/wp-content\/uploads\/2016\/07\/miseric\u00f3rdia-na-arte-.pdf\">Miseric\u00f3rdia na Arte<\/a> &#8211;\u00a0Dom Jo\u00e3o Wilk &#8211;\u00a0Bispo Diocesano de An\u00e1polis.<\/p>\n<p>2-\u00a0<a href=\"https:\/\/catolicadeanapolis.edu.br\/revistamagistro\/wp-content\/uploads\/2016\/07\/a-miseric\u00f3rdia-na-piedade-popular-.pdf\">A Miseric\u00f3rdia na Piedade Popular<\/a> &#8211;\u00a0Dr. Frei Fl\u00e1vio Pereira Noleto.<\/p>\n<p>3-\u00a0<a href=\"https:\/\/catolicadeanapolis.edu.br\/revistamagistro\/wp-content\/uploads\/2016\/07\/celebrar-a-miseric\u00f3rdia-.pdf\">Celebrar a Miseric\u00f3rdia<\/a> &#8211;\u00a0Pe. Rog\u00e9rio Moraes.<\/p>\n<p>4-\u00a0<a href=\"https:\/\/catolicadeanapolis.edu.br\/revistamagistro\/wp-content\/uploads\/2016\/07\/a-miseric\u00f3rdia-na-sagrada-escritura.pdf\">A Miseric\u00f3rdia na Sagrada Escritura<\/a>\u00a0&#8211; Pe. Dr. Eli Gomes Ferreira.<\/p>\n<p>5-\u00a0<a href=\"https:\/\/catolicadeanapolis.edu.br\/revistamagistro\/wp-content\/uploads\/2016\/07\/misericordiosos-como-o-pai.pdf\">Misericordiosos como o Pai<\/a> &#8211;\u00a0Pe. Michael Silberer, ORC.<\/p>\n<p>6-<a href=\"https:\/\/catolicadeanapolis.edu.br\/revistamagistro\/wp-content\/uploads\/2016\/07\/santos-da-miseric\u00f3rdia-.pdf\">\u00a0Santos da Miseric\u00f3rdia<\/a> &#8211;\u00a0Pe. F\u00e1bio Aparecido Barbosa<\/p>\n<p>7-\u00a0<a href=\"https:\/\/catolicadeanapolis.edu.br\/revistamagistro\/wp-content\/uploads\/2016\/07\/maria-m\u00e3e-da-miseric\u00f3rdia-.pdf\">Maria, M\u00e3e da Miseric\u00f3rdia<\/a> &#8211;\u00a0Pe. Dr.Stockel Fid\u00e9lis<\/p>\n<p>&nbsp;<\/p>\n<p>&nbsp;<\/p>\n<p>&nbsp;<\/p>\n<p>&nbsp;<\/p>\n<p>Em constru\u00e7\u00e3o&#8230;.<\/p>\n<p>&nbsp;<\/p>\n<p>&nbsp;<\/p>\n","protected":false},"excerpt":{"rendered":"<p>&nbsp; Apresenta\u00e7\u00e3o Sum\u00e1rio 1-\u00a0Miseric\u00f3rdia na Arte &#8211;\u00a0Dom Jo\u00e3o Wilk &#8211;\u00a0Bispo Diocesano de An\u00e1polis. 2-\u00a0A Miseric\u00f3rdia na Piedade Popular &#8211;\u00a0Dr. Frei Fl\u00e1vio Pereira Noleto. 3-\u00a0Celebrar a Miseric\u00f3rdia &#8211;\u00a0Pe. Rog\u00e9rio Moraes. 4-\u00a0A Miseric\u00f3rdia na Sagrada Escritura\u00a0&#8211; Pe. Dr. Eli Gomes Ferreira. 5-\u00a0Misericordiosos como o Pai &#8211;\u00a0Pe. Michael Silberer, ORC. 6-\u00a0Santos da Miseric\u00f3rdia &#8211;\u00a0Pe. F\u00e1bio Aparecido Barbosa 7-\u00a0Maria, [&hellip;]<\/p>\n","protected":false},"author":1,"featured_media":0,"parent":0,"menu_order":19,"comment_status":"closed","ping_status":"closed","template":"","meta":[],"_links":{"self":[{"href":"https:\/\/catolicadeanapolis.edu.br\/revistamagistro\/wp-json\/wp\/v2\/pages\/635"}],"collection":[{"href":"https:\/\/catolicadeanapolis.edu.br\/revistamagistro\/wp-json\/wp\/v2\/pages"}],"about":[{"href":"https:\/\/catolicadeanapolis.edu.br\/revistamagistro\/wp-json\/wp\/v2\/types\/page"}],"author":[{"embeddable":true,"href":"https:\/\/catolicadeanapolis.edu.br\/revistamagistro\/wp-json\/wp\/v2\/users\/1"}],"replies":[{"embeddable":true,"href":"https:\/\/catolicadeanapolis.edu.br\/revistamagistro\/wp-json\/wp\/v2\/comments?post=635"}],"version-history":[{"count":38,"href":"https:\/\/catolicadeanapolis.edu.br\/revistamagistro\/wp-json\/wp\/v2\/pages\/635\/revisions"}],"predecessor-version":[{"id":699,"href":"https:\/\/catolicadeanapolis.edu.br\/revistamagistro\/wp-json\/wp\/v2\/pages\/635\/revisions\/699"}],"wp:attachment":[{"href":"https:\/\/catolicadeanapolis.edu.br\/revistamagistro\/wp-json\/wp\/v2\/media?parent=635"}],"curies":[{"name":"wp","href":"https:\/\/api.w.org\/{rel}","templated":true}]}}