{"id":738,"date":"2017-04-03T18:47:41","date_gmt":"2017-04-03T18:47:41","guid":{"rendered":"https:\/\/catolicadeanapolis.edu.br\/revistamagistro\/?page_id=738"},"modified":"2017-04-05T20:31:03","modified_gmt":"2017-04-05T20:31:03","slug":"ano-x-no-21-anapolis-20171","status":"publish","type":"page","link":"https:\/\/catolicadeanapolis.edu.br\/revistamagistro\/ano-x-no-21-anapolis-20171\/","title":{"rendered":"Ano X \u2013 N\u00ba. 21. \u2013 An\u00e1polis \u2013 2017\/1"},"content":{"rendered":"<p><a href=\"https:\/\/catolicadeanapolis.edu.br\/revistamagistro\/wp-content\/uploads\/2017\/04\/Apresenta\u00e7\u00e3o-1.pdf\">Apresenta\u00e7\u00e3o<\/a><\/p>\n<p><a href=\"https:\/\/catolicadeanapolis.edu.br\/revistamagistro\/wp-content\/uploads\/2017\/04\/sumario.pdf\">Sum\u00e1rio<\/a><\/p>\n<p>1 &#8211;\u00a0<a href=\"https:\/\/catolicadeanapolis.edu.br\/revistamagistro\/wp-content\/uploads\/2017\/04\/an\u00e1lise-da-trajet\u00f3ria-did\u00e1tica-personalizada-por-sistema-tutor-inteligente-conexionista-estudo-as-estrat\u00e9gias-docentes-para-ambientes-virtuais-de-aprendizagem.pdf\">An\u00e1lise da trajet\u00f3ria did\u00e1tica personalizada por sistema tutor inteligente conexionista: estudo as estrat\u00e9gias docentes para ambientes virtuais de aprendizagem<\/a> &#8211;\u00a0Estev\u00e3o Alves Bras\u00e3o &#8211;\u00a0Welison Borges de Lima &#8211;\u00a0Wesley Rodrigues Miranda &#8211;\u00a0Emerson Adriano Sill.<\/p>\n<p>2 &#8211;\u00a0<a href=\"https:\/\/catolicadeanapolis.edu.br\/revistamagistro\/wp-content\/uploads\/2017\/04\/a-pedagogia-escolar-e-extraescolar-possibilidades-de-novos-espa\u00e7os-de-atua\u00e7\u00e3o.pdf\">A Pedagogia escolar e extraescolar: possibilidades de novos espa\u00e7os de atua\u00e7\u00e3o<\/a> &#8211;\u00a0Allyne Chaveiro Farinha,\u00a0Adjenane Cantu\u00e1ria do Amaral Dias,\u00a0Cristiane Rodrigues Moura,\u00a0Eloisa Fernandes da Silva,\u00a0Graziela Machado de Souza,\u00a0Thaynara Vieira de Jesus.<\/p>\n<p>3 &#8211;\u00a0<a href=\"https:\/\/catolicadeanapolis.edu.br\/revistamagistro\/wp-content\/uploads\/2017\/04\/m\u00e9todos-de-prepara\u00e7\u00e3o-para-o-enade-no-curso-de-administra\u00e7\u00e3o.pdf\">M\u00e9todos de prepara\u00e7\u00e3o para o Enade no curso de administra\u00e7\u00e3o<\/a> &#8211;\u00a0Emerson Adriano Sill,\u00a0Lucas Henrique Dos Santos Vieira,\u00a0Luiz Carlos Ramos Da Silva.<\/p>\n<p>4 &#8211;\u00a0<a href=\"https:\/\/catolicadeanapolis.edu.br\/revistamagistro\/wp-content\/uploads\/2017\/04\/diversidade-sexual-o-natural-e-o-antinatural-na-perspectiva-do-discurso-fundamentado-no-respeito.pdf\">Diversidade sexual: o \u201cnatural\u201d e o \u201cantinatural\u201d na perspectiva do discurso fundamentado no respeito<\/a> &#8211;\u00a0Lane da Anuncia\u00e7\u00e3o Lessa Oliveira,\u00a0Marcos Delson da Silveira.<\/p>\n<p>5 &#8211;\u00a0<a href=\"https:\/\/catolicadeanapolis.edu.br\/revistamagistro\/wp-content\/uploads\/2017\/04\/a-teoria-vygotskyana-e-a-utiliza\u00e7\u00e3o-das-novas-tecnologias-no-ensino-aprendizagem-uma-reflex\u00e3o-sobre-o-uso-do-celular.pdf\">A teoria vygotskyana e a utiliza\u00e7\u00e3o das novas tecnologias no ensino aprendizagem: uma reflex\u00e3o sobre o uso do celular<\/a> &#8211;\u00a0Claci Clair R\u00f6pke da Silva,\u00a0Marcelo Duarte Porto,\u00a0Wilton de Ara\u00fajo Medeiros.<\/p>\n<p>6 &#8211; <a href=\"https:\/\/catolicadeanapolis.edu.br\/revistamagistro\/wp-content\/uploads\/2017\/04\/o-l\u00fadico-na-educa\u00e7\u00e3o-infantil.pdf\">O L\u00fadico na Educa\u00e7\u00e3o Infantil<\/a> &#8211;\u00a0Adriana Rocha Vilela Arantes,\u00a0J\u00e9ssica Thaynara da Silva Barbosa<\/p>\n<p>7 &#8211;\u00a0<a href=\"https:\/\/catolicadeanapolis.edu.br\/revistamagistro\/wp-content\/uploads\/2017\/04\/o-perfil-do-docente-em-arquitetura-e-urbanismo.pdf\">O perfil do docente em arquitetura e urbanismo<\/a>: As influ\u00eancias de Edgar Graeff &#8211;\u00a0Jakelline Neves Vieira Pacheco,\u00a0Allyne Chaveiro Farinha.<\/p>\n","protected":false},"excerpt":{"rendered":"<p>Apresenta\u00e7\u00e3o Sum\u00e1rio 1 &#8211;\u00a0An\u00e1lise da trajet\u00f3ria did\u00e1tica personalizada por sistema tutor inteligente conexionista: estudo as estrat\u00e9gias docentes para ambientes virtuais de aprendizagem &#8211;\u00a0Estev\u00e3o Alves Bras\u00e3o &#8211;\u00a0Welison Borges de Lima &#8211;\u00a0Wesley Rodrigues Miranda &#8211;\u00a0Emerson Adriano Sill. 2 &#8211;\u00a0A Pedagogia escolar e extraescolar: possibilidades de novos espa\u00e7os de atua\u00e7\u00e3o &#8211;\u00a0Allyne Chaveiro Farinha,\u00a0Adjenane Cantu\u00e1ria do Amaral Dias,\u00a0Cristiane Rodrigues [&hellip;]<\/p>\n","protected":false},"author":1,"featured_media":0,"parent":0,"menu_order":21,"comment_status":"closed","ping_status":"closed","template":"","meta":[],"_links":{"self":[{"href":"https:\/\/catolicadeanapolis.edu.br\/revistamagistro\/wp-json\/wp\/v2\/pages\/738"}],"collection":[{"href":"https:\/\/catolicadeanapolis.edu.br\/revistamagistro\/wp-json\/wp\/v2\/pages"}],"about":[{"href":"https:\/\/catolicadeanapolis.edu.br\/revistamagistro\/wp-json\/wp\/v2\/types\/page"}],"author":[{"embeddable":true,"href":"https:\/\/catolicadeanapolis.edu.br\/revistamagistro\/wp-json\/wp\/v2\/users\/1"}],"replies":[{"embeddable":true,"href":"https:\/\/catolicadeanapolis.edu.br\/revistamagistro\/wp-json\/wp\/v2\/comments?post=738"}],"version-history":[{"count":33,"href":"https:\/\/catolicadeanapolis.edu.br\/revistamagistro\/wp-json\/wp\/v2\/pages\/738\/revisions"}],"predecessor-version":[{"id":790,"href":"https:\/\/catolicadeanapolis.edu.br\/revistamagistro\/wp-json\/wp\/v2\/pages\/738\/revisions\/790"}],"wp:attachment":[{"href":"https:\/\/catolicadeanapolis.edu.br\/revistamagistro\/wp-json\/wp\/v2\/media?parent=738"}],"curies":[{"name":"wp","href":"https:\/\/api.w.org\/{rel}","templated":true}]}}