{"id":882,"date":"2018-04-17T00:03:52","date_gmt":"2018-04-17T00:03:52","guid":{"rendered":"https:\/\/catolicadeanapolis.edu.br\/revistamagistro\/?page_id=882"},"modified":"2018-04-25T17:29:39","modified_gmt":"2018-04-25T17:29:39","slug":"ano-xi-no-23-anapolis-20181","status":"publish","type":"page","link":"https:\/\/catolicadeanapolis.edu.br\/revistamagistro\/ano-xi-no-23-anapolis-20181\/","title":{"rendered":"Ano XI \u2013 N\u00ba. 23. \u2013 An\u00e1polis \u2013 2018\/1"},"content":{"rendered":"<p><a href=\"https:\/\/catolicadeanapolis.edu.br\/revistamagistro\/wp-content\/uploads\/2018\/04\/apresenta\u00e7\u00e3o-1.pdf\">Apresenta\u00e7\u00e3o<\/a><\/p>\n<p><a href=\"https:\/\/catolicadeanapolis.edu.br\/revistamagistro\/wp-content\/uploads\/2018\/04\/sumario.pdf\">Sum\u00e1rio<\/a><\/p>\n<p>1 &#8211;\u00a0<a href=\"https:\/\/catolicadeanapolis.edu.br\/revistamagistro\/wp-content\/uploads\/2018\/04\/a-aprendizagem-e-as-dificuldades-de-aprendizagens.pdf\">A aprendizagem e as dificuldades de aprendizagens<\/a> &#8211;\u00a0Frei Fl\u00e1vio Pereira Nol\u00eato.<\/p>\n<p>2 &#8211; <a href=\"https:\/\/catolicadeanapolis.edu.br\/revistamagistro\/wp-content\/uploads\/2018\/04\/a-certifica\u00e7\u00e3o-profissional.pdf\">A Certifica\u00e7\u00e3o Profissional<\/a> &#8211;\u00a0F\u00e1bio Aparecido Barbosa<\/p>\n<p>3 &#8211;\u00a0<a href=\"https:\/\/catolicadeanapolis.edu.br\/revistamagistro\/wp-content\/uploads\/2018\/04\/a-pessoa-humana-de-frente-ao-desafio-do-g\u00eanero.pdf\">A Pessoa Humana de Frente ao Desafio do G\u00eanero<\/a> &#8211;\u00a0Anevair Jos\u00e9 da Silva<\/p>\n<p>4 &#8211;\u00a0<a href=\"https:\/\/catolicadeanapolis.edu.br\/revistamagistro\/wp-content\/uploads\/2018\/04\/EM-BUSCA-DA-UNIDADE-ASPECTOS-DO-ECUMENISMO-E-DO-DI\u00c1LOGO-INTER-RELIGIOSO.pdf\">Em Busca da Unidade: Aspectos do Ecumenismo e do Di\u00e1logo Inter-Religioso<\/a> &#8211;\u00a0F\u00e1bio Carlos de Ara\u00fajo<\/p>\n<p>5 &#8211;\u00a0<a href=\"https:\/\/catolicadeanapolis.edu.br\/revistamagistro\/wp-content\/uploads\/2018\/04\/A-PERCEP\u00c7\u00c3O-DOS-COLABORADORES-DO-CEBRAC-\u2013-APS-SOBRE-AS-T\u00c9CNICAS-PARA-RECRUTAR-E-SELECIONAR-A-GERA\u00c7\u00c3O-Y.pdf\">A Percep\u00e7\u00e3o dos Colaboradores do Cebrac \u2013 Aps Sobre as t\u00e9cnicas para recrutar e selecionar a gera\u00e7\u00e3o Y<\/a> &#8211;\u00a0\u00a0Alana Cristina de Almeida Matias &#8211;\u00a0Jackeline Moreira Rodrigues -Elaine Abrah\u00e3o Amaral<\/p>\n<p>6 &#8211;<a href=\"https:\/\/catolicadeanapolis.edu.br\/revistamagistro\/wp-content\/uploads\/2018\/04\/O-ENDOMARKETING-COMO-FERRAMENTA-ATIVA-NA-GEST\u00c3O-DE-PESSOAS-DE-UMA-INSTITUI\u00c7\u00c3O-DE-ENSINO-SUPERIOR-DE-AN\u00c1POLIS.pdf\">\u00a0O <em>Endomarketing c<\/em>omo Ferramenta Ativa na gest\u00e3o de pessoas\u00a0de uma Institui\u00e7\u00e3o de Ensino Superior De An\u00e1polis<\/a> &#8211;\u00a0Hariane Jackeline Rodrigues Silva &#8211;\u00a0Leandro Frederico da Silva<\/p>\n<p>7 &#8211;\u00a0<a href=\"https:\/\/catolicadeanapolis.edu.br\/revistamagistro\/wp-content\/uploads\/2018\/04\/A-S\u00cdNDROME-DE-BURNOUT-NO-AMBIENTE-DE-TRABALHO-UM-REFLEXO-DO-AFASTAMENTO-DE-PROFISSIONAIS-DE-SUAS-ATIVIDADES-LABORAIS-EM-AN\u00c1POLIS.pdf\">A S\u00edndrome de <em>Burnout<\/em>\u00a0no Ambiente de Trabalho: Um Reflexo do Afastamento de Profissionais de suas Atividades Laborais em An\u00e1polis<\/a> &#8211;\u00a0Leandro Frederico da Silva &#8211;\u00a0D\u00e9bora Rodrigues Nascimento &#8211;\u00a0Laila Monique Vieira &#8211;\u00a0M\u00e1rcia de Oliveira Mariano<\/p>\n<p>8 &#8211;\u00a0<a href=\"https:\/\/catolicadeanapolis.edu.br\/revistamagistro\/wp-content\/uploads\/2018\/04\/O-MANIFESTO-DE-EUL\u00c1LIA-A-IDEOLOGIA-MARXISTA-PRESENTE-NA-OBRA-DO-SOCIOLINGUISTA-MARCOS-BAGNO.pdf\">O Manifesto De Eul\u00e1lia: A Ideologia Marxista Presente Na Obra Do Sociolinguista Marcos Bagno<\/a> &#8211;\u00a0\u00a0Carlos Alberto O. Neiva J\u00fanior &#8211;\u00a0\u00a0Aracelly Rodrigues Loures Rangel<\/p>\n<p>9 &#8211;\u00a0<a href=\"https:\/\/catolicadeanapolis.edu.br\/revistamagistro\/wp-content\/uploads\/2018\/04\/IL-POSTO-DELL\u2019UOMO-NELLA-NATURA.pdf\">IL POSTO DELL\u2019UOMO NELLA NATURA<\/a> &#8211;\u00a0Anevair Jos\u00e9 da Silva<\/p>\n<p>10 &#8211;\u00a0<a href=\"https:\/\/catolicadeanapolis.edu.br\/revistamagistro\/wp-content\/uploads\/2018\/04\/POL\u00cdTICAS-P\u00daBLICAS-CONCEP\u00c7\u00d5ES-E-PROP\u00d3SITOS.pdf\">Pol\u00edticas P\u00fablicas: Concep\u00e7\u00f5es E Prop\u00f3sitos<\/a> &#8211;\u00a0Adriana Rocha Vilela Arantes<\/p>\n","protected":false},"excerpt":{"rendered":"<p>Apresenta\u00e7\u00e3o Sum\u00e1rio 1 &#8211;\u00a0A aprendizagem e as dificuldades de aprendizagens &#8211;\u00a0Frei Fl\u00e1vio Pereira Nol\u00eato. 2 &#8211; A Certifica\u00e7\u00e3o Profissional &#8211;\u00a0F\u00e1bio Aparecido Barbosa 3 &#8211;\u00a0A Pessoa Humana de Frente ao Desafio do G\u00eanero &#8211;\u00a0Anevair Jos\u00e9 da Silva 4 &#8211;\u00a0Em Busca da Unidade: Aspectos do Ecumenismo e do Di\u00e1logo Inter-Religioso &#8211;\u00a0F\u00e1bio Carlos de Ara\u00fajo 5 &#8211;\u00a0A Percep\u00e7\u00e3o [&hellip;]<\/p>\n","protected":false},"author":1,"featured_media":0,"parent":0,"menu_order":23,"comment_status":"closed","ping_status":"closed","template":"","meta":[],"_links":{"self":[{"href":"https:\/\/catolicadeanapolis.edu.br\/revistamagistro\/wp-json\/wp\/v2\/pages\/882"}],"collection":[{"href":"https:\/\/catolicadeanapolis.edu.br\/revistamagistro\/wp-json\/wp\/v2\/pages"}],"about":[{"href":"https:\/\/catolicadeanapolis.edu.br\/revistamagistro\/wp-json\/wp\/v2\/types\/page"}],"author":[{"embeddable":true,"href":"https:\/\/catolicadeanapolis.edu.br\/revistamagistro\/wp-json\/wp\/v2\/users\/1"}],"replies":[{"embeddable":true,"href":"https:\/\/catolicadeanapolis.edu.br\/revistamagistro\/wp-json\/wp\/v2\/comments?post=882"}],"version-history":[{"count":40,"href":"https:\/\/catolicadeanapolis.edu.br\/revistamagistro\/wp-json\/wp\/v2\/pages\/882\/revisions"}],"predecessor-version":[{"id":943,"href":"https:\/\/catolicadeanapolis.edu.br\/revistamagistro\/wp-json\/wp\/v2\/pages\/882\/revisions\/943"}],"wp:attachment":[{"href":"https:\/\/catolicadeanapolis.edu.br\/revistamagistro\/wp-json\/wp\/v2\/media?parent=882"}],"curies":[{"name":"wp","href":"https:\/\/api.w.org\/{rel}","templated":true}]}}